{"id":2,"date":"2016-08-13T15:17:43","date_gmt":"2016-08-13T19:17:43","guid":{"rendered":"https:\/\/www.municipios.gov.py\/ypane\/?page_id=2"},"modified":"2023-06-21T11:12:42","modified_gmt":"2023-06-21T15:12:42","slug":"pagina-ejemplo","status":"publish","type":"page","link":"https:\/\/www.municipios.gov.py\/ypane\/","title":{"rendered":"Informaci\u00f3n"},"content":{"rendered":"<p>En los primeros a\u00f1os fue un pueblo eminentemente agr\u00edcola. Pero con el paso del tiempo los habitantes se dedicaron tambi\u00e9n a otras actividades como la caza, la pesca y la plantaci\u00f3n de tomate, mandarina, zapallo, sand\u00eda etc . Es conocida actualmente como \u201cLa ciudad Jard\u00edn\u201d.<\/p>\n<p>Fue una reducci\u00f3n franciscana instaurada hacia 1538. Fue fundada el 23 de marzo del mismo a\u00f1o por el Gobernador espa\u00f1ol Domingo Mart\u00ednez de Irala. Tuvo una segunda fundaci\u00f3n el 6 de mayo de 1862, cuando los franciscanos retornaron al Paraguay.<\/p>\n<p>En el transcurso de la Guerra de la Triple Alianza (entre los pa\u00edses de Brasil, Argentina y Uruguay contra el Paraguay), fue librada el 6 de diciembre de 1868 la batalla de Ytoror\u00f3 en el actual territorio de Ypan\u00e9. Hoy d\u00eda, en el lugar se encuentra un monumento erigido en homenaje a los h\u00e9roes paraguayos. Tambi\u00e9n donde se disput\u00f3 la batalla de Abay (agua del aborigen) est\u00e1 instalado un busto del Mariscal paraguayo Francisco Solano L\u00f3pez.<\/p>\n<p>En el a\u00f1o 1911 el pueblo de Ypan\u00e9, fue trasladado del territorio de la Villa Real al paraje donde hoy se halla.<\/p>\n<p>Los colores de la bandera de la ciudad son el verde, que simboliza la esperanza; y el amarillo, que representa \u00abel alumbrar del sol hacia un nuevo amanecer\u00bb.<\/p>\n<p>Monumento a los h\u00e9roes de la Batalla de Ytoror\u00f4<\/p>\n<p>El Monumento a los h\u00e9roes de la Batalla de Ytoror\u00f4 es uno de los m\u00e1s hermosos del Paraguay, en cuanto a dise\u00f1o y arquitectura. Fue construido e inaugurado en 1904, tiene casi 20 metros de altura. Los proyectistas Manuel Sebated y Abelardo Cano se encargaron del dise\u00f1o, compuesto de cuatro gruesos pilares y una escultura en la cima, que representa a la Madre Patria, fielmente custodiada por el Gallardo Le\u00f3n.<\/p>\n<p>A ambos costados flamean el Pabell\u00f3n Nacional y la Bandera de Ypan\u00e9, adem\u00e1s est\u00e1n erigidos dos bustos en honor a Bernardino Caballero y a Valois Rivarola, dos de los m\u00e1ximos h\u00e9roes de la Batalla de Ytoror\u00f4 as\u00ed como de la Guerra contra la Triple Alianza.<\/p>\n<p>Fue un 6 de diciembre de 1868 en donde pelearon m\u00e1s de 4000 paraguayos contra 12000 aliados en lo que se conoci\u00f3 como \u00abLas Term\u00f3pilas Paraguayas\u00bb, por la f\u00e9rrea defensa que lograron los connacionales soportando los ataques ante un n\u00famero tres veces superior. El puente sobre el Arroyo Ytoror\u00f5 fue tomado y retomado tres veces, donde los paraguayos al mando de Bernardino Caballero defendieron por m\u00e1s de cuatro horas los continuos embates enemigos y los rechazaron una y otra vez, hasta que con el aviso de la proximidad de otro batall\u00f3n aliado, optaron por la retirada.<\/p>\n","protected":false},"excerpt":{"rendered":"<p>En los primeros a\u00f1os fue un pueblo eminentemente agr\u00edcola. Pero con el paso del tiempo los habitantes se dedicaron tambi\u00e9n a otras actividades como la caza, la pesca y la plantaci\u00f3n de tomate, mandarina, zapallo, sand\u00eda etc . Es conocida actualmente como \u201cLa ciudad Jard\u00edn\u201d. Fue una reducci\u00f3n franciscana instaurada hacia 1538. Fue fundada &#8230; <a title=\"Informaci\u00f3n\" class=\"read-more\" href=\"https:\/\/www.municipios.gov.py\/ypane\/\" aria-label=\"Leer m\u00e1s sobre Informaci\u00f3n\">Leer M\u00e1s&#8230;<\/a><\/p>\n","protected":false},"author":4,"featured_media":0,"parent":0,"menu_order":0,"comment_status":"closed","ping_status":"closed","template":"","meta":{"jetpack_post_was_ever_published":false,"footnotes":""},"class_list":["post-2","page","type-page","status-publish"],"jetpack_sharing_enabled":true,"jetpack_shortlink":"https:\/\/wp.me\/P7H3N6-2","_links":{"self":[{"href":"https:\/\/www.municipios.gov.py\/ypane\/wp-json\/wp\/v2\/pages\/2","targetHints":{"allow":["GET"]}}],"collection":[{"href":"https:\/\/www.municipios.gov.py\/ypane\/wp-json\/wp\/v2\/pages"}],"about":[{"href":"https:\/\/www.municipios.gov.py\/ypane\/wp-json\/wp\/v2\/types\/page"}],"author":[{"embeddable":true,"href":"https:\/\/www.municipios.gov.py\/ypane\/wp-json\/wp\/v2\/users\/4"}],"replies":[{"embeddable":true,"href":"https:\/\/www.municipios.gov.py\/ypane\/wp-json\/wp\/v2\/comments?post=2"}],"version-history":[{"count":47,"href":"https:\/\/www.municipios.gov.py\/ypane\/wp-json\/wp\/v2\/pages\/2\/revisions"}],"predecessor-version":[{"id":550,"href":"https:\/\/www.municipios.gov.py\/ypane\/wp-json\/wp\/v2\/pages\/2\/revisions\/550"}],"wp:attachment":[{"href":"https:\/\/www.municipios.gov.py\/ypane\/wp-json\/wp\/v2\/media?parent=2"}],"curies":[{"name":"wp","href":"https:\/\/api.w.org\/{rel}","templated":true}]}}