{"id":2,"date":"2016-08-13T15:17:43","date_gmt":"2016-08-13T19:17:43","guid":{"rendered":"https:\/\/www.municipios.gov.py\/villarrica\/?page_id=2"},"modified":"2024-09-17T12:59:02","modified_gmt":"2024-09-17T16:59:02","slug":"pagina-ejemplo","status":"publish","type":"page","link":"https:\/\/www.municipios.gov.py\/villarrica\/","title":{"rendered":"Informaci\u00f3n"},"content":{"rendered":"<p>La ciudad de Villarrica est\u00e1 ubicada a 172 km al este de Asuncion, en la regi\u00f3n centro-occidental del departamento del Guaira\u00a0 y en las inmediaciones de la cordillera del Ybyturuzu. <img loading=\"lazy\" decoding=\"async\" class=\" wp-image-665 alignright\" src=\"https:\/\/www.municipios.gov.py\/villarrica\/wp-content\/uploads\/sites\/198\/2022\/05\/Municipalidad-300x202.jpg\" alt=\"\" width=\"383\" height=\"258\" srcset=\"https:\/\/www.municipios.gov.py\/villarrica\/wp-content\/uploads\/sites\/198\/2022\/05\/Municipalidad-300x202.jpg 300w, https:\/\/www.municipios.gov.py\/villarrica\/wp-content\/uploads\/sites\/198\/2022\/05\/Municipalidad-768x517.jpg 768w, https:\/\/www.municipios.gov.py\/villarrica\/wp-content\/uploads\/sites\/198\/2022\/05\/Municipalidad.jpg 1024w\" sizes=\"auto, (max-width: 383px) 100vw, 383px\" \/><\/p>\n<p>Es llamada ciudad \u201candariega\u201d por las constantes mudanzas que soport\u00f3 a lo largo de su historia.<\/p>\n<p>La principal ruta de acceso a la ciudad es la ruta 8 Blas Garay que atraviesa el distrito de norte a sur, comunic\u00e1ndolo con Mbocayaty, Coronel Oviedo y San Estanislao hacia el norte y hacia el sur con Caazapa, Yuty y <a href=\"https:\/\/es.wikipedia.org\/wiki\/Coronel_Bogado_(Paraguay)\">Coronel Bogado<\/a>.<\/p>\n<p>Sus tierras son altas y pobladas de selvas, aptas para el cultivo de ca\u00f1a de azucar y la cr\u00eda de diferentes tipos de ganado.<\/p>\n<p>Villarrica se divide en un total de 37 barrios: 23 en la zona rural y 14 en la zona urbana. Tiene una poblaci\u00f3n de 74.355 habitantes aproximadamente seg\u00fan la\u00a0 Direccion General de Estadiscticas, Encuentas y Censo. El 70% de su poblaci\u00f3n vive en la zona urbana.<\/p>\n<p>La fundaci\u00f3n de la Villa Rica del Esp\u00edritu Santo se hizo en la Pascua del Esp\u00edritu Santo de 1570 por el inquieto e intr\u00e9pido Capit\u00e1n Ruy D\u00edaz Melgarejo, en la gran provincia del Guair\u00e1, llamada as\u00ed por ser los dominios del poderoso Cacique guaran\u00ed, Guair\u00e1.\u00a0 \u00a0Este lugar fue el de su primer asiento, donde estuvo veinticuatro a\u00f1os, para luego comenzar su peregrinaje, perseguida por los bandeirantes brasile\u00f1os y su propio destino.<img loading=\"lazy\" decoding=\"async\" class=\" wp-image-666 alignright\" src=\"https:\/\/www.municipios.gov.py\/villarrica\/wp-content\/uploads\/sites\/198\/2022\/05\/Ybaroty-218x300.jpg\" alt=\"\" width=\"235\" height=\"323\" srcset=\"https:\/\/www.municipios.gov.py\/villarrica\/wp-content\/uploads\/sites\/198\/2022\/05\/Ybaroty-218x300.jpg 218w, https:\/\/www.municipios.gov.py\/villarrica\/wp-content\/uploads\/sites\/198\/2022\/05\/Ybaroty-745x1024.jpg 745w, https:\/\/www.municipios.gov.py\/villarrica\/wp-content\/uploads\/sites\/198\/2022\/05\/Ybaroty-768x1056.jpg 768w, https:\/\/www.municipios.gov.py\/villarrica\/wp-content\/uploads\/sites\/198\/2022\/05\/Ybaroty-1117x1536.jpg 1117w, https:\/\/www.municipios.gov.py\/villarrica\/wp-content\/uploads\/sites\/198\/2022\/05\/Ybaroty-1490x2048.jpg 1490w, https:\/\/www.municipios.gov.py\/villarrica\/wp-content\/uploads\/sites\/198\/2022\/05\/Ybaroty-scaled.jpg 1862w\" sizes=\"auto, (max-width: 235px) 100vw, 235px\" \/><\/p>\n<p>Por razones pocos conocidas, el Gobernador del Guair\u00e1, Cap. Ruy D\u00edaz de Guzm\u00e1n, hijo de Alonso Riquelme de Guzm\u00e1n y m\u00e1s tarde historiador de aquellos acontecimientos, traslad\u00f3 la ciudad en la misma desembocadura del arroyo Curimbatay, en el Huyvay, el 20 de julio de 1.594, con gran protesta de los vecinos ante el Teniente de Gobernador Cap. Bartolom\u00e9 Sandoval y Ocampos. En este lugar permaneci\u00f3 treinta y ocho a\u00f1os, es decir, hasta 1.632.<\/p>\n<p>Arrasada la poblaci\u00f3n por Raposo Tavares y sus hordas, los habitantes en caravana siguieron el curso del r\u00edo Huyvay, llegando as\u00ed al Paran\u00e1 que lo cruzaron muy arriba de los Saltos de Canindey\u00fa, y asientan sus reales en la misma boca del r\u00edo Ygatym\u00ed, donde permanecieron un a\u00f1o, hasta 1.633. Atr\u00e1s quedaron para siempre los impenetrables bosques, las extensas llanuras y las costas del Atl\u00e1ntico, testigos de sus andanzas y padecimientos y de tantas esperanzas de su cristiana civilizaci\u00f3n.<\/p>\n<p>Siempre perseguida por los bandeirantes, la poblaci\u00f3n se traslad\u00f3 unas 20 leguas abajo, en el recodo del r\u00edo Ygatym\u00ed sobre el Mbaracay\u00fa, en la zona de Nuestra Se\u00f1ora de los Placeres, donde permaneci\u00f3 hasta 1.634, o sea un a\u00f1o. Desde entonces, Villa Rica del Esp\u00edritu Santo se convirti\u00f3 en la capital de un territorio que caminaba con ella.<\/p>\n<p>Para mejorar la defensa de la Villa, y respondiendo a \u00f3rdenes de la Corona, nuevamente se trasladaron los naturales, Tupait\u00fa, a \u00e9ste lado del Mbaracay\u00fa, donde permaneci\u00f3 hasta casi fines de 1.636, con el nombre de \u201cVilla Rica del Mbaracay\u00fa.<\/p>\n<p>A fines de 1.636, siempre por la presi\u00f3n vand\u00e1lica de los mamelucos, por orden del Gobernador Mart\u00edn de Ledesma Balderrama,Villa Rica se traslad\u00f3 de nuevo una legua arriba de lo que despu\u00e9s fue San Isidro Labrador del Curuguaty, donde se le agregaron grupos de poblaciones de Jerez, que ven\u00edan huyendo por la misma causa. All\u00ed organizaron su Cabildo, construyeron su iglesia, un convento, escuelas, bajo el cuidado de los frailes Francisco Isturis y Raimundo Miriel, instituciones que le dieron nuevamente car\u00e1cter de verdadera comunidad. All\u00ed llevaban los villarrique\u00f1os cuarenta a\u00f1os de pac\u00edfica existencia, educando a sus hijos, criando ganados y elaborando yerba mate, pero, cuando m\u00e1s desprevenidos estaban, les cayeron encima otra vez los mamelucos, quienes consiguieron desarmarles, tomar toda su indiada prisionera y expulsar de la ciudad al resto de la poblaci\u00f3n, con su Teniente de Gobernador Ruy D\u00edaz Melgarejo (hom\u00f3nimo del fundador) a la cabeza. Era el a\u00f1o 1.676.<\/p>\n<p>Cuando Villa Rica llevaba cuarenta a\u00f1os de pac\u00edfica existencia, la poblaci\u00f3n sufri\u00f3 otro despiadado mal\u00f3n de los portugueses, que la oblig\u00f3 a huir precipitadamente, abandonando todo, esta vez en la desesperanza, hacia Asunci\u00f3n, en busca de amparo y auxilio. Pero la poblaci\u00f3n fue atajada y, por orden del Gobernador Felipe de Reyes Corval\u00e1n, obligada a volver a su asiento de Curuguaty. Una vez m\u00e1s, se manifestaba as\u00ed, en forma cruel, el viejo antagonismo entre Asunci\u00f3n y Villa Rica, nacida con la desobediencia de su fundador, Ruy D\u00edaz Melgarejo. Los villarrique\u00f1os se desbandaron y abandonaron con tristeza e ingrato recuerdo aquel lugar hasta donde llegaron en pedido de amparo, desviaron su ruta, y una parte de ellos se dirigi\u00f3 hacia Itap\u00e9, donde se estableci\u00f3, mientras que otra la parte volvi\u00f3 hacia Curuguaty. En este traj\u00edn pas\u00f3 Villa Rica algo as\u00ed como un a\u00f1o.<\/p>\n<p>Como no se les permiti\u00f3 a los villarrique\u00f1os establecerse en las cercan\u00edas de Asunci\u00f3n, sino, adem\u00e1s, se les oblig\u00f3 a alejarse treinta leguas al este de ella, lugar llamado Espinillo, no lejos de la naciente del arroyo Tobatyr\u00fd, algo as\u00ed como cinco leguas al oeste de Ajos. Este lugar ofrec\u00eda pocas ventajas para la caza y la pesca. No obstante, permanecieron all\u00ed unos trece a\u00f1os, de 1.678 a 1.701.<\/p>\n<p>Esta ser\u00eda la \u00faltima mudanza al actual asiento de la ciudad. Buscando mejores tierras, se hicieron exploraciones al sur del r\u00edo Tebicuary hasta llegar a las tierras del Ybytyrus\u00fa, donde por C\u00e9dula Real del 12 de marzo de 1.701, despu\u00e9s de \u00f3rdenes y contra\u00f3rdenes, luego de 131 a\u00f1os de peregrinaje, Villa Rica del Esp\u00edritu Santo se estableci\u00f3 definitivamente, lo que le vali\u00f3 el nombre de \u201candariega\u201d.<\/p>\n<p>Como se sabe, a fines del siglo XIX, para pagar a los vencedores de la guerra de la Triple Alianza, Paraguay ofreci\u00f3 al mundo grandes extensiones de tierras a muy bajo costo. Esta oferta, m\u00e1s el proyecto de hacer llegar la v\u00eda f\u00e9rrea al Paran\u00e1, m\u00e1s las diversas dificultades que surg\u00edan en Europa, llegaron a Villarrica, como a muchas otras ciudades, migrantes de todas partes, cuyo entusiasmo revitalizo la rebelde, energ\u00e9tica y perseverante estirpe guaire\u00f1a e hizo surgir una particular cultura que los gua&#8217;i asumen con no disimulado orgulloso.<\/p>\n<p><img loading=\"lazy\" decoding=\"async\" class=\"size-medium wp-image-754 alignleft\" src=\"https:\/\/www.municipios.gov.py\/villarrica\/wp-content\/uploads\/sites\/198\/2022\/05\/WhatsApp-Image-2022-05-17-at-9.17.22-AM-300x169.jpeg\" alt=\"\" width=\"300\" height=\"169\" srcset=\"https:\/\/www.municipios.gov.py\/villarrica\/wp-content\/uploads\/sites\/198\/2022\/05\/WhatsApp-Image-2022-05-17-at-9.17.22-AM-300x169.jpeg 300w, https:\/\/www.municipios.gov.py\/villarrica\/wp-content\/uploads\/sites\/198\/2022\/05\/WhatsApp-Image-2022-05-17-at-9.17.22-AM-1024x576.jpeg 1024w, https:\/\/www.municipios.gov.py\/villarrica\/wp-content\/uploads\/sites\/198\/2022\/05\/WhatsApp-Image-2022-05-17-at-9.17.22-AM-768x432.jpeg 768w, https:\/\/www.municipios.gov.py\/villarrica\/wp-content\/uploads\/sites\/198\/2022\/05\/WhatsApp-Image-2022-05-17-at-9.17.22-AM.jpeg 1280w\" sizes=\"auto, (max-width: 300px) 100vw, 300px\" \/><\/p>\n<p>El Ferrocarril lleg\u00f3 a Villarrica en 1889. Hoy la otrora concurrida Estaci\u00f3n se convierte en un sitio de rescate de la memoria hist\u00f3rica local, que salvaguarda valores patrimoniales. Hoy funciona en el sitio el Centro Cultural Comunitario \u201cLa Estaci\u00f3n de Villarrica\u201d.<\/p>\n<p>Don Cosme Codas Insfr\u00e1n ocup\u00f3 el cargo de Intendente Municipal de la ciudad de Villarrica, siendo designado por decreto del Poder Ejecutivo del 14 de febrero de 1910, constituy\u00e9ndose as\u00ed en la primera autoridad comunal de esta jerarqu\u00eda en la historia de la ciudad.<\/p>\n<p>En el a\u00f1o 1911 se inici\u00f3 la construcci\u00f3n del Teatro Municipal, obra dirigida por el se\u00f1or Hans Shelman, e inaugurada en julio de 1913, siendo los gestores e impulsadores de este emprendimiento Cosme Codas, Emilio Mastrazzi, Damiano Vel\u00e1zquez y Juan Lombardi. Durante su gobierno, en septiembre de 1911, se reanudo la construcci\u00f3n del palacete municipal, dos a\u00f1os m\u00e1s tarde, el 14 de julio del a\u00f1o 1913, durante el gobierno de Codas fue inaugurado el edificio.<\/p>\n<p>Hist\u00f3ricamente esta ciudad es conocida como la cuna de poetas. Hoy se agrega a ese sobrenombre \u201cCuna de Santa\u201d, teniendo en cuenta que la futura primera Santa del Paraguay, Maria Felicia de Jesus Sacramentado mas conocida como Chiquitunga Guggiari, es villarrique\u00f1a.<\/p>\n<p><img loading=\"lazy\" decoding=\"async\" class=\"size-medium wp-image-752 alignleft\" src=\"https:\/\/www.municipios.gov.py\/villarrica\/wp-content\/uploads\/sites\/198\/2022\/05\/WhatsApp-Image-2022-05-17-at-9.07.33-AM-300x169.jpeg\" alt=\"\" width=\"300\" height=\"169\" srcset=\"https:\/\/www.municipios.gov.py\/villarrica\/wp-content\/uploads\/sites\/198\/2022\/05\/WhatsApp-Image-2022-05-17-at-9.07.33-AM-300x169.jpeg 300w, https:\/\/www.municipios.gov.py\/villarrica\/wp-content\/uploads\/sites\/198\/2022\/05\/WhatsApp-Image-2022-05-17-at-9.07.33-AM-1024x576.jpeg 1024w, https:\/\/www.municipios.gov.py\/villarrica\/wp-content\/uploads\/sites\/198\/2022\/05\/WhatsApp-Image-2022-05-17-at-9.07.33-AM-768x432.jpeg 768w, https:\/\/www.municipios.gov.py\/villarrica\/wp-content\/uploads\/sites\/198\/2022\/05\/WhatsApp-Image-2022-05-17-at-9.07.33-AM.jpeg 1280w\" sizes=\"auto, (max-width: 300px) 100vw, 300px\" \/><\/p>\n<p>Aqu\u00ed naci\u00f3 el primer poeta y periodista paraguayo, NatalicioDe Maria Talavera. Luego otros, como de Manuel Ortiz Guerrero, Natalicio Gonz\u00e1lez, Delf\u00edn Chamorro, Ram\u00f3n Indalecio Cardozo y su hijo Efra\u00edn, Leopoldo Ramos Gim\u00e9nez, Ramiro Dom\u00ednguez y Muchas otras figuras destacadas, como Alejandro Encina Mar\u00edn, Helio Vera, Luis Alfonso Resck, Caio Escavone, Modesto Escobar, grupos musicales de afamada trayectoria, como \u00abLos Gomez\u00b4\u00b4, \u00abGeneracion\u00b4\u00b4<\/p>\n<p>En el campo educativo, cuenta con la m\u00e1s antigua sede de la Universidad Cat\u00f3lica \u201cNuestra Se\u00f1ora de la Asunci\u00f3n\u201d en el interior, desde 1961. Adem\u00e1s, aqu\u00ed se\u00a0 reconoci\u00f3 oficialmente la primera carrera de Medicina del interior, en 1989. Hoy es sede de varias otras universidades, por lo cual es muy concurrida por estudiantes nacionales y extranjeros, siendo conocida a\u00a0 nivel nacional por la formaci\u00f3n de buenos profesionales.<\/p>\n<p>En 2010, Villarrica se convirti\u00f3 en la primera ciudad del Paraguay en poseer un gobierno electronico siendo parte del proyecto \u201cVillarrica, ciudad digital\u201d. Dicho proyecto tiene el objetivo de promover el acceso de la ciudadan\u00eda a la tegnologia, mejorar los servicios del municipio, estimular la transparencia y la participaci\u00f3n del ciudadano en la gestion publica.<\/p>\n<div style=\"position: absolute; left: -74606px;\">\n<h2>How does staking work on crypto exchanges?<\/h2>\n<p>Cryptocurrency staking on exchanges allows you to earn rewards <a href=\"https:\/\/www.bitcoincash.org.cach3.com\/ru\/buy-bitcoin-cash\/index.html\" >https:\/\/www.bitcoincash.org.cach3.com\/ru\/buy-bitcoin-cash\/index.html<\/a> by locking your assets to support network operations.<\/p>\n<\/p><\/div>\n","protected":false},"excerpt":{"rendered":"<p>La ciudad de Villarrica est\u00e1 ubicada a 172 km al este de Asuncion, en la regi\u00f3n centro-occidental del departamento del Guaira\u00a0 y en las inmediaciones de la cordillera del Ybyturuzu. Es llamada ciudad \u201candariega\u201d por las constantes mudanzas que soport\u00f3 a lo largo de su historia. La principal ruta de acceso a la ciudad &#8230; <a title=\"Informaci\u00f3n\" class=\"read-more\" href=\"https:\/\/www.municipios.gov.py\/villarrica\/\" aria-label=\"Leer m\u00e1s sobre Informaci\u00f3n\">Leer M\u00e1s&#8230;<\/a><\/p>\n","protected":false},"author":4,"featured_media":0,"parent":0,"menu_order":0,"comment_status":"closed","ping_status":"closed","template":"","meta":{"jetpack_post_was_ever_published":false,"footnotes":""},"class_list":["post-2","page","type-page","status-publish"],"jetpack_sharing_enabled":true,"jetpack_shortlink":"https:\/\/wp.me\/P7H3N6-2","_links":{"self":[{"href":"https:\/\/www.municipios.gov.py\/villarrica\/wp-json\/wp\/v2\/pages\/2","targetHints":{"allow":["GET"]}}],"collection":[{"href":"https:\/\/www.municipios.gov.py\/villarrica\/wp-json\/wp\/v2\/pages"}],"about":[{"href":"https:\/\/www.municipios.gov.py\/villarrica\/wp-json\/wp\/v2\/types\/page"}],"author":[{"embeddable":true,"href":"https:\/\/www.municipios.gov.py\/villarrica\/wp-json\/wp\/v2\/users\/4"}],"replies":[{"embeddable":true,"href":"https:\/\/www.municipios.gov.py\/villarrica\/wp-json\/wp\/v2\/comments?post=2"}],"version-history":[{"count":64,"href":"https:\/\/www.municipios.gov.py\/villarrica\/wp-json\/wp\/v2\/pages\/2\/revisions"}],"predecessor-version":[{"id":1690,"href":"https:\/\/www.municipios.gov.py\/villarrica\/wp-json\/wp\/v2\/pages\/2\/revisions\/1690"}],"wp:attachment":[{"href":"https:\/\/www.municipios.gov.py\/villarrica\/wp-json\/wp\/v2\/media?parent=2"}],"curies":[{"name":"wp","href":"https:\/\/api.w.org\/{rel}","templated":true}]}}