{"id":133,"date":"2016-07-04T15:18:25","date_gmt":"2016-07-04T15:18:25","guid":{"rendered":"https:\/\/www.municipios.gov.py\/villarrica\/?page_id=133"},"modified":"2025-03-27T09:35:43","modified_gmt":"2025-03-27T12:35:43","slug":"fonacide","status":"publish","type":"page","link":"https:\/\/www.municipios.gov.py\/villarrica\/fonacide\/","title":{"rendered":"Fonacide Y Royalties"},"content":{"rendered":"<p><img loading=\"lazy\" decoding=\"async\" class=\"wp-image-658 alignright\" src=\"https:\/\/www.municipios.gov.py\/villarrica\/wp-content\/uploads\/sites\/198\/2022\/05\/FONACIDE-300x300.jpg\" alt=\"\" width=\"379\" height=\"379\" srcset=\"https:\/\/www.municipios.gov.py\/villarrica\/wp-content\/uploads\/sites\/198\/2022\/05\/FONACIDE-300x300.jpg 300w, https:\/\/www.municipios.gov.py\/villarrica\/wp-content\/uploads\/sites\/198\/2022\/05\/FONACIDE-1024x1024.jpg 1024w, https:\/\/www.municipios.gov.py\/villarrica\/wp-content\/uploads\/sites\/198\/2022\/05\/FONACIDE-150x150.jpg 150w, https:\/\/www.municipios.gov.py\/villarrica\/wp-content\/uploads\/sites\/198\/2022\/05\/FONACIDE-768x768.jpg 768w, https:\/\/www.municipios.gov.py\/villarrica\/wp-content\/uploads\/sites\/198\/2022\/05\/FONACIDE.jpg 1200w\" sizes=\"auto, (max-width: 379px) 100vw, 379px\" \/>FONACIDE es un fondo de desarrollo creado por la Ley Nro. 4758\/2012 para asignar en forma racional y eficiente los ingresos que el pa\u00eds recibe en concepto de compensaci\u00f3n\u00a0por la cesi\u00f3n de la energ\u00eda de la Entidad Binacional Itaipu al Brasil<\/p>\n<p>Refleja las prioridades de la pol\u00edtica de desarrollo de largo plazo, como son la educaci\u00f3n y la investigaci\u00f3n cient\u00edfica, la inversi\u00f3n en infraestructura, la salud y el cr\u00e9dito. Se asegura que los recursos sean destinados \u00fanica y exclusivamente a inversiones en capital f\u00edsico y capital humano.<\/p>\n<p>&nbsp;<\/p>\n<p>&nbsp;<\/p>\n<p>&nbsp;<\/p>\n<h3>Presentacion de la rendicion de cuentas del primer cuatrimestre del 2022.<\/h3>\n<p>Link de pagina de contraloria:\u00a0 <span style=\"color: #0000ff;\"><a style=\"color: #0000ff;\" href=\"https:\/\/www.contraloria.gov.py\/index.php\/categorias-de-archivos\/category\/3910-royalties\">https:\/\/www.contraloria.gov.py\/index.php\/categorias-de-archivos\/category\/3910-royalties<\/a><\/span><\/p>\n<p><span style=\"color: #0000ff;\"><a style=\"color: #0000ff;\" href=\"https:\/\/www.municipios.gov.py\/villarrica\/wp-content\/uploads\/sites\/198\/2022\/05\/Rendicion-de-cuentas-Fonacide.pdf\"><span style=\"color: #0000ff;\">Rendicion de cuentas<\/span> Fonacide<\/a>.<\/span><\/p>\n<p><span style=\"color: #0000ff;\"><a style=\"color: #0000ff;\" href=\"https:\/\/www.municipios.gov.py\/villarrica\/wp-content\/uploads\/sites\/198\/2022\/06\/Ejecucion-FONACIDE.pdf\">Ejecucion FONACIDE<\/a> <\/span><\/p>\n<p><span style=\"color: #0000ff;\"><a style=\"color: #0000ff;\" href=\"https:\/\/www.municipios.gov.py\/villarrica\/wp-content\/uploads\/sites\/198\/2022\/06\/Anexo-B-01-08.pdf\">Anexo B 01 08<\/a><\/span><\/p>\n<p><span style=\"color: #0000ff;\"><a style=\"color: #0000ff;\" href=\"https:\/\/www.municipios.gov.py\/villarrica\/wp-content\/uploads\/sites\/198\/2022\/06\/Planilla-de-Rendicion-1er-Cuat-2022-03-06-22.pdf\">Planilla de Rendicion 1er Cuat-2022 03-06-22<\/a><\/span><\/p>\n<p>&nbsp;<\/p>\n<h3>Presentacion de la rendi<span style=\"color: #000000;\">cion de cuentas del segundo cuatrimestre del 2022<\/span><\/h3>\n<p><span style=\"color: #000000;\">Link de pagina de contraloria:<span style=\"color: #0000ff;\">\u00a0<a style=\"color: #0000ff;\" href=\"https:\/\/www.contraloria.gov.py\/index.php\/categorias-de-archivos\/category\/3910-royalties\">https:\/\/www.contraloria.gov.py\/index.php\/categorias-de-archivos\/category\/3910-royalties<\/a><\/span><\/span><\/p>\n<p><span style=\"color: #0000ff;\"><a style=\"color: #0000ff;\" href=\"https:\/\/www.municipios.gov.py\/villarrica\/wp-content\/uploads\/sites\/198\/2022\/09\/CONSTANCIA-ROYALTIES-SDO.pdf\">Constancia rendicion de cuentas ROYALTIES<\/a><\/span><\/p>\n<p><span style=\"color: #0000ff;\"><a style=\"color: #0000ff;\" href=\"https:\/\/www.municipios.gov.py\/villarrica\/wp-content\/uploads\/sites\/198\/2022\/09\/CONSTANCIA-FONACIDE.pdf\">Constancia de rendicion de cuentas FONACIDE.<\/a><\/span><\/p>\n<p><a href=\"https:\/\/www.municipios.gov.py\/villarrica\/wp-content\/uploads\/sites\/198\/2022\/10\/EJEC-2DO-CUATRIMESTRE-FONACIDE-EGRESO-1.pdf\">EJEC 2DO CUATRIMESTRE FONACIDE EGRESO<\/a><\/p>\n<p><span style=\"color: #0000ff;\"><a style=\"color: #0000ff;\" href=\"https:\/\/www.municipios.gov.py\/villarrica\/wp-content\/uploads\/sites\/198\/2022\/10\/EJEC-2DO-CUATRIMESTRE-FONACIDE-INGRESO-1.pdf\">EJEC 2DO CUATRIMESTRE FONACIDE INGRESO<\/a><\/span><\/p>\n<p><span style=\"color: #0000ff;\"><a style=\"color: #0000ff;\" href=\"https:\/\/www.municipios.gov.py\/villarrica\/wp-content\/uploads\/sites\/198\/2022\/10\/ANEXO-2DO-CUATRIMESTRE-2022-1.pdf\">ANEXO 2DO CUATRIMESTRE 2022<\/a><\/span><\/p>\n<p>&nbsp;<\/p>\n<h3>Presentaci\u00f3n de rendici\u00f3n<span style=\"color: #000000;\">\u00a0de cuentas del tercer cuatrimestre del 2022<\/span><\/h3>\n<p><a href=\"https:\/\/www.municipios.gov.py\/villarrica\/wp-content\/uploads\/sites\/198\/2023\/01\/Consultar-Rendicion-de-Fonacide.pdf\">Constancia de entrega rendici\u00f3n de Fonacide 3er cuatrimestre\u00a0<\/a><\/p>\n<p><a href=\"https:\/\/www.municipios.gov.py\/villarrica\/wp-content\/uploads\/sites\/198\/2023\/01\/Consultar-Rendicion-deRoyalties.pdf\">Constancia de entrega rendici\u00f3n de Royalties 3er cuatrimestre\u00a0<\/a><\/p>\n<p><a href=\"https:\/\/www.municipios.gov.py\/villarrica\/wp-content\/uploads\/sites\/198\/2023\/03\/ANEXO-PARA-PUBLICAR.pdf\">Informe de Resultado de Gestion TERCER_CUATRIMESTRE 2022<\/a><\/p>\n<p>&nbsp;<\/p>\n<h3><strong>A\u00f1o 2023<\/strong><\/h3>\n<h3>Presentaci\u00f3n de rendici\u00f3n<span style=\"color: #000000;\">\u00a0de cuentas del primer cuatrimestre 2023.\u00a0<\/span><\/h3>\n<p><span style=\"color: #000000;\">Link de pagina de contraloria:<span style=\"color: #0000ff;\">\u00a0<a style=\"color: #0000ff;\" href=\"https:\/\/www.contraloria.gov.py\/index.php\/categorias-de-archivos\/category\/3910-royalties\">https:\/\/www.contraloria.gov.py\/index.php\/categorias-de-archivos\/category\/3910-royalties.<\/a><\/span><\/span><\/p>\n<p><a href=\"https:\/\/www.municipios.gov.py\/villarrica\/wp-content\/uploads\/sites\/198\/2023\/07\/VILLARRICA_PRIMER_CUATRIMESTRE_2023_B_01_08.pdf\">VILLARRICA_PRIMER_CUATRIMESTRE_2023_B_01_08<\/a><\/p>\n<p><a href=\"https:\/\/www.municipios.gov.py\/villarrica\/wp-content\/uploads\/sites\/198\/2023\/07\/INGRESOS-ROYALTIES.pdf\">INGRESOS ROYALTIES.\u00a0<\/a><\/p>\n<p><a href=\"https:\/\/www.municipios.gov.py\/villarrica\/wp-content\/uploads\/sites\/198\/2023\/07\/GASTOS-FONACIDE.pdf\">GASTOS FONACIDE.\u00a0<\/a><\/p>\n<h3>Presentaci\u00f3n de rendici\u00f3n<span style=\"color: #000000;\">\u00a0de cuentas del segundo cuatrimestre 2023.<\/span><\/h3>\n<p><a href=\"https:\/\/www.municipios.gov.py\/villarrica\/wp-content\/uploads\/sites\/198\/2023\/10\/EJECUCION-DE-INGRESOS-FONACIDE-2DO.-C.-2023.pdf\">EJECUCION DE INGRESOS FONACIDE 2DO. C. 2023<\/a><\/p>\n<p><a href=\"https:\/\/www.municipios.gov.py\/villarrica\/wp-content\/uploads\/sites\/198\/2023\/10\/INFORME-DE-GESTIO-2DO-CUATRIMESTRE-2023.pdf\">INFORME DE GESTIO 2DO CUATRIMESTRE 2023<\/a><\/p>\n<p><a href=\"https:\/\/www.municipios.gov.py\/villarrica\/wp-content\/uploads\/sites\/198\/2023\/10\/EJECUCION-DE-GASTOS-FONACIDE-2DO.-C.-2023.pdf\">EJECUCION DE GASTOS FONACIDE 2DO. C. 2023<\/a><\/p>\n<h3>Presentaci\u00f3n de rendici\u00f3n<span style=\"color: #000000;\">\u00a0de cuentas del tercer cuatrimestre 2023.<\/span><\/h3>\n<p><a href=\"https:\/\/www.municipios.gov.py\/villarrica\/wp-content\/uploads\/sites\/198\/2024\/04\/D2-EJECUCION-PRESUPUESTARIA-DE-RECURSOS-FONACIDE.pdf\">EJECUCION PRESUPUESTARIA DE RECURSOS FONACIDE<\/a><\/p>\n<p><a href=\"https:\/\/www.municipios.gov.py\/villarrica\/wp-content\/uploads\/sites\/198\/2024\/04\/E2-EJECUCION-PRESUPUESTARIA-DE-GASTOS-FONACIDE.pdf\">EJECUCION PRESUPUESTARIA DE GASTOS FONACIDE<\/a>.<\/p>\n<p><a href=\"https:\/\/www.municipios.gov.py\/villarrica\/wp-content\/uploads\/sites\/198\/2024\/04\/VILLARRICA_TERCER_CUATRIMESTRE_2023_B_01_08.pdf\">VILLARRICA TERCER CUATRIMESTRE 2023_B_01_08<\/a><\/p>\n<h3>Presentaci\u00f3n de rendici\u00f3n<span style=\"color: #000000;\"> de cuentas del primer cuatrimestre 2024.<\/span><\/h3>\n<p><a href=\"https:\/\/www.municipios.gov.py\/villarrica\/wp-content\/uploads\/sites\/198\/2024\/07\/B-01-08-1er-Cuatrimestre-2024.pdf\">VILLARRICA PRIMER CUATRIMESTRE 2024_B_01_08<\/a><\/p>\n<p><a href=\"https:\/\/www.municipios.gov.py\/villarrica\/wp-content\/uploads\/sites\/198\/2024\/07\/GASTOS-FONACIDE.pdf\">EJECUCION PRESUPUESTARIA DE GASTOS FONACIDE<\/a>.<\/p>\n<p><a href=\"https:\/\/www.municipios.gov.py\/villarrica\/wp-content\/uploads\/sites\/198\/2024\/07\/INGRESOS-FONACIDE.pdf\">EJECUCION PRESUPUESTARIA DE RECURSOS FONACIDE<\/a><\/p>\n<h3>Presentaci\u00f3n de rendici\u00f3n<span style=\"color: #000000;\"> de cuentas del segundo cuatrimestre 2024.<\/span><\/h3>\n<p><a href=\"https:\/\/www.municipios.gov.py\/villarrica\/wp-content\/uploads\/sites\/198\/2024\/12\/B-01-08-SEGUNDO-CUATRIMESTRE-2024-.pdf\">B 01 08 SEGUNDO CUATRIMESTRE 2024<\/a><\/p>\n<p><a href=\"https:\/\/www.municipios.gov.py\/villarrica\/wp-content\/uploads\/sites\/198\/2024\/12\/Ejecucion-de-Recurso-Fonacide.pdf\">EJECUCION PRESUPUESTARIA DE RECURSOS<\/a><\/p>\n<p><a href=\"https:\/\/www.municipios.gov.py\/villarrica\/wp-content\/uploads\/sites\/198\/2024\/12\/Ejecucion-de-Gastos-Fonacide-.pdf\">EJECUCION PRESUPUESTARIA DE GASTOS-<\/a><\/p>\n<h3>Presentaci\u00f3n de rendici\u00f3n<span style=\"color: #000000;\"> de cuentas del tercer cuatrimestre 2024.<\/span><\/h3>\n<p><a href=\"https:\/\/www.municipios.gov.py\/villarrica\/wp-content\/uploads\/sites\/198\/2025\/03\/FONACIDE-B-01-08-TERCER-CUATR.-2024.pdf\">B 01 08 TERCER CUATRIMESTRE 2024<\/a><\/p>\n<p><a href=\"https:\/\/www.municipios.gov.py\/villarrica\/wp-content\/uploads\/sites\/198\/2025\/03\/EJECUCION-DRECURSOS-FONACIDE.pdf\">EJECUCION PRESUPUESTARIA DE RECURSOS<\/a><\/p>\n<p><a href=\"https:\/\/www.municipios.gov.py\/villarrica\/wp-content\/uploads\/sites\/198\/2025\/03\/EJECUCION-DE-GASTOS-FONACIDE.pdf\">EJECUCION PRESUPUESTARIA DE GASTOS-<\/a><\/p>\n","protected":false},"excerpt":{"rendered":"<p>FONACIDE es un fondo de desarrollo creado por la Ley Nro. 4758\/2012 para asignar en forma racional y eficiente los ingresos que el pa\u00eds recibe en concepto de compensaci\u00f3n\u00a0por la cesi\u00f3n de la energ\u00eda de la Entidad Binacional Itaipu al Brasil Refleja las prioridades de la pol\u00edtica de desarrollo de largo plazo, como son &#8230; <a title=\"Fonacide Y Royalties\" class=\"read-more\" href=\"https:\/\/www.municipios.gov.py\/villarrica\/fonacide\/\" aria-label=\"Leer m\u00e1s sobre Fonacide Y Royalties\">Leer M\u00e1s&#8230;<\/a><\/p>\n","protected":false},"author":4,"featured_media":0,"parent":0,"menu_order":0,"comment_status":"closed","ping_status":"closed","template":"","meta":{"jetpack_post_was_ever_published":false,"footnotes":""},"class_list":["post-133","page","type-page","status-publish"],"jetpack_sharing_enabled":true,"jetpack_shortlink":"https:\/\/wp.me\/P7H3N6-29","_links":{"self":[{"href":"https:\/\/www.municipios.gov.py\/villarrica\/wp-json\/wp\/v2\/pages\/133","targetHints":{"allow":["GET"]}}],"collection":[{"href":"https:\/\/www.municipios.gov.py\/villarrica\/wp-json\/wp\/v2\/pages"}],"about":[{"href":"https:\/\/www.municipios.gov.py\/villarrica\/wp-json\/wp\/v2\/types\/page"}],"author":[{"embeddable":true,"href":"https:\/\/www.municipios.gov.py\/villarrica\/wp-json\/wp\/v2\/users\/4"}],"replies":[{"embeddable":true,"href":"https:\/\/www.municipios.gov.py\/villarrica\/wp-json\/wp\/v2\/comments?post=133"}],"version-history":[{"count":39,"href":"https:\/\/www.municipios.gov.py\/villarrica\/wp-json\/wp\/v2\/pages\/133\/revisions"}],"predecessor-version":[{"id":1742,"href":"https:\/\/www.municipios.gov.py\/villarrica\/wp-json\/wp\/v2\/pages\/133\/revisions\/1742"}],"wp:attachment":[{"href":"https:\/\/www.municipios.gov.py\/villarrica\/wp-json\/wp\/v2\/media?parent=133"}],"curies":[{"name":"wp","href":"https:\/\/api.w.org\/{rel}","templated":true}]}}