{"id":85,"date":"2022-07-04T14:30:10","date_gmt":"2022-07-04T18:30:10","guid":{"rendered":"https:\/\/www.municipios.gov.py\/tebicuary\/?page_id=85"},"modified":"2022-07-08T09:08:00","modified_gmt":"2022-07-08T13:08:00","slug":"mecanismos-de-participacion-ciudadana","status":"publish","type":"page","link":"https:\/\/www.municipios.gov.py\/tebicuary\/transparencia\/mecanismos-de-participacion-ciudadana\/","title":{"rendered":"Mecanismos de participaci\u00f3n ciudadana"},"content":{"rendered":"<div class=\"kvgmc6g5 cxmmr5t8 oygrvhab hcukyx3x c1et5uql ii04i59q\">\n<div dir=\"auto\">Jornada de Socializaci\u00f3n de la Ejecuci\u00f3n del Censo Agropecuario Nacional para el Distrito de Tebicuary.<\/div>\n<\/div>\n<div class=\"cxmmr5t8 oygrvhab hcukyx3x c1et5uql o9v6fnle ii04i59q\">\n<div dir=\"auto\">Realizado en el Colegio Maeddy Ritter de Loma Pindo.<\/div>\n<\/div>\n<div class=\"cxmmr5t8 oygrvhab hcukyx3x c1et5uql o9v6fnle ii04i59q\">\n<div dir=\"auto\">Adem\u00e1s, se produjo la conformaci\u00f3n de la mesa Distrital de trabajo, que tendra c\u00f3mo objetivo la promoci\u00f3n y apoyo a las distintas actividades que tendr\u00e1 el censo en nuestra zona.<\/div>\n<\/div>\n<div class=\"cxmmr5t8 oygrvhab hcukyx3x c1et5uql o9v6fnle ii04i59q\">\n<div dir=\"auto\">Las actividades arrancar\u00e1n en el mes de agosto.<\/div>\n<\/div>\n","protected":false},"excerpt":{"rendered":"<p>Jornada de Socializaci\u00f3n de la Ejecuci\u00f3n del Censo Agropecuario Nacional para el Distrito de Tebicuary. Realizado en el Colegio Maeddy Ritter de Loma Pindo. Adem\u00e1s, se produjo la conformaci\u00f3n de la mesa Distrital de trabajo, que tendra c\u00f3mo objetivo la promoci\u00f3n y apoyo a las distintas actividades que tendr\u00e1 el censo en nuestra zona. &#8230; <a title=\"Mecanismos de participaci\u00f3n ciudadana\" class=\"read-more\" href=\"https:\/\/www.municipios.gov.py\/tebicuary\/transparencia\/mecanismos-de-participacion-ciudadana\/\" aria-label=\"Leer m\u00e1s sobre Mecanismos de participaci\u00f3n ciudadana\">Leer M\u00e1s&#8230;<\/a><\/p>\n","protected":false},"author":4,"featured_media":0,"parent":23,"menu_order":0,"comment_status":"closed","ping_status":"closed","template":"","meta":{"jetpack_post_was_ever_published":false,"footnotes":""},"class_list":["post-85","page","type-page","status-publish"],"jetpack_sharing_enabled":true,"jetpack_shortlink":"https:\/\/wp.me\/P7H3N6-1n","_links":{"self":[{"href":"https:\/\/www.municipios.gov.py\/tebicuary\/wp-json\/wp\/v2\/pages\/85","targetHints":{"allow":["GET"]}}],"collection":[{"href":"https:\/\/www.municipios.gov.py\/tebicuary\/wp-json\/wp\/v2\/pages"}],"about":[{"href":"https:\/\/www.municipios.gov.py\/tebicuary\/wp-json\/wp\/v2\/types\/page"}],"author":[{"embeddable":true,"href":"https:\/\/www.municipios.gov.py\/tebicuary\/wp-json\/wp\/v2\/users\/4"}],"replies":[{"embeddable":true,"href":"https:\/\/www.municipios.gov.py\/tebicuary\/wp-json\/wp\/v2\/comments?post=85"}],"version-history":[{"count":3,"href":"https:\/\/www.municipios.gov.py\/tebicuary\/wp-json\/wp\/v2\/pages\/85\/revisions"}],"predecessor-version":[{"id":809,"href":"https:\/\/www.municipios.gov.py\/tebicuary\/wp-json\/wp\/v2\/pages\/85\/revisions\/809"}],"up":[{"embeddable":true,"href":"https:\/\/www.municipios.gov.py\/tebicuary\/wp-json\/wp\/v2\/pages\/23"}],"wp:attachment":[{"href":"https:\/\/www.municipios.gov.py\/tebicuary\/wp-json\/wp\/v2\/media?parent=85"}],"curies":[{"name":"wp","href":"https:\/\/api.w.org\/{rel}","templated":true}]}}