{"id":2,"date":"2016-06-30T17:59:43","date_gmt":"2016-06-30T17:59:43","guid":{"rendered":"https:\/\/www.municipios.gov.py\/sanroquegonzalez\/?page_id=2"},"modified":"2016-10-21T11:23:04","modified_gmt":"2016-10-21T11:23:04","slug":"pagina-ejemplo","status":"publish","type":"page","link":"https:\/\/www.municipios.gov.py\/sanroquegonzalez\/","title":{"rendered":"Informaci\u00f3n"},"content":{"rendered":"<table style=\"width: 823px;\">\n<tbody>\n<tr>\n<td style=\"width: 195.5px;\">\n<div id=\"cont_0cb36106c762cf3004ccbac77ec96e3b\"><script type=\"text\/javascript\" async src=\"https:\/\/www.tiempo.com\/wid_loader\/0cb36106c762cf3004ccbac77ec96e3b\"><\/script><\/div>\n<\/td>\n<td style=\"width: 590.5px;\"><strong>Roque Gonz\u00e1lez de Santa Cruz<span class=\"Apple-converted-space\">\u00a0<\/span><a class=\"mw-redirect\" title=\"Societas Jesu (Compa\u00f1\u00eda de Jes\u00fas)\" href=\"https:\/\/es.wikipedia.org\/wiki\/Societas_Jesu_%28Compa%C3%B1%C3%ADa_de_Jes%C3%BAs%29\">S. J.<\/a><span class=\"Apple-converted-space\">\u00a0<\/span>(<a class=\"mw-redirect\" title=\"Asunci\u00f3n del Paraguay\" href=\"https:\/\/es.wikipedia.org\/wiki\/Asunci%C3%B3n_del_Paraguay\">Asunci\u00f3n del Paraguay<\/a>,<span class=\"Apple-converted-space\">\u00a0<\/span><a title=\"1576\" href=\"https:\/\/es.wikipedia.org\/wiki\/1576\">1576<\/a><span class=\"Apple-converted-space\">\u00a0<\/span>&#8211;<span class=\"Apple-converted-space\">\u00a0<\/span><a title=\"Caibat\u00e9\" href=\"https:\/\/es.wikipedia.org\/wiki\/Caibat%C3%A9\">Caibat\u00e9<\/a>,<span class=\"Apple-converted-space\">\u00a0<\/span><a title=\"15 de noviembre\" href=\"https:\/\/es.wikipedia.org\/wiki\/15_de_noviembre\">15 de noviembre<\/a><span class=\"Apple-converted-space\">\u00a0<\/span>de<span class=\"Apple-converted-space\">\u00a0<\/span><a title=\"1628\" href=\"https:\/\/es.wikipedia.org\/wiki\/1628\">1628<\/a>) fue un religioso presb\u00edtero y m\u00e1rtir<span class=\"Apple-converted-space\">\u00a0<\/span><a title=\"Criollo\" href=\"https:\/\/es.wikipedia.org\/wiki\/Criollo\">criollo<\/a><span class=\"Apple-converted-space\">\u00a0<\/span><a class=\"mw-redirect\" title=\"Asunceno\" href=\"https:\/\/es.wikipedia.org\/wiki\/Asunceno\">asunceno<\/a>, fundador de varias misiones y<span class=\"Apple-converted-space\">\u00a0<\/span><a class=\"mw-redirect\" title=\"Reducciones jesu\u00edticas\" href=\"https:\/\/es.wikipedia.org\/wiki\/Reducciones_jesu%C3%ADticas\">reducciones jesu\u00edticas<\/a>, proclamado santo por el papa<span class=\"Apple-converted-space\">\u00a0<\/span><a title=\"Juan Pablo II\" href=\"https:\/\/es.wikipedia.org\/wiki\/Juan_Pablo_II\">Juan Pablo II<\/a><span class=\"Apple-converted-space\">\u00a0<\/span>en el a\u00f1o 1988.<\/strong><\/td>\n<\/tr>\n<\/tbody>\n<\/table>\n<p><strong>\u00a0<\/strong><\/p>\n","protected":false},"excerpt":{"rendered":"<p>Roque Gonz\u00e1lez de Santa Cruz\u00a0S. J.\u00a0(Asunci\u00f3n del Paraguay,\u00a01576\u00a0&#8211;\u00a0Caibat\u00e9,\u00a015 de noviembre\u00a0de\u00a01628) fue un religioso presb\u00edtero y m\u00e1rtir\u00a0criollo\u00a0asunceno, fundador de varias misiones y\u00a0reducciones jesu\u00edticas, proclamado santo por el papa\u00a0Juan Pablo II\u00a0en el a\u00f1o 1988. \u00a0<\/p>\n","protected":false},"author":4,"featured_media":0,"parent":0,"menu_order":0,"comment_status":"closed","ping_status":"closed","template":"","meta":{"generate_page_header":"","jetpack_post_was_ever_published":false,"footnotes":""},"class_list":["post-2","page","type-page","status-publish"],"jetpack_sharing_enabled":true,"jetpack_shortlink":"https:\/\/wp.me\/P8AJQ0-2","_links":{"self":[{"href":"https:\/\/www.municipios.gov.py\/sanroquegonzalez\/wp-json\/wp\/v2\/pages\/2","targetHints":{"allow":["GET"]}}],"collection":[{"href":"https:\/\/www.municipios.gov.py\/sanroquegonzalez\/wp-json\/wp\/v2\/pages"}],"about":[{"href":"https:\/\/www.municipios.gov.py\/sanroquegonzalez\/wp-json\/wp\/v2\/types\/page"}],"author":[{"embeddable":true,"href":"https:\/\/www.municipios.gov.py\/sanroquegonzalez\/wp-json\/wp\/v2\/users\/4"}],"replies":[{"embeddable":true,"href":"https:\/\/www.municipios.gov.py\/sanroquegonzalez\/wp-json\/wp\/v2\/comments?post=2"}],"version-history":[{"count":43,"href":"https:\/\/www.municipios.gov.py\/sanroquegonzalez\/wp-json\/wp\/v2\/pages\/2\/revisions"}],"predecessor-version":[{"id":439,"href":"https:\/\/www.municipios.gov.py\/sanroquegonzalez\/wp-json\/wp\/v2\/pages\/2\/revisions\/439"}],"wp:attachment":[{"href":"https:\/\/www.municipios.gov.py\/sanroquegonzalez\/wp-json\/wp\/v2\/media?parent=2"}],"curies":[{"name":"wp","href":"https:\/\/api.w.org\/{rel}","templated":true}]}}