{"id":125,"date":"2016-07-04T15:14:22","date_gmt":"2016-07-04T15:14:22","guid":{"rendered":"https:\/\/www.municipios.gov.py\/sanjuannepomuceno\/?page_id=125"},"modified":"2022-06-30T11:50:46","modified_gmt":"2022-06-30T15:50:46","slug":"otra-informacion-necesaria","status":"publish","type":"page","link":"https:\/\/www.municipios.gov.py\/sanjuannepomuceno\/otra-informacion-necesaria\/","title":{"rendered":"Otra informaci\u00f3n necesaria"},"content":{"rendered":"<h2 style=\"text-align: center;\"><span style=\"text-decoration: underline;\"><strong>Informaciones 2022<\/strong><\/span><\/h2>\n<p style=\"text-align: center;\"><a href=\"https:\/\/www.municipios.gov.py\/sanjuannepomuceno\/wp-content\/uploads\/sites\/117\/2022\/06\/Balance-General.pdf\" target=\"_blank\" rel=\"noopener\">Balance General<\/a><\/p>\n<p style=\"text-align: center;\"><a href=\"https:\/\/www.municipios.gov.py\/sanjuannepomuceno\/wp-content\/uploads\/sites\/117\/2022\/06\/Conciliacion-Bancaria-FONACIDE-1er-Cuatrimestre-2022.pdf\" target=\"_blank\" rel=\"noopener\">Conciliaci\u00f3n Bancaria FONACIDE 1er Cuatrimestre 2022<\/a><\/p>\n<p style=\"text-align: center;\"><a href=\"https:\/\/www.municipios.gov.py\/sanjuannepomuceno\/wp-content\/uploads\/sites\/117\/2022\/06\/Conciliacion-Bancaria-FONACIDE-ALIMENTACION-ESCOLAR-1er-Cuatrimestre-2022.pdf\" target=\"_blank\" rel=\"noopener\">Conciliaci\u00f3n Bancaria FONACIDE ALIMENTACION ESCOLAR 1er Cuatrimestre 2022<\/a><\/p>\n<p style=\"text-align: center;\"><a href=\"https:\/\/www.municipios.gov.py\/sanjuannepomuceno\/wp-content\/uploads\/sites\/117\/2022\/06\/Conciliacion-Bancaria-ORDIANARIO-3-1er-Cuatrimestre-2022.pdf\" target=\"_blank\" rel=\"noopener\">Conciliaci\u00f3n Bancaria ORDIANARIO 3 1er Cuatrimestre 2022<\/a><\/p>\n<p style=\"text-align: center;\"><a href=\"https:\/\/www.municipios.gov.py\/sanjuannepomuceno\/wp-content\/uploads\/sites\/117\/2022\/06\/Conciliacion-Bancaria-ORDIANRIO-JUEGOS-DE-AZAR-1er-Cuatrimestre-2022.pdf\" target=\"_blank\" rel=\"noopener\">Conciliaci\u00f3n Bancaria ORDIANRIO JUEGOS DE AZAR 1er Cuatrimestre 2022<\/a><\/p>\n<p style=\"text-align: center;\"><a href=\"https:\/\/www.municipios.gov.py\/sanjuannepomuceno\/wp-content\/uploads\/sites\/117\/2022\/06\/Conciliacion-Bancaria-ORDINARIO-1-1er-Cuatrimestre-2022.pdf\" target=\"_blank\" rel=\"noopener\">Conciliaci\u00f3n Bancaria ORDINARIO 1 1er Cuatrimestre 2022<\/a><\/p>\n<p style=\"text-align: center;\"><a href=\"https:\/\/www.municipios.gov.py\/sanjuannepomuceno\/wp-content\/uploads\/sites\/117\/2022\/06\/Conciliacion-Bancaria-ORDINARIO-2-1er-Cuatrimestre-2022.pdf\" target=\"_blank\" rel=\"noopener\">Conciliaci\u00f3n Bancaria ORDINARIO 2 1er Cuatrimestre 2022<\/a><\/p>\n<p style=\"text-align: center;\"><a href=\"https:\/\/www.municipios.gov.py\/sanjuannepomuceno\/wp-content\/uploads\/sites\/117\/2022\/06\/Conciliacion-Bancaria-ROYALTIES-Y-COMPENSACIONES-1er-Cuatrimestre-2022.pdf\" target=\"_blank\" rel=\"noopener\">Conciliaci\u00f3n Bancaria ROYALTIES Y COMPENSACIONES 1er Cuatrimestre 2022<\/a><\/p>\n<p style=\"text-align: center;\"><a href=\"https:\/\/www.municipios.gov.py\/sanjuannepomuceno\/wp-content\/uploads\/sites\/117\/2022\/06\/Estado-de-Resultado.pdf\" target=\"_blank\" rel=\"noopener\">Estado de Resultado<\/a><\/p>\n<p>&nbsp;<\/p>\n<p>&nbsp;<\/p>\n<p style=\"text-align: center;\"><a href=\"https:\/\/www.municipios.gov.py\/sanjuannepomuceno\/wp-content\/uploads\/sites\/117\/2016\/07\/PLAN-DE-DESARROLLO-MUNICIPAL-PERIODO-2016-2021.pdf\" target=\"_blank\" rel=\"noopener\">PLAN DE DESARROLLO MUNICIPAL PERIODO 2016-2021<\/a><\/p>\n<p style=\"text-align: center;\"><a href=\"https:\/\/www.municipios.gov.py\/sanjuannepomuceno\/wp-content\/uploads\/sites\/117\/2016\/07\/APROBACION-DEL-PLAN-DE-DESARROLLO-MUNICIPAL-2016-2021.pdf\" target=\"_blank\" rel=\"noopener\">APROBACION DEL PLAN DE DESARROLLO MUNICIPAL 2016-2021<\/a><\/p>\n<p style=\"text-align: center;\">\n","protected":false},"excerpt":{"rendered":"<p>Informaciones 2022 Balance General Conciliaci\u00f3n Bancaria FONACIDE 1er Cuatrimestre 2022 Conciliaci\u00f3n Bancaria FONACIDE ALIMENTACION ESCOLAR 1er Cuatrimestre 2022 Conciliaci\u00f3n Bancaria ORDIANARIO 3 1er Cuatrimestre 2022 Conciliaci\u00f3n Bancaria ORDIANRIO JUEGOS DE AZAR 1er Cuatrimestre 2022 Conciliaci\u00f3n Bancaria ORDINARIO 1 1er Cuatrimestre 2022 Conciliaci\u00f3n Bancaria ORDINARIO 2 1er Cuatrimestre 2022 Conciliaci\u00f3n Bancaria ROYALTIES Y COMPENSACIONES 1er Cuatrimestre &#8230; <a title=\"Otra informaci\u00f3n necesaria\" class=\"read-more\" href=\"https:\/\/www.municipios.gov.py\/sanjuannepomuceno\/otra-informacion-necesaria\/\" aria-label=\"Leer m\u00e1s sobre Otra informaci\u00f3n necesaria\">Leer Mas&#8230;<\/a><\/p>\n","protected":false},"author":4,"featured_media":0,"parent":0,"menu_order":0,"comment_status":"closed","ping_status":"closed","template":"","meta":{"generate_page_header":"","jetpack_post_was_ever_published":false,"footnotes":""},"class_list":["post-125","page","type-page","status-publish"],"jetpack_sharing_enabled":true,"jetpack_shortlink":"https:\/\/wp.me\/P8AJLi-21","_links":{"self":[{"href":"https:\/\/www.municipios.gov.py\/sanjuannepomuceno\/wp-json\/wp\/v2\/pages\/125","targetHints":{"allow":["GET"]}}],"collection":[{"href":"https:\/\/www.municipios.gov.py\/sanjuannepomuceno\/wp-json\/wp\/v2\/pages"}],"about":[{"href":"https:\/\/www.municipios.gov.py\/sanjuannepomuceno\/wp-json\/wp\/v2\/types\/page"}],"author":[{"embeddable":true,"href":"https:\/\/www.municipios.gov.py\/sanjuannepomuceno\/wp-json\/wp\/v2\/users\/4"}],"replies":[{"embeddable":true,"href":"https:\/\/www.municipios.gov.py\/sanjuannepomuceno\/wp-json\/wp\/v2\/comments?post=125"}],"version-history":[{"count":5,"href":"https:\/\/www.municipios.gov.py\/sanjuannepomuceno\/wp-json\/wp\/v2\/pages\/125\/revisions"}],"predecessor-version":[{"id":893,"href":"https:\/\/www.municipios.gov.py\/sanjuannepomuceno\/wp-json\/wp\/v2\/pages\/125\/revisions\/893"}],"wp:attachment":[{"href":"https:\/\/www.municipios.gov.py\/sanjuannepomuceno\/wp-json\/wp\/v2\/media?parent=125"}],"curies":[{"name":"wp","href":"https:\/\/api.w.org\/{rel}","templated":true}]}}