{"id":526,"date":"2017-09-21T11:36:24","date_gmt":"2017-09-21T15:36:24","guid":{"rendered":"https:\/\/www.municipios.gov.py\/sanjuandelparana\/?page_id=526"},"modified":"2018-02-20T09:22:42","modified_gmt":"2018-02-20T12:22:42","slug":"rendiciones-cgr","status":"publish","type":"page","link":"https:\/\/www.municipios.gov.py\/sanjuandelparana\/rendiciones-cgr\/","title":{"rendered":"Rendiciones CGR"},"content":{"rendered":"<div id=\"js_a1\" class=\"_5pbx userContent\" data-ft=\"{&quot;tn&quot;:&quot;K&quot;}\">\n<p>Informe extra\u00eddo de la p\u00e1gina de la Contraloria General de la Rep\u00fablica.<br \/>\nLa Municipalidad de San Juan del Paran\u00e1 cumple en tiempo y forma con la presentaci\u00f3n de sus informes sobre la rendici\u00f3n de cuentas de la ejecuci\u00f3n de los programas y proyectos financiados con recursos Royalties y Fonacide correspondiente al segundo cuatrimestre 2017.<br \/>\nGobierno Municipal de Miryan Vel\u00e1zquez.<br \/>\nCompromiso con la gente.<br \/>\nPeriodo 2015-2020<\/p>\n<p><img loading=\"lazy\" decoding=\"async\" class=\"alignnone size-medium wp-image-530\" src=\"https:\/\/www.municipios.gov.py\/sanjuandelparana\/wp-content\/uploads\/sites\/103\/2017\/09\/21686226_1284335185009299_3919393458512295740_n-1-136x300.jpg\" alt=\"\" width=\"136\" height=\"300\" srcset=\"https:\/\/www.municipios.gov.py\/sanjuandelparana\/wp-content\/uploads\/sites\/103\/2017\/09\/21686226_1284335185009299_3919393458512295740_n-1-136x300.jpg 136w, https:\/\/www.municipios.gov.py\/sanjuandelparana\/wp-content\/uploads\/sites\/103\/2017\/09\/21686226_1284335185009299_3919393458512295740_n-1.jpg 404w\" sizes=\"auto, (max-width: 136px) 100vw, 136px\" \/><\/p>\n<\/div>\n<div>La Municipalidad de San Juan del Paran\u00e1 cumple en tiempo y forma con la presentaci\u00f3n de sus informes sobre la rendici\u00f3n de cuentas de la ejecuci\u00f3n de los programas y proyectos financiados con recursos Royalties y Fonacide correspondiente al Tercer cuatrimestre y Segundo Semestre Ejercicio Fiscal 2017.<br \/>\nGobierno Municipal de Miryan Vel\u00e1zquez.<br \/>\nCompromiso con la gente.<br \/>\nPeriodo 2015-2020<\/div>\n<div class=\"_3x-2\">\u00a0<a href=\"https:\/\/www.municipios.gov.py\/sanjuandelparana\/wp-content\/uploads\/sites\/103\/2018\/02\/Presentaciones-en-CGR.pdf\" target=\"_blank\" rel=\"noopener\">Rendici\u00f3n de Cuentas 3er. Cuatrim. 2017 y Segundo Semestre 2017<\/a><\/div>\n","protected":false},"excerpt":{"rendered":"<p>Informe extra\u00eddo de la p\u00e1gina de la Contraloria General de la Rep\u00fablica. La Municipalidad de San Juan del Paran\u00e1 cumple en tiempo y forma con la presentaci\u00f3n de sus informes sobre la rendici\u00f3n de cuentas de la ejecuci\u00f3n de los programas y proyectos financiados con recursos Royalties y Fonacide correspondiente al segundo cuatrimestre 2017. Gobierno &#8230; <a title=\"Rendiciones CGR\" class=\"read-more\" href=\"https:\/\/www.municipios.gov.py\/sanjuandelparana\/rendiciones-cgr\/\" aria-label=\"Leer m\u00e1s sobre Rendiciones CGR\">Leer Mas&#8230;<\/a><\/p>\n","protected":false},"author":93,"featured_media":0,"parent":0,"menu_order":0,"comment_status":"closed","ping_status":"closed","template":"","meta":{"generate_page_header":"","jetpack_post_was_ever_published":false,"footnotes":""},"class_list":["post-526","page","type-page","status-publish"],"jetpack_sharing_enabled":true,"jetpack_shortlink":"https:\/\/wp.me\/P8AJJF-8u","_links":{"self":[{"href":"https:\/\/www.municipios.gov.py\/sanjuandelparana\/wp-json\/wp\/v2\/pages\/526","targetHints":{"allow":["GET"]}}],"collection":[{"href":"https:\/\/www.municipios.gov.py\/sanjuandelparana\/wp-json\/wp\/v2\/pages"}],"about":[{"href":"https:\/\/www.municipios.gov.py\/sanjuandelparana\/wp-json\/wp\/v2\/types\/page"}],"author":[{"embeddable":true,"href":"https:\/\/www.municipios.gov.py\/sanjuandelparana\/wp-json\/wp\/v2\/users\/93"}],"replies":[{"embeddable":true,"href":"https:\/\/www.municipios.gov.py\/sanjuandelparana\/wp-json\/wp\/v2\/comments?post=526"}],"version-history":[{"count":5,"href":"https:\/\/www.municipios.gov.py\/sanjuandelparana\/wp-json\/wp\/v2\/pages\/526\/revisions"}],"predecessor-version":[{"id":529,"href":"https:\/\/www.municipios.gov.py\/sanjuandelparana\/wp-json\/wp\/v2\/pages\/526\/revisions\/529"}],"wp:attachment":[{"href":"https:\/\/www.municipios.gov.py\/sanjuandelparana\/wp-json\/wp\/v2\/media?parent=526"}],"curies":[{"name":"wp","href":"https:\/\/api.w.org\/{rel}","templated":true}]}}