{"id":119,"date":"2016-07-04T15:11:01","date_gmt":"2016-07-04T15:11:01","guid":{"rendered":"https:\/\/www.municipios.gov.py\/sanjuandelparana\/?page_id=119"},"modified":"2019-02-21T16:53:28","modified_gmt":"2019-02-21T19:53:28","slug":"informes-de-viajes-oficiales-2","status":"publish","type":"page","link":"https:\/\/www.municipios.gov.py\/sanjuandelparana\/informes-de-viajes-oficiales-2\/","title":{"rendered":"Informes de viajes oficiales"},"content":{"rendered":"<p><a href=\"https:\/\/www.municipios.gov.py\/sanjuandelparana\/wp-content\/uploads\/sites\/103\/2016\/07\/Informe-de-Viaticos-mes-de-Junio.pdf\" target=\"_blank\" rel=\"noopener\">Informe de Vi\u00e1ticos mes de Junio<\/a><\/p>\n<p><a href=\"https:\/\/www.municipios.gov.py\/sanjuandelparana\/wp-content\/uploads\/sites\/103\/2016\/07\/Viatico-mes-de-Julio.pdf\" target=\"_blank\" rel=\"noopener\">Informe de Vi\u00e1ticos mes de Julio<\/a><\/p>\n<p><a href=\"https:\/\/www.municipios.gov.py\/sanjuandelparana\/wp-content\/uploads\/sites\/103\/2016\/07\/Viatico-mes-de-Agosto.pdf\" target=\"_blank\" rel=\"noopener\">Informe de Vi\u00e1ticos mes de Agosto<\/a><\/p>\n<p><a href=\"https:\/\/www.municipios.gov.py\/sanjuandelparana\/informes-de-viajes-oficiales-2\/\" target=\"_blank\" rel=\"noopener\">Informe de viaticos mes de Setiembre<\/a><\/p>\n<p><a href=\"https:\/\/www.municipios.gov.py\/sanjuandelparana\/wp-content\/uploads\/sites\/103\/2016\/07\/Informe-de-viaticomes-de-noviembre.pdf\" target=\"_blank\" rel=\"noopener\">Informe de Viaticos mes de Noviembre<\/a><\/p>\n<p><a href=\"https:\/\/www.municipios.gov.py\/sanjuandelparana\/wp-content\/uploads\/sites\/103\/2016\/07\/Planilla-de-Viatico-mes-de-DICIEMBRE.pdf\" target=\"_blank\" rel=\"noopener\">Planilla de Viatico mes de Diciembre<\/a><\/p>\n<p><a href=\"https:\/\/www.municipios.gov.py\/sanjuandelparana\/wp-content\/uploads\/sites\/103\/2016\/07\/viatico-julio.pdf\" target=\"_blank\" rel=\"noopener\">Informe de Vi\u00e1ticos mes de Julio 2017<\/a><\/p>\n<p><a href=\"https:\/\/www.municipios.gov.py\/sanjuandelparana\/wp-content\/uploads\/sites\/103\/2016\/07\/iNFORME-DE-VIATICO-MES-DE-AGOSTO-2017.pdf\" target=\"_blank\" rel=\"noopener\">Informe de Vi\u00e1ticos mes de Agosto 2017<\/a><\/p>\n<p><a href=\"https:\/\/www.municipios.gov.py\/sanjuandelparana\/wp-content\/uploads\/sites\/103\/2016\/07\/viatico-setiembre.pdf\" target=\"_blank\" rel=\"noopener\">Informe de Vi\u00e1ticos mes de Setiembre 2017<\/a><\/p>\n<p><a href=\"https:\/\/www.municipios.gov.py\/sanjuandelparana\/ejecucion-presupuestaria-ingresos-y-gastos-ejercicio-fiscal-2017\/\" target=\"_blank\" rel=\"noopener\">Informe de Vi\u00e1ticos mes de Octubre 2017<\/a><\/p>\n<p><a href=\"https:\/\/www.municipios.gov.py\/sanjuandelparana\/wp-content\/uploads\/sites\/103\/2017\/12\/viatico-informe-NOVIEMBRE.pdf\" target=\"_blank\" rel=\"noopener\">Informe de Vi\u00e1ticos mes de Noviembre 2017<\/a><\/p>\n<p><a href=\"https:\/\/www.municipios.gov.py\/sanjuandelparana\/wp-content\/uploads\/sites\/103\/2018\/01\/viatico-informe-DICIEMBRE.pdf\" target=\"_blank\" rel=\"noopener\">Informe de Vi\u00e1ticos mes de Diciembre 2017<\/a><\/p>\n<p><a href=\"https:\/\/www.municipios.gov.py\/sanjuandelparana\/wp-content\/uploads\/sites\/103\/2018\/02\/VIATICO-ENERO-2018....pdf\" target=\"_blank\" rel=\"noopener\">Informe de Vi\u00e1ticos mes de Enero 2018<\/a><\/p>\n<p><a href=\"https:\/\/www.municipios.gov.py\/sanjuandelparana\/wp-content\/uploads\/sites\/103\/2018\/03\/viatico-informe-FEBRERO.pdf\" target=\"_blank\" rel=\"noopener\">Informe de Vi\u00e1ticos mes de Febrero 2018<\/a><\/p>\n<p><a href=\"https:\/\/www.municipios.gov.py\/sanjuandelparana\/wp-content\/uploads\/sites\/103\/2018\/03\/DETALLE-DE-VIAJE-REALIZADO.pdf\">DETALLE DE VIAJE REALIZADO<\/a><\/p>\n<p><a href=\"https:\/\/www.municipios.gov.py\/sanjuandelparana\/wp-content\/uploads\/sites\/103\/2018\/07\/viatico-informe-junio.pdf\" target=\"_blank\" rel=\"noopener\">INFORME DE VIATICO JUNIO 2018<\/a><\/p>\n<p><a href=\"https:\/\/www.municipios.gov.py\/sanjuandelparana\/wp-content\/uploads\/sites\/103\/2018\/08\/informe-de-viatico.pdf\" target=\"_blank\" rel=\"noopener\">DETALLE DE VIAJE REALIZADO<\/a><\/p>\n<p><a href=\"https:\/\/www.municipios.gov.py\/sanjuandelparana\/wp-content\/uploads\/sites\/103\/2018\/08\/viatico-informe-julio.pdf\" target=\"_blank\" rel=\"noopener\">INFORME DE VIATICO JULIO<\/a><\/p>\n<h2><span style=\"text-decoration: underline;\"><em><strong>EJERCICIO FISCAL 2019<\/strong><\/em><\/span><\/h2>\n<p>MES DE ENERO<\/p>\n<p><a href=\"https:\/\/www.municipios.gov.py\/sanjuandelparana\/wp-content\/uploads\/sites\/103\/2019\/02\/iNFORME-DE-VIATICO.pdf\" target=\"_blank\" rel=\"noopener\">iNFORME DE VIATICO<\/a><\/p>\n<p><a href=\"https:\/\/www.municipios.gov.py\/sanjuandelparana\/wp-content\/uploads\/sites\/103\/2019\/02\/viatico.pdf\" target=\"_blank\" rel=\"noopener\">PLANILLA DE VIATICO <\/a><\/p>\n","protected":false},"excerpt":{"rendered":"<p>Informe de Vi\u00e1ticos mes de Junio Informe de Vi\u00e1ticos mes de Julio Informe de Vi\u00e1ticos mes de Agosto Informe de viaticos mes de Setiembre Informe de Viaticos mes de Noviembre Planilla de Viatico mes de Diciembre Informe de Vi\u00e1ticos mes de Julio 2017 Informe de Vi\u00e1ticos mes de Agosto 2017 Informe de Vi\u00e1ticos mes de &#8230; <a title=\"Informes de viajes oficiales\" class=\"read-more\" href=\"https:\/\/www.municipios.gov.py\/sanjuandelparana\/informes-de-viajes-oficiales-2\/\" aria-label=\"Leer m\u00e1s sobre Informes de viajes oficiales\">Leer Mas&#8230;<\/a><\/p>\n","protected":false},"author":4,"featured_media":0,"parent":0,"menu_order":0,"comment_status":"closed","ping_status":"closed","template":"","meta":{"generate_page_header":"","jetpack_post_was_ever_published":false,"footnotes":""},"class_list":["post-119","page","type-page","status-publish"],"jetpack_sharing_enabled":true,"jetpack_shortlink":"https:\/\/wp.me\/P8AJJF-1V","_links":{"self":[{"href":"https:\/\/www.municipios.gov.py\/sanjuandelparana\/wp-json\/wp\/v2\/pages\/119","targetHints":{"allow":["GET"]}}],"collection":[{"href":"https:\/\/www.municipios.gov.py\/sanjuandelparana\/wp-json\/wp\/v2\/pages"}],"about":[{"href":"https:\/\/www.municipios.gov.py\/sanjuandelparana\/wp-json\/wp\/v2\/types\/page"}],"author":[{"embeddable":true,"href":"https:\/\/www.municipios.gov.py\/sanjuandelparana\/wp-json\/wp\/v2\/users\/4"}],"replies":[{"embeddable":true,"href":"https:\/\/www.municipios.gov.py\/sanjuandelparana\/wp-json\/wp\/v2\/comments?post=119"}],"version-history":[{"count":22,"href":"https:\/\/www.municipios.gov.py\/sanjuandelparana\/wp-json\/wp\/v2\/pages\/119\/revisions"}],"predecessor-version":[{"id":1191,"href":"https:\/\/www.municipios.gov.py\/sanjuandelparana\/wp-json\/wp\/v2\/pages\/119\/revisions\/1191"}],"wp:attachment":[{"href":"https:\/\/www.municipios.gov.py\/sanjuandelparana\/wp-json\/wp\/v2\/media?parent=119"}],"curies":[{"name":"wp","href":"https:\/\/api.w.org\/{rel}","templated":true}]}}