{"id":2,"date":"2016-06-30T17:59:43","date_gmt":"2016-06-30T17:59:43","guid":{"rendered":"https:\/\/www.municipios.gov.py\/sancosmeydamian\/?page_id=2"},"modified":"2026-01-05T08:35:34","modified_gmt":"2026-01-05T11:35:34","slug":"pagina-ejemplo","status":"publish","type":"page","link":"https:\/\/www.municipios.gov.py\/sancosmeydamian\/","title":{"rendered":"Informaci\u00f3n"},"content":{"rendered":"<h1><\/h1>\n<h1><span style=\"color: #000000;\"><strong>SAN COSME Y DAMI\u00c1N<\/strong><\/span><\/h1>\n<p>Es una ciudad ubicada en el sur del <a title=\"Departamento de Itap\u00faa\" href=\"https:\/\/es.wikipedia.org\/wiki\/Departamento_de_Itap%C3%BAa\">Departamento de Itap\u00faa<\/a>. Tiene 800 <a title=\"Kil\u00f3metro cuadrado\" href=\"https:\/\/es.wikipedia.org\/wiki\/Kil%C3%B3metro_cuadrado\">km\u00b2<\/a> y una poblaci\u00f3n aproximada de 10.000 habitantes.<\/p>\n<p>Su Intendente Municipal es el Sr. Juan Manuel Santacruz (ANR)<\/p>\n<div class=\"thumb tright\">\n<div class=\"thumbinner\">\n<p><a class=\"image\" href=\"https:\/\/commons.wikimedia.org\/wiki\/File:San_Cosme_y_Damian_-_Iglesia_de_la_Reduccion.jpg\"><img loading=\"lazy\" decoding=\"async\" class=\"thumbimage\" src=\"https:\/\/upload.wikimedia.org\/wikipedia\/commons\/thumb\/b\/bb\/San_Cosme_y_Damian_-_Iglesia_de_la_Reduccion.jpg\/220px-San_Cosme_y_Damian_-_Iglesia_de_la_Reduccion.jpg\" srcset=\"\/\/upload.wikimedia.org\/wikipedia\/commons\/thumb\/b\/bb\/San_Cosme_y_Damian_-_Iglesia_de_la_Reduccion.jpg\/330px-San_Cosme_y_Damian_-_Iglesia_de_la_Reduccion.jpg 1.5x, \/\/upload.wikimedia.org\/wikipedia\/commons\/thumb\/b\/bb\/San_Cosme_y_Damian_-_Iglesia_de_la_Reduccion.jpg\/440px-San_Cosme_y_Damian_-_Iglesia_de_la_Reduccion.jpg 2x\" alt=\"\" width=\"220\" height=\"165\" data-file-width=\"640\" data-file-height=\"480\" \/><\/a>\u00a0 \u00a0 \u00a0\u00a0<a class=\"image\" href=\"https:\/\/commons.wikimedia.org\/wiki\/File:San_Cosme_y_Damian_-_Colegio.jpg\"><img loading=\"lazy\" decoding=\"async\" class=\"thumbimage\" src=\"https:\/\/upload.wikimedia.org\/wikipedia\/commons\/thumb\/2\/2c\/San_Cosme_y_Damian_-_Colegio.jpg\/220px-San_Cosme_y_Damian_-_Colegio.jpg\" srcset=\"\/\/upload.wikimedia.org\/wikipedia\/commons\/thumb\/2\/2c\/San_Cosme_y_Damian_-_Colegio.jpg\/330px-San_Cosme_y_Damian_-_Colegio.jpg 1.5x, \/\/upload.wikimedia.org\/wikipedia\/commons\/thumb\/2\/2c\/San_Cosme_y_Damian_-_Colegio.jpg\/440px-San_Cosme_y_Damian_-_Colegio.jpg 2x\" alt=\"\" width=\"220\" height=\"165\" data-file-width=\"640\" data-file-height=\"480\" \/><\/a><\/p>\n<div class=\"thumbcaption\">\n<div class=\"magnify\">\u00a0Iglesia de la Reducci\u00f3n \u00a0 \u00a0 \u00a0 \u00a0 \u00a0 \u00a0 \u00a0 \u00a0 \u00a0 \u00a0 \u00a0Restos del Colegio de la Reducci\u00f3n.<\/div>\n<\/div>\n<\/div>\n<\/div>\n<div id=\"toc\" class=\"toc\"><\/div>\n<h2><span id=\"Toponimia\" class=\"mw-headline\">Toponimia<\/span><\/h2>\n<p>Los <a title=\"Compa\u00f1\u00eda de Jes\u00fas\" href=\"https:\/\/es.wikipedia.org\/wiki\/Compa%C3%B1%C3%ADa_de_Jes%C3%BAs\">Jesuitas<\/a> denominaron al lugar con el nombre de \u00abSan Cosme y San Dami\u00e1n\u00bb en homenaje a <a title=\"Cosme y Dami\u00e1n\" href=\"https:\/\/es.wikipedia.org\/wiki\/Cosme_y_Dami%C3%A1n\">dos hermanos mellizos<\/a>, que fueron m\u00e9dicos y boticarios, martirizados siglo atr\u00e1s, en <a title=\"Sicilia\" href=\"https:\/\/es.wikipedia.org\/wiki\/Sicilia\">Sicilia<\/a> (Italia).<\/p>\n<h2><span id=\"Historia\" class=\"mw-headline\">Historia<\/span><\/h2>\n<p>Fue fundada el 25 de enero de 1632, por el Sacerdote Jesuita Adriano Formoso, en las Cierras Del Tape Rio Grande Do Sul &#8211; Brasil.<\/p>\n<p>Esta Misi\u00f3n Jesuitica Guaran\u00ed quiz\u00e1s sea de la que m\u00e1s cambios sufri\u00f3, sus habitantes tuvieron que trasladarse cuatro veces, hasta que en el a\u00f1o 1718 se ubica definitivamente al norte del <a title=\"R\u00edo Paran\u00e1\" href=\"https:\/\/es.wikipedia.org\/wiki\/R%C3%ADo_Paran%C3%A1\">Paran\u00e1<\/a>, donde se encuentra actualmente.<\/p>\n<p>La misma se halla situada en una serie de colinas que bordean el r\u00edo frente a la <a title=\"Isla Yacyret\u00e1\" href=\"https:\/\/es.wikipedia.org\/wiki\/Isla_Yacyret%C3%A1\">Isla Yacyret\u00e1<\/a>. La <a title=\"Represa de Yacyret\u00e1\" href=\"https:\/\/es.wikipedia.org\/wiki\/Represa_de_Yacyret%C3%A1\">represa hidroel\u00e9ctrica\u00a0<\/a>proyectada en este lugar por los gobiernos de <a title=\"Paraguay\" href=\"https:\/\/es.wikipedia.org\/wiki\/Paraguay\">Paraguay<\/a> y <a title=\"Argentina\" href=\"https:\/\/es.wikipedia.org\/wiki\/Argentina\">Argentina<\/a>, exigi\u00f3 la construcci\u00f3n y pavimentaci\u00f3n de una carretera para satisfacer las necesidades de un tr\u00e1nsito creciente, facilitando el traslado sin dificultad a cualquier punto del pa\u00eds.<\/p>\n<p>La Misi\u00f3n Jesuitica Guaran\u00ed de San Cosme y San Dami\u00e1n en otro tiempo fue muy conocida, incluso en Europa. La raz\u00f3n fue que en el a\u00f1o 1703 lleg\u00f3 el padre <a title=\"Buenaventura Su\u00e1rez\" href=\"https:\/\/es.wikipedia.org\/wiki\/Buenaventura_Su%C3%A1rez\">Buenaventura Su\u00e1rez<\/a>, natural de la <a class=\"mw-redirect\" title=\"Ciudad de Santa Fe (Argentina)\" href=\"https:\/\/es.wikipedia.org\/wiki\/Ciudad_de_Santa_Fe_(Argentina)\">ciudad de Santa Fe<\/a> (Argentina), que trabaj\u00f3 durante la segunda y tercera etapa. Este sacerdote inici\u00f3 trabajos y estudios sobre <a title=\"Astronom\u00eda\" href=\"https:\/\/es.wikipedia.org\/wiki\/Astronom%C3%ADa\">astronom\u00eda<\/a>, y ayudado por los ind\u00edgenas construy\u00f3 un <a title=\"Telescopio\" href=\"https:\/\/es.wikipedia.org\/wiki\/Telescopio\">telescopio<\/a>, <a class=\"new\" title=\"Cuadrante astron\u00f3mico (a\u00fan no redactado)\" href=\"https:\/\/es.wikipedia.org\/w\/index.php?title=Cuadrante_astron%C3%B3mico&amp;action=edit&amp;redlink=1\">cuadrante astron\u00f3mico<\/a> y un <a title=\"Reloj astron\u00f3mico\" href=\"https:\/\/es.wikipedia.org\/wiki\/Reloj_astron%C3%B3mico\">reloj astron\u00f3mico<\/a> que, aunque rudimentarios, eran exactos en su funcionamiento. Con ellos se realizaron trabajos de investigaci\u00f3n que dieron a conocer, y causaron asombro en universidades europeas.<\/p>\n<p>Su obra principal fue \u00abEl Lunario del Siglo\u00bb, a trav\u00e9s del cual se pod\u00edan conocer los fen\u00f3menos astrales a suceder con varios a\u00f1os de anticipaci\u00f3n.<\/p>\n<p>Tambi\u00e9n merecen destacarse sacerdotes alemanes que tuvieron gran influencia en el desarrollo de \u00abSan Cosme y San Dami\u00e1n\u00bb, en 1742 llega el padre Adolfo Scal, varios a\u00f1os despu\u00e9s lo hace el padre Johan Gilde, en 1751 pudieron dar la bienvenida al padre Unger, y a\u00f1os despu\u00e9s al padre Taddaeus Enis. Este \u00faltimo se distingui\u00f3 como l\u00edder de los indios en sus batallas contra los portugueses, y los \u00faltimos a\u00f1os que vivi\u00f3 en <a title=\"Paraguay\" href=\"https:\/\/es.wikipedia.org\/wiki\/Paraguay\">Paraguay<\/a> los pas\u00f3 ense\u00f1ando agricultura.<\/p>\n<h2><span id=\"Geograf.C3.ADa\" class=\"mw-headline\">Geograf\u00eda<\/span><\/h2>\n<dl>\n<dt>L\u00edmites<\/dt>\n<\/dl>\n<p><b>Al norte:<\/b> el Distrito de <a class=\"mw-redirect\" title=\"Coronel Bogado (Paraguay)\" href=\"https:\/\/es.wikipedia.org\/wiki\/Coronel_Bogado_(Paraguay)\">Coronel Bogado<\/a>.<\/p>\n<p><b>Al sur &#8211; sudeste:<\/b> el <a title=\"R\u00edo Paran\u00e1\" href=\"https:\/\/es.wikipedia.org\/wiki\/R%C3%ADo_Paran%C3%A1\">R\u00edo Paran\u00e1<\/a>, que lo separa de la <a title=\"Argentina\" href=\"https:\/\/es.wikipedia.org\/wiki\/Argentina\">Rep\u00fablica Argentina<\/a>.<\/p>\n<p><b>Al oeste:<\/b> el <a title=\"Departamento de Misiones\" href=\"https:\/\/es.wikipedia.org\/wiki\/Departamento_de_Misiones\">Departamento de Misiones<\/a>, y el <a title=\"General Delgado\" href=\"https:\/\/es.wikipedia.org\/wiki\/General_Delgado\">Distrito de General Delgado<\/a>.<\/p>\n<dl>\n<dt>Localidades<\/dt>\n<\/dl>\n<ul>\n<li>Tambura.<\/li>\n<li>Lomas Valentinas.<\/li>\n<li>San Lorenzo (Colonia Voluntad).<\/li>\n<li>Cambyret\u00e1.<\/li>\n<li>Tiburcio Bogado.<\/li>\n<li>Pirity.<\/li>\n<li>\u00d1ua&#8217;u.<\/li>\n<li>Potrero Yvate.<\/li>\n<li>Potrero Ferreira.<\/li>\n<li>San Mauricio.<\/li>\n<li>Atinguy.<\/li>\n<li>Isla Yacyreta.<\/li>\n<\/ul>\n<h3><span id=\"Hidrograf.C3.ADa\" class=\"mw-headline\">Hidrograf\u00eda<\/span><\/h3>\n<ul>\n<li><a title=\"R\u00edo Paran\u00e1\" href=\"https:\/\/es.wikipedia.org\/wiki\/R%C3%ADo_Paran%C3%A1\">R\u00edo Paran\u00e1<\/a><\/li>\n<\/ul>\n<dl>\n<dt>Arroyos<\/dt>\n<\/dl>\n<ul>\n<li>Aguapey<\/li>\n<li>Atinguy<\/li>\n<li>Cardozo<\/li>\n<li>Yvaruzu<\/li>\n<li>Sanja Ita<\/li>\n<li>Yacare.y<\/li>\n<\/ul>\n<h3><span id=\"Clima\" class=\"mw-headline\">Clima<\/span><\/h3>\n<p>Subtropical, muy propicia para la agricultura y la ganader\u00eda.<\/p>\n<h2><span id=\"Demograf.C3.ADa\" class=\"mw-headline\">Demograf\u00eda<\/span><\/h2>\n<p>San Cosme y Dami\u00e1n cuenta con 7.322 habitantes en total, de los cuales 2.045 viven en su \u00e1rea urbana, seg\u00fan el censo del 2002 realizado por la <a class=\"mw-redirect\" title=\"Direcci\u00f3n General de Estad\u00edsticas, Encuestas y Censos\" href=\"https:\/\/es.wikipedia.org\/wiki\/Direcci%C3%B3n_General_de_Estad%C3%ADsticas,_Encuestas_y_Censos\">Direcci\u00f3n General de Estad\u00edsticas, Encuestas y Censos<\/a>.<\/p>\n<h2><span id=\"Econom.C3.ADa\" class=\"mw-headline\">Econom\u00eda<\/span><\/h2>\n<p>La agricultura es la principal actividad econ\u00f3mica del pueblo juntamente con la ganader\u00eda, la pesca y el turismo que va creciendo d\u00eda a d\u00eda.<\/p>\n<p>Las principales producciones agr\u00edcolas de San Cosme y Dami\u00e1n son:<\/p>\n<ul>\n<li>Soja<\/li>\n<li>Arroz<\/li>\n<li>Ma\u00edz<\/li>\n<li>Mandioca<\/li>\n<li>Algod\u00f3n<\/li>\n<li>Poroto<\/li>\n<li>Hortalizas<\/li>\n<li>Ca\u00f1a dulce<\/li>\n<\/ul>\n<dl>\n<dt>Ganader\u00eda<\/dt>\n<\/dl>\n<ul>\n<li>Vacuno<\/li>\n<li>Criaderos de pollos<\/li>\n<li>Porcinos<\/li>\n<\/ul>\n<h2><span id=\"Infraestructura\" class=\"mw-headline\">Infraestructura<\/span><\/h2>\n<p>San Cosme y Dami\u00e1n est\u00e1 conectada a la <a title=\"Ruta 1 (Paraguay)\" href=\"https:\/\/es.wikipedia.org\/wiki\/Ruta_1_(Paraguay)\">Ruta N\u00ba 1 Mcal. Francisco Solano L\u00f3pez<\/a>, por el acceso D022 de 25 <a title=\"Kil\u00f3metro\" href=\"https:\/\/es.wikipedia.org\/wiki\/Kil%C3%B3metro\">km<\/a> totalmente asfaltada y con la Ciudad de Ayolas, Departamento de Misiones a 60 km ruta totalmente asfaltado.<\/p>\n<p>Adem\u00e1s cuenta con empresas de transporte p\u00fablico de pasajeros, que lo une a la ciudad de Coronel Bogado, Encarnaci\u00f3n, Ciudad del Este, Asunci\u00f3n y Ayolas.<\/p>\n<dl>\n<dt>Edificios P\u00fablicos<\/dt>\n<\/dl>\n<ul>\n<li>Polic\u00eda Nacional.<\/li>\n<li>Prefectura Naval.<\/li>\n<li>Municipalidad.<\/li>\n<li>Justicia Electoral.<\/li>\n<li>Registro Civil<\/li>\n<li>Juzgado de Paz.<\/li>\n<li>Bombero.<\/li>\n<li>COPACO.<\/li>\n<li>Centro de Salud.<\/li>\n<li>SENATUR.<\/li>\n<\/ul>\n<h2><span id=\"Cultura\" class=\"mw-headline\">Cultura y Cientifico<\/span><\/h2>\n<h3><span id=\"Educaci.C3.B3n\" class=\"mw-headline\">Educaci\u00f3n<\/span><\/h3>\n<ul>\n<li>Centro de Interpretaci\u00f3n Astronomico Buenaventura Suarez<\/li>\n<li>Cuatro Colegios Nacionales<\/li>\n<li>Un Colegio T\u00e9cnico en Hoteleria y Turismo<\/li>\n<li>Dos centros educativos, con 12 escuelas asociadas<\/li>\n<\/ul>\n<h3><span id=\"Patrimonio\" class=\"mw-headline\">Patrimonio<\/span><\/h3>\n<div class=\"noprint AP rellink\">Art\u00edculo principal: <i><a title=\"Misi\u00f3n Jesu\u00edtica de San Cosme y Dami\u00e1n\" href=\"https:\/\/es.wikipedia.org\/wiki\/Misi%C3%B3n_Jesu%C3%ADtica_de_San_Cosme_y_Dami%C3%A1n\">Misi\u00f3n Jesu\u00edtica Guarani de San Cosme y Dami\u00e1n<\/a><\/i><\/div>\n<div class=\"thumb tright\">\n<div class=\"thumbinner\">\n<p><a class=\"image\" href=\"https:\/\/commons.wikimedia.org\/wiki\/File:San_Cosme_y_Damian_-_Aljibe_y_Reloj_de_Sol.jpg\"><img loading=\"lazy\" decoding=\"async\" class=\"thumbimage\" src=\"https:\/\/upload.wikimedia.org\/wikipedia\/commons\/thumb\/5\/54\/San_Cosme_y_Damian_-_Aljibe_y_Reloj_de_Sol.jpg\/220px-San_Cosme_y_Damian_-_Aljibe_y_Reloj_de_Sol.jpg\" srcset=\"\/\/upload.wikimedia.org\/wikipedia\/commons\/thumb\/5\/54\/San_Cosme_y_Damian_-_Aljibe_y_Reloj_de_Sol.jpg\/330px-San_Cosme_y_Damian_-_Aljibe_y_Reloj_de_Sol.jpg 1.5x, \/\/upload.wikimedia.org\/wikipedia\/commons\/thumb\/5\/54\/San_Cosme_y_Damian_-_Aljibe_y_Reloj_de_Sol.jpg\/440px-San_Cosme_y_Damian_-_Aljibe_y_Reloj_de_Sol.jpg 2x\" alt=\"\" width=\"220\" height=\"165\" data-file-width=\"640\" data-file-height=\"480\" \/><\/a><\/p>\n<div class=\"thumbcaption\">\n<div class=\"magnify\"><\/div>\n<p>Reloj Solar, en la Misi\u00f3n Jesuitica Guarani de San Cosme y San Dami\u00e1n.<\/p>\n<\/div>\n<\/div>\n<\/div>\n<p>La \u00abIglesia de la Reducci\u00f3n\u00bb fue seriamente da\u00f1ada por un incendio en <a title=\"1899\" href=\"https:\/\/es.wikipedia.org\/wiki\/1899\">1899<\/a>, pero en <a title=\"1977\" href=\"https:\/\/es.wikipedia.org\/wiki\/1977\">1977<\/a> fue restaurada gracias a Adveniat y a la Arquidi\u00f3cesis de Colonia (Alemania). Esta iglesia parroquial parcialmente restaurada fue solemnemente consagrada en marzo de 1978, desde entonces en ella se celebra misa regularmente.<\/p>\n<p>Actualmente con el patrocinio de \u00abMissions Prokur\u00bb Nurember, que congrega a los jesuitas del sur se han proseguido los trabajos de restauraci\u00f3n.<\/p>\n<p>El Colegio es la \u00fanica construcci\u00f3n que se conserva tal cual, hasta hace pocos a\u00f1os sus aulas eran utilizadas como dependencias oficiales o eclesi\u00e1sticas. En las paredes y techos pueden observarse los estragos hechos por el tiempo y la humedad.<\/p>\n<p>\u00abSan Cosme y San Dami\u00e1n\u00bb posee 22 im\u00e1genes sacras talladas en madera, algunas con policrom\u00eda en buen estado, adem\u00e1s de otras que fueron restauradas por peritos del Departamento de Turismo. Una de las caracter\u00edsticas que identifican estas tallas es la fisonom\u00eda de alguna de ellas, como un Cristo que reproduce rasgos ind\u00edgenas, demostrando la evoluci\u00f3n hacia los modelos abor\u00edgenes.<\/p>\n<p>Tambi\u00e9n una serie de piezas como sillones, pila de agua bautismal esculpida en piedra y otros objetos que suman unas 45 en total.<\/p>\n<p>Las columnas monol\u00edticas poseen cierto inter\u00e9s, y tambi\u00e9n queda un reloj de sol, que aun hoy nos asombra su precisi\u00f3n horaria. A pesar de contar con numerosas piezas l\u00edticas que est\u00e1n a la espera de una restauraci\u00f3n y clasificaci\u00f3n adecuada, no posee un \u00abMuseo\u00bb.<\/p>\n<p>En estilo de arte podemos comentar que una de las principales caracter\u00edsticas que distingue a esta parroquia de las dem\u00e1s reducciones, es la sencillez y sobriedad tanto en la construcci\u00f3n como en las ornamentaciones utilizadas.<\/p>\n<p>Este lugar, juntamente con las Misiones Jesuiticas Guaranies de <a title=\"Misi\u00f3n jesu\u00edtica de Jes\u00fas de Tavarangu\u00e9\" href=\"https:\/\/es.wikipedia.org\/wiki\/Misi%C3%B3n_jesu%C3%ADtica_de_Jes%C3%BAs_de_Tavarangu%C3%A9\">Jes\u00fas<\/a> y <a class=\"mw-redirect\" title=\"Sant\u00edsima Trinidad del Paran\u00e1\" href=\"https:\/\/es.wikipedia.org\/wiki\/Sant%C3%ADsima_Trinidad_del_Paran%C3%A1\">Trinidad<\/a> es donde se encuentran los restos arquitect\u00f3nicos que revisten mayor importancia.<\/p>\n<p>San Cosme pertenece hoy a la di\u00f3cesis de Encarnaci\u00f3n y en la actualidad se est\u00e1 implementando el plan de trabajo para recuperar, preservar, consolidar y restaurar esta joya del patrimonio de Paraguay, a trav\u00e9s de la Direcci\u00f3n General de Turismo, el Obispado y el Ministerio de Educaci\u00f3n y Culto.<\/p>\n\n","protected":false},"excerpt":{"rendered":"<p>SAN COSME Y DAMI\u00c1N Es una ciudad ubicada en el sur del Departamento de Itap\u00faa. Tiene 800 km\u00b2 y una poblaci\u00f3n aproximada de 10.000 habitantes. Su Intendente Municipal es el Sr. Juan Manuel Santacruz (ANR) \u00a0 \u00a0 \u00a0\u00a0 \u00a0Iglesia de la Reducci\u00f3n \u00a0 \u00a0 \u00a0 \u00a0 \u00a0 \u00a0 \u00a0 \u00a0 \u00a0 \u00a0 \u00a0Restos del Colegio &#8230; <a title=\"Informaci\u00f3n\" class=\"read-more\" href=\"https:\/\/www.municipios.gov.py\/sancosmeydamian\/\" aria-label=\"Leer m\u00e1s sobre Informaci\u00f3n\">Leer Mas&#8230;<\/a><\/p>\n","protected":false},"author":4,"featured_media":0,"parent":0,"menu_order":0,"comment_status":"closed","ping_status":"closed","template":"","meta":{"generate_page_header":"","jetpack_post_was_ever_published":false,"footnotes":""},"class_list":["post-2","page","type-page","status-publish"],"jetpack_sharing_enabled":true,"jetpack_shortlink":"https:\/\/wp.me\/P8AJOf-2","_links":{"self":[{"href":"https:\/\/www.municipios.gov.py\/sancosmeydamian\/wp-json\/wp\/v2\/pages\/2","targetHints":{"allow":["GET"]}}],"collection":[{"href":"https:\/\/www.municipios.gov.py\/sancosmeydamian\/wp-json\/wp\/v2\/pages"}],"about":[{"href":"https:\/\/www.municipios.gov.py\/sancosmeydamian\/wp-json\/wp\/v2\/types\/page"}],"author":[{"embeddable":true,"href":"https:\/\/www.municipios.gov.py\/sancosmeydamian\/wp-json\/wp\/v2\/users\/4"}],"replies":[{"embeddable":true,"href":"https:\/\/www.municipios.gov.py\/sancosmeydamian\/wp-json\/wp\/v2\/comments?post=2"}],"version-history":[{"count":40,"href":"https:\/\/www.municipios.gov.py\/sancosmeydamian\/wp-json\/wp\/v2\/pages\/2\/revisions"}],"predecessor-version":[{"id":1292,"href":"https:\/\/www.municipios.gov.py\/sancosmeydamian\/wp-json\/wp\/v2\/pages\/2\/revisions\/1292"}],"wp:attachment":[{"href":"https:\/\/www.municipios.gov.py\/sancosmeydamian\/wp-json\/wp\/v2\/media?parent=2"}],"curies":[{"name":"wp","href":"https:\/\/api.w.org\/{rel}","templated":true}]}}