{"id":2,"date":"2016-06-30T17:59:43","date_gmt":"2016-06-30T17:59:43","guid":{"rendered":"https:\/\/www.municipios.gov.py\/pastora\/?page_id=2"},"modified":"2019-05-16T08:02:11","modified_gmt":"2019-05-16T12:02:11","slug":"pagina-ejemplo","status":"publish","type":"page","link":"https:\/\/www.municipios.gov.py\/pastora\/","title":{"rendered":"Informaci\u00f3n"},"content":{"rendered":"<p>&nbsp;<\/p>\n<p><img loading=\"lazy\" decoding=\"async\" class=\"wp-image-998 aligncenter\" src=\"https:\/\/www.municipios.gov.py\/pastora\/wp-content\/uploads\/sites\/178\/2019\/05\/cee7e317c018448b9f8c353d74d3512b1-300x169.jpg\" alt=\"\" width=\"307\" height=\"173\" srcset=\"https:\/\/www.municipios.gov.py\/pastora\/wp-content\/uploads\/sites\/178\/2019\/05\/cee7e317c018448b9f8c353d74d3512b1-300x169.jpg 300w, https:\/\/www.municipios.gov.py\/pastora\/wp-content\/uploads\/sites\/178\/2019\/05\/cee7e317c018448b9f8c353d74d3512b1.jpg 720w\" sizes=\"auto, (max-width: 307px) 100vw, 307px\" \/><\/p>\n<p>INFORMACI\u00d3N DEL DISTRITO DE LA PASTORA<\/p>\n<p>&nbsp;<\/p>\n<table width=\"0\">\n<tbody>\n<tr>\n<td width=\"792\"><strong>Rese\u00f1a Hist\u00f3rica<\/strong><\/td>\n<td width=\"308\"><\/td>\n<\/tr>\n<tr>\n<td colspan=\"2\">\n<p>Cuentan los antiguos lugare\u00f1os, que la comunidad de LA PASTORA surgi\u00f3 de la colonizaci\u00f3n de las familias que integraban el plantel de trabajadores de la GANADERA RIERA, que fuera por los a\u00f1os 1955 a orillas del arroyo LAGUNA H\u00db margen Norte, convirtiendo en parcelas de 20 hect\u00e1reas cada propiedad. Se destaca que los primeros pobladores fueron, los: ESTIGARRIBIA, BRITOS, MENDOZA, GIM\u00c9NEZ, ESTIGARRIBIA, OLEMDO, ROJAS Y OTROS\u2026.La primera Compa\u00f1\u00eda fue denominada con el nombre de COSTA TUR\u00da, que en la actualidad se denomina Compa\u00f1\u00eda Mar\u00eda Auxiliadora. Las nuevas familias fueron poblando la comarca, proven\u00edan de la zona de Sta. Elena, Mbocayaty del Yaguy, San Jos\u00e9 de los Arroyos, Caraguatay entre otras zonas de Cordillera.<\/p>\n<p>La fertilidad de la tierra despert\u00f3 el inter\u00e9s de los agricultores que motivo a su vez el r\u00e1pido aumento de la poblaci\u00f3n, extendi\u00e9ndose hacia la zona NORESTE.<\/p>\n<p>Se acoplaron a la colonizaci\u00f3n a\u00f1os m\u00e1s tarde, las firmas Bottrel Hnos., Serafini Hnos., hasta completar las 29 mil hect\u00e1reas que es la dimensi\u00f3n actual del Distrito.<\/p>\n<p>Corr\u00edan los a\u00f1os, y las familias segu\u00edan llegando a la nueva colonia, los caminos eran todo un desafi\u00f3 transitarlos, llegar de San Jos\u00e9 llevaba como tres d\u00edas y los hac\u00edan en carros tirados por bueyes y tambi\u00e9n se movilizaban a caballo. Los d\u00edas se convert\u00edan en verdaderas traves\u00edas, los viajeros acampaban a orillas del camino compartiendo sus provistas, pues nadie se animaba a transitar solo en las noches por la peligrosidad de las fieras que aun habitaban los montes de la zona.<\/p>\n<p><strong>\u00bfPor Que Se Llama La Pastora?<\/strong><\/p>\n<p>El nombre de la comunidad se debe a una distinguida dama paraguaya PASTORA DECOUD, hija del Dr. Jos\u00e9 Segundo Decoud, ciudadano ilustre asunceno, combatiente de la guerra contra la triple alianza y ministro del Interior en \u00e9poca del Gobierno del Gral Bernardino Caballero.<\/p>\n<p>Esta ilustre mujer, integro el grupo de persona insurrectas al R\u00e9gimen del Mcal. L\u00f3pez que fueran destinadas a los montes del Caaguaz\u00fa, entregadas como esclavos a los indios y que se los denominaba esclavos de raza blanca.<\/p>\n<p>En esta espesa selva, su lucha no fue solo contra los aliados de la guerra grande, su lucha fue contra las fieras de la selva y los nativos que los expon\u00edan a trabajos forzados y largas hambrunas.<\/p>\n<p>Un tiempo m\u00e1s tarde, estos insurrectos, fueros rescatados y llevados hasta el frente de batalla durante la guerra, entre ellos estaba PASTORA.<\/p>\n<p>En ese entonces, contrajo matrimonio con el empresario espa\u00f1ol CLAUDIO RIERA, quien falleci\u00f3 integrando las tropas paraguayas en la batalla de LOMAS VALENTINA.<\/p>\n<p>Del matrimonio PASTORA DECOUD Y CLAUDIO RIERA, naci\u00f3 MARCOS RIERA DECOUD, que desde muy joven marc\u00f3 su personalidad inquieta y activa en el trabajo.<\/p>\n<p>Hacia el a\u00f1o 1900, Marcos Riera, hereda la comarca y en homenaje a su querida madre, da nombre a su establecimiento ganadero forestal con el de \u201cLA PASTORA\u201d.<\/p>\n<p>El nombre de LA PASTORA, se sigue conservando, por el respeto a la historia, pues los pobladores consideran como patrimonio hist\u00f3rico de la ciudad a su nombre, por encima de muchas sugerencias de ponerle nombre ajenos al esp\u00edritu y deseo del pueblo.<\/p>\n<p><strong>Datos Geogr\u00e1ficos<\/strong><\/p>\n<p>El distrito de La Pastora esta geogr\u00e1ficamente situado a 38 km al Noroeste de la Capital departamental, siendo colindante con el Dpto. de Cordillera con las comunidades Caraguatay, Mbocayaty del Yaguy, rodeada igualmente al sur por Nueva Londres, al este por Cnel. Oviedo y al Norte por una parte de Carayao.<\/p>\n<p>La dimensi\u00f3n territorial es de 29 mil hect\u00e1reas, equivalentes a 290 Km. cuadrados, actualmente cuenta con cerca de 5.600 habitantes que se dedican principalmente a la producci\u00f3n AGRICOLA Y GANADERA.<\/p>\n<p><strong>Cuenta con 19 Compa\u00f1\u00edas<\/strong><\/p>\n<p>AL SUR<br \/>\nMar\u00eda Auxiliadora, San Miguel, San Agust\u00edn, San Lu\u00eds, San Antonio, San Isidro, San Rafael, Santa Librada, Leiva-\u00ed, Calle Pyahu<\/p>\n<p>AL ESTE<br \/>\nSanta Rosa, Santa Lucia, San Francisco, Santa Elena<\/p>\n<p>AL NORTE<br \/>\nSan Vicente, Inmaculada Concepci\u00f3n de Mar\u00eda, San Blas<\/p>\n<p>AL OESTE<br \/>\nSan Juan, San Jos\u00e9 Obrero, Santo Domingo (Casco Urbano)<\/td>\n<\/tr>\n<\/tbody>\n<\/table>\n<p>&nbsp;<\/p>\n","protected":false},"excerpt":{"rendered":"<p>&nbsp; INFORMACI\u00d3N DEL DISTRITO DE LA PASTORA &nbsp; Rese\u00f1a Hist\u00f3rica Cuentan los antiguos lugare\u00f1os, que la comunidad de LA PASTORA surgi\u00f3 de la colonizaci\u00f3n de las familias que integraban el plantel de trabajadores de la GANADERA RIERA, que fuera por los a\u00f1os 1955 a orillas del arroyo LAGUNA H\u00db margen Norte, convirtiendo en parcelas de &#8230; <a title=\"Informaci\u00f3n\" class=\"read-more\" href=\"https:\/\/www.municipios.gov.py\/pastora\/\" aria-label=\"Leer m\u00e1s sobre Informaci\u00f3n\">Leer Mas&#8230;<\/a><\/p>\n","protected":false},"author":4,"featured_media":0,"parent":0,"menu_order":0,"comment_status":"closed","ping_status":"closed","template":"","meta":{"generate_page_header":"","jetpack_post_was_ever_published":false,"footnotes":""},"class_list":["post-2","page","type-page","status-publish"],"jetpack_sharing_enabled":true,"jetpack_shortlink":"https:\/\/wp.me\/PaP3zJ-2","_links":{"self":[{"href":"https:\/\/www.municipios.gov.py\/pastora\/wp-json\/wp\/v2\/pages\/2","targetHints":{"allow":["GET"]}}],"collection":[{"href":"https:\/\/www.municipios.gov.py\/pastora\/wp-json\/wp\/v2\/pages"}],"about":[{"href":"https:\/\/www.municipios.gov.py\/pastora\/wp-json\/wp\/v2\/types\/page"}],"author":[{"embeddable":true,"href":"https:\/\/www.municipios.gov.py\/pastora\/wp-json\/wp\/v2\/users\/4"}],"replies":[{"embeddable":true,"href":"https:\/\/www.municipios.gov.py\/pastora\/wp-json\/wp\/v2\/comments?post=2"}],"version-history":[{"count":47,"href":"https:\/\/www.municipios.gov.py\/pastora\/wp-json\/wp\/v2\/pages\/2\/revisions"}],"predecessor-version":[{"id":999,"href":"https:\/\/www.municipios.gov.py\/pastora\/wp-json\/wp\/v2\/pages\/2\/revisions\/999"}],"wp:attachment":[{"href":"https:\/\/www.municipios.gov.py\/pastora\/wp-json\/wp\/v2\/media?parent=2"}],"curies":[{"name":"wp","href":"https:\/\/api.w.org\/{rel}","templated":true}]}}

Información

<p>&nbsp;</p>
<p><img loading="lazy" decoding="async" class="wp-image-998 aligncenter" src="https://www.municipios.gov.py/pastora/wp-content/uploads/sites/178/2019/05/cee7e317c018448b9f8c353d74d3512b1-300x169.jpg" alt="" width="307" height="173" srcset="https://www.municipios.gov.py/pastora/wp-content/uploads/sites/178/2019/05/cee7e317c018448b9f8c353d74d3512b1-300x169.jpg 300w, https://www.municipios.gov.py/pastora/wp-content/uploads/sites/178/2019/05/cee7e317c018448b9f8c353d74d3512b1.jpg 720w" sizes="auto, (max-width: 307px) 100vw, 307px" /></p>
<p>INFORMACIÓN DEL DISTRITO DE LA PASTORA</p>
<p>&nbsp;</p>
<table width="0">
<tbody>
<tr>
<td width="792"><strong>Reseña Histórica</strong></td>
<td width="308"></td>
</tr>
<tr>
<td colspan="2">
<p>Cuentan los antiguos lugareños, que la comunidad de LA PASTORA surgió de la colonización de las familias que integraban el plantel de trabajadores de la GANADERA RIERA, que fuera por los años 1955 a orillas del arroyo LAGUNA HÛ margen Norte, convirtiendo en parcelas de 20 hectáreas cada propiedad. Se destaca que los primeros pobladores fueron, los: ESTIGARRIBIA, BRITOS, MENDOZA, GIMÉNEZ, ESTIGARRIBIA, OLEMDO, ROJAS Y OTROS….La primera Compañía fue denominada con el nombre de COSTA TURÚ, que en la actualidad se denomina Compañía María Auxiliadora. Las nuevas familias fueron poblando la comarca, provenían de la zona de Sta. Elena, Mbocayaty del Yaguy, San José de los Arroyos, Caraguatay entre otras zonas de Cordillera.</p>
<p>La fertilidad de la tierra despertó el interés de los agricultores que motivo a su vez el rápido aumento de la población, extendiéndose hacia la zona NORESTE.</p>
<p>Se acoplaron a la colonización años más tarde, las firmas Bottrel Hnos., Serafini Hnos., hasta completar las 29 mil hectáreas que es la dimensión actual del Distrito.</p>
<p>Corrían los años, y las familias seguían llegando a la nueva colonia, los caminos eran todo un desafió transitarlos, llegar de San José llevaba como tres días y los hacían en carros tirados por bueyes y también se movilizaban a caballo. Los días se convertían en verdaderas travesías, los viajeros acampaban a orillas del camino compartiendo sus provistas, pues nadie se animaba a transitar solo en las noches por la peligrosidad de las fieras que aun habitaban los montes de la zona.</p>
<p><strong>¿Por Que Se Llama La Pastora?</strong></p>
<p>El nombre de la comunidad se debe a una distinguida dama paraguaya PASTORA DECOUD, hija del Dr. José Segundo Decoud, ciudadano ilustre asunceno, combatiente de la guerra contra la triple alianza y ministro del Interior en época del Gobierno del Gral Bernardino Caballero.</p>
<p>Esta ilustre mujer, integro el grupo de persona insurrectas al Régimen del Mcal. López que fueran destinadas a los montes del Caaguazú, entregadas como esclavos a los indios y que se los denominaba esclavos de raza blanca.</p>
<p>En esta espesa selva, su lucha no fue solo contra los aliados de la guerra grande, su lucha fue contra las fieras de la selva y los nativos que los exponían a trabajos forzados y largas hambrunas.</p>
<p>Un tiempo más tarde, estos insurrectos, fueros rescatados y llevados hasta el frente de batalla durante la guerra, entre ellos estaba PASTORA.</p>
<p>En ese entonces, contrajo matrimonio con el empresario español CLAUDIO RIERA, quien falleció integrando las tropas paraguayas en la batalla de LOMAS VALENTINA.</p>
<p>Del matrimonio PASTORA DECOUD Y CLAUDIO RIERA, nació MARCOS RIERA DECOUD, que desde muy joven marcó su personalidad inquieta y activa en el trabajo.</p>
<p>Hacia el año 1900, Marcos Riera, hereda la comarca y en homenaje a su querida madre, da nombre a su establecimiento ganadero forestal con el de “LA PASTORA”.</p>
<p>El nombre de LA PASTORA, se sigue conservando, por el respeto a la historia, pues los pobladores consideran como patrimonio histórico de la ciudad a su nombre, por encima de muchas sugerencias de ponerle nombre ajenos al espíritu y deseo del pueblo.</p>
<p><strong>Datos Geográficos</strong></p>
<p>El distrito de La Pastora esta geográficamente situado a 38 km al Noroeste de la Capital departamental, siendo colindante con el Dpto. de Cordillera con las comunidades Caraguatay, Mbocayaty del Yaguy, rodeada igualmente al sur por Nueva Londres, al este por Cnel. Oviedo y al Norte por una parte de Carayao.</p>
<p>La dimensión territorial es de 29 mil hectáreas, equivalentes a 290 Km. cuadrados, actualmente cuenta con cerca de 5.600 habitantes que se dedican principalmente a la producción AGRICOLA Y GANADERA.</p>
<p><strong>Cuenta con 19 Compañías</strong></p>
<p>AL SUR<br />
María Auxiliadora, San Miguel, San Agustín, San Luís, San Antonio, San Isidro, San Rafael, Santa Librada, Leiva-í, Calle Pyahu</p>
<p>AL ESTE<br />
Santa Rosa, Santa Lucia, San Francisco, Santa Elena</p>
<p>AL NORTE<br />
San Vicente, Inmaculada Concepción de María, San Blas</p>
<p>AL OESTE<br />
San Juan, San José Obrero, Santo Domingo (Casco Urbano)</td>
</tr>
</tbody>
</table>
<p>&nbsp;</p>

<p>&nbsp; INFORMACIÓN DEL DISTRITO DE LA PASTORA &nbsp; Reseña Histórica Cuentan los antiguos lugareños, que la comunidad de LA PASTORA surgió de la colonización de las familias que integraban el plantel de trabajadores de la GANADERA RIERA, que fuera por los años 1955 a orillas del arroyo LAGUNA HÛ margen Norte, convirtiendo en parcelas de &#8230; <a title="Información" class="read-more" href="https://www.municipios.gov.py/pastora/" aria-label="Leer más sobre Información">Leer Mas&#8230;</a></p>
