{"id":2,"date":"2016-06-16T18:37:04","date_gmt":"2016-06-16T18:37:04","guid":{"rendered":"https:\/\/www.municipios.gov.py\/nataliciotalavera\/?page_id=2"},"modified":"2016-07-29T13:44:46","modified_gmt":"2016-07-29T13:44:46","slug":"pagina-ejemplo","status":"publish","type":"page","link":"https:\/\/www.municipios.gov.py\/nataliciotalavera\/","title":{"rendered":"Informaci\u00f3n"},"content":{"rendered":"<p>Natalicio Talavera<\/p>\n<p><b><\/b>, es un dist<img loading=\"lazy\" decoding=\"async\" class=\" wp-image-41 alignleft\" src=\"https:\/\/www.municipios.gov.py\/nataliciotalavera\/wp-content\/uploads\/sites\/93\/2016\/06\/sede-1-300x225.png\" alt=\"sede 1\" width=\"264\" height=\"198\" srcset=\"https:\/\/www.municipios.gov.py\/nataliciotalavera\/wp-content\/uploads\/sites\/93\/2016\/06\/sede-1-300x225.png 300w, https:\/\/www.municipios.gov.py\/nataliciotalavera\/wp-content\/uploads\/sites\/93\/2016\/06\/sede-1-768x576.png 768w, https:\/\/www.municipios.gov.py\/nataliciotalavera\/wp-content\/uploads\/sites\/93\/2016\/06\/sede-1.png 800w\" sizes=\"auto, (max-width: 264px) 100vw, 264px\" \/>rito del <a title=\"Departamento de Guair\u00e1\" href=\"https:\/\/es.wikipedia.org\/wiki\/Departamento_de_Guair%C3%A1\">Departamento de Guair\u00e1<\/a>, (<a title=\"Paraguay\" href=\"https:\/\/es.wikipedia.org\/wiki\/Paraguay\">Paraguay<\/a>).<\/p>\n<p>Se encuentra aproximadamente a 180 km de la ciudad de <a title=\"Asunci\u00f3n\" href=\"https:\/\/es.wikipedia.org\/wiki\/Asunci%C3%B3n\">Asunci\u00f3n<\/a>, capital de la Rep\u00fablica del <a title=\"Paraguay\" href=\"https:\/\/es.wikipedia.org\/wiki\/Paraguay\">Paraguay<\/a>. Se accede a este distrito, por la ruta N\u00ba 8, Dr. Bl\u00e1s Garay.<\/p>\n<p>Natalicio Talavera, se encuentra al norte del mencionado departamento.<\/p>\n<p>Fue fundada en el a\u00f1o 1918, bajo la presidencia de <a title=\"Manuel Franco\" href=\"https:\/\/es.wikipedia.org\/wiki\/Manuel_Franco\">Manuel Franco<\/a>, en honor al gran poeta de la <a class=\"mw-redirect\" title=\"Guerra contra la Triple Alianza\" href=\"https:\/\/es.wikipedia.org\/wiki\/Guerra_contra_la_Triple_Alianza\">Guerra contra la Triple Alianza<\/a>,<a class=\"mw-redirect\" title=\"Natalicio Talavera\" href=\"https:\/\/es.wikipedia.org\/wiki\/Natalicio_Talavera\">Natalicio Talavera<\/a>.<\/p>\n<p>El R\u00edo Tebicuarym\u00ed, que corre atravesando todo el <a title=\"Departamento de Guair\u00e1\" href=\"https:\/\/es.wikipedia.org\/wiki\/Departamento_de_Guair%C3%A1\">Departamento de Guair\u00e1<\/a>, ba\u00f1a tambi\u00e9n la localidad de <a class=\"mw-redirect\" title=\"Natalicio Talavera\" href=\"https:\/\/es.wikipedia.org\/wiki\/Natalicio_Talavera\">Natalicio Talavera<\/a> y la pintoresca Tebicuary, famosa por sus playas y su producci\u00f3n de <a title=\"Az\u00facar\" href=\"https:\/\/es.wikipedia.org\/wiki\/Az%C3%BAcar\">az\u00facar<\/a>.<\/p>\n<p>Su principal actividad es agr\u00edcola, donde a m\u00e1s de los cultivos de subsistencia, sus habitantes cultivan <a class=\"mw-redirect\" title=\"Ca\u00f1a de az\u00facar\" href=\"https:\/\/es.wikipedia.org\/wiki\/Ca%C3%B1a_de_az%C3%BAcar\">ca\u00f1a de az\u00facar<\/a> para la fabricaci\u00f3n de <a title=\"Alcohol\" href=\"https:\/\/es.wikipedia.org\/wiki\/Alcohol\">alcohol<\/a> y <a title=\"Az\u00facar\" href=\"https:\/\/es.wikipedia.org\/wiki\/Az%C3%BAcar\">az\u00facar<\/a>.<\/p>\n<p>Se elev\u00f3 a la categor\u00eda de distrito en el a\u00f1o 1931. <a href=\"https:\/\/es.wikipedia.org\/wiki\/Natalicio_Talavera_(Paraguay)\">(Fuente)<\/a><\/p>\n<p>&nbsp;<\/p>\n<p>&nbsp;<\/p>\n<p style=\"text-align: center;\"><div class=\"googlemaps\">\n\t\t\t\t<iframe loading=\"lazy\" width=\"400\" height=\"300\" frameborder=\"0\" scrolling=\"no\" marginheight=\"0\" marginwidth=\"0\"  src=\"https:\/\/www.google.com\/maps\/embed?pb=!1m18!1m12!1m3!1d14385.950648813372!2d-56.31887922934785!3d-25.655124346555567!2m3!1f0!2f0!3f0!3m2!1i1024!2i768!4f13.1!3m3!1m2!1s0x945ed0bf49d6852b:0x769fd96bdb447af1!2sNatalicio%20Talavera!5e0!3m2!1ses-419!2spy!4v1467383954001\"><\/iframe>\n\t\t\t<\/div><\/p>\n<p style=\"text-align: center;\">\n<div  class=\"lgc-column lgc-grid-parent lgc-grid-50 lgc-tablet-grid-50 lgc-mobile-grid-100 lgc-equal-heights \"><div  class=\"inside-grid-column\"><br \/>\n<iframe loading=\"lazy\" width=\"400\" height=\"300\" src=\"http:\/\/www.cambioschaco.com.py\/widgets\/cotizacion\/\" frameborder=\"0\"><\/iframe><br \/>\n<\/div><\/div>\n<div  class=\"lgc-column lgc-grid-parent lgc-grid-50 lgc-tablet-grid-50 lgc-mobile-grid-100 lgc-equal-heights \"><div  class=\"inside-grid-column\">\n<div id=\"cont_ca91097599a4439aff3e21b888e8bde4\"><script type=\"text\/javascript\" async src=\"https:\/\/www.tiempo.com\/wid_loader\/ca91097599a4439aff3e21b888e8bde4\"><\/script><\/div>\n<p><\/p><\/div><\/div>\n","protected":false},"excerpt":{"rendered":"<p>Natalicio Talavera , es un distrito del Departamento de Guair\u00e1, (Paraguay). Se encuentra aproximadamente a 180 km de la ciudad de Asunci\u00f3n, capital de la Rep\u00fablica del Paraguay. Se accede a este distrito, por la ruta N\u00ba 8, Dr. Bl\u00e1s Garay. Natalicio Talavera, se encuentra al norte del mencionado departamento. Fue fundada en el a\u00f1o &#8230; <a title=\"Informaci\u00f3n\" class=\"read-more\" href=\"https:\/\/www.municipios.gov.py\/nataliciotalavera\/\" aria-label=\"Leer m\u00e1s sobre Informaci\u00f3n\">Leer Mas&#8230;<\/a><\/p>\n","protected":false},"author":4,"featured_media":0,"parent":0,"menu_order":0,"comment_status":"closed","ping_status":"closed","template":"","meta":{"generate_page_header":"","jetpack_post_was_ever_published":false,"footnotes":""},"class_list":["post-2","page","type-page","status-publish"],"jetpack_sharing_enabled":true,"jetpack_shortlink":"https:\/\/wp.me\/P7G0SY-2","_links":{"self":[{"href":"https:\/\/www.municipios.gov.py\/nataliciotalavera\/wp-json\/wp\/v2\/pages\/2","targetHints":{"allow":["GET"]}}],"collection":[{"href":"https:\/\/www.municipios.gov.py\/nataliciotalavera\/wp-json\/wp\/v2\/pages"}],"about":[{"href":"https:\/\/www.municipios.gov.py\/nataliciotalavera\/wp-json\/wp\/v2\/types\/page"}],"author":[{"embeddable":true,"href":"https:\/\/www.municipios.gov.py\/nataliciotalavera\/wp-json\/wp\/v2\/users\/4"}],"replies":[{"embeddable":true,"href":"https:\/\/www.municipios.gov.py\/nataliciotalavera\/wp-json\/wp\/v2\/comments?post=2"}],"version-history":[{"count":12,"href":"https:\/\/www.municipios.gov.py\/nataliciotalavera\/wp-json\/wp\/v2\/pages\/2\/revisions"}],"predecessor-version":[{"id":73,"href":"https:\/\/www.municipios.gov.py\/nataliciotalavera\/wp-json\/wp\/v2\/pages\/2\/revisions\/73"}],"wp:attachment":[{"href":"https:\/\/www.municipios.gov.py\/nataliciotalavera\/wp-json\/wp\/v2\/media?parent=2"}],"curies":[{"name":"wp","href":"https:\/\/api.w.org\/{rel}","templated":true}]}}