{"id":2,"date":"2016-06-23T19:21:25","date_gmt":"2016-06-23T19:21:25","guid":{"rendered":"https:\/\/www.municipios.gov.py\/moisesbertoni\/?page_id=2"},"modified":"2016-07-01T14:49:18","modified_gmt":"2016-07-01T14:49:18","slug":"pagina-ejemplo","status":"publish","type":"page","link":"https:\/\/www.municipios.gov.py\/moisesbertoni\/","title":{"rendered":"Informaci\u00f3n"},"content":{"rendered":"<p>Hacia 1880 se cre\u00f3 la Estaci\u00f3n Sosa, ubicada en un ramal entre <a title=\"Caazap\u00e1\" href=\"https:\/\/es.wikipedia.org\/wiki\/Caazap%C3%A1\">Caazap\u00e1<\/a> y <a title=\"Yuty\" href=\"https:\/\/es.wikipedia.org\/wiki\/Yuty\">Yuty<\/a>.<\/p>\n<p>El <a title=\"27 de julio\" href=\"https:\/\/es.wikipedia.org\/wiki\/27_de_julio\">27 de julio<\/a> de <a title=\"1931\" href=\"https:\/\/es.wikipedia.org\/wiki\/1931\">1931<\/a> \u2015en honor al gran investigador suizo, <a class=\"mw-redirect\" title=\"Mois\u00e9s Bertoni\" href=\"https:\/\/es.wikipedia.org\/wiki\/Mois%C3%A9s_Bertoni\">Mois\u00e9s Bertoni<\/a> (1857-1929)\u2015, un decreto del Poder Ejecutivo N.\u00ba\u00a040.843, firmado por el presidente <a class=\"mw-redirect\" title=\"Jos\u00e9 P. Guggiari\" href=\"https:\/\/es.wikipedia.org\/wiki\/Jos%C3%A9_P._Guggiari\">Jos\u00e9 P. Guggiari<\/a>, le cambi\u00f3 el nombre Estaci\u00f3n Sosa por Doctor Mois\u00e9s S. Bertoni<\/p>\n<p>La primera junta administrativa fue integrada por las siguientes personas:<\/p>\n<ul>\n<li>Presidente: Carlos Antonio L\u00f3pez Guerrero<\/li>\n<li>Miembros: Sixto Real y Basilicio N\u00fanez.<\/li>\n<li>Miembros suplentes: Guillermo Flores, Daniel Duarte.<\/li>\n<\/ul>\n<p>&nbsp;<\/p>\n<p style=\"text-align: center\"><div class=\"googlemaps\">\n\t\t\t\t<iframe loading=\"lazy\" width=\"400\" height=\"300\" frameborder=\"0\" scrolling=\"no\" marginheight=\"0\" marginwidth=\"0\"  src=\"https:\/\/www.google.com\/maps\/embed?pb=!1m18!1m12!1m3!1d28600.775497012328!2d-56.50219230564983!3d-26.355726480757667!2m3!1f0!2f0!3f0!3m2!1i1024!2i768!4f13.1!3m3!1m2!1s0x94590df03fcb8779:0x159cfb271ea2fd6c!2sDr%20Mois\u00e9s%20Santiago%20Bertoni!5e0!3m2!1ses-419!2spy!4v1467384517232\"><\/iframe>\n\t\t\t<\/div><\/p>\n","protected":false},"excerpt":{"rendered":"<p>Hacia 1880 se cre\u00f3 la Estaci\u00f3n Sosa, ubicada en un ramal entre Caazap\u00e1 y Yuty. El 27 de julio de 1931 \u2015en honor al gran investigador suizo, Mois\u00e9s Bertoni (1857-1929)\u2015, un decreto del Poder Ejecutivo N.\u00ba\u00a040.843, firmado por el presidente Jos\u00e9 P. Guggiari, le cambi\u00f3 el nombre Estaci\u00f3n Sosa por Doctor Mois\u00e9s S. Bertoni La &#8230; <a title=\"Informaci\u00f3n\" class=\"read-more\" href=\"https:\/\/www.municipios.gov.py\/moisesbertoni\/\" aria-label=\"Leer m\u00e1s sobre Informaci\u00f3n\">Leer Mas&#8230;<\/a><\/p>\n","protected":false},"author":4,"featured_media":0,"parent":0,"menu_order":0,"comment_status":"closed","ping_status":"open","template":"","meta":{"generate_page_header":"","jetpack_post_was_ever_published":false,"footnotes":""},"class_list":["post-2","page","type-page","status-publish"],"jetpack_sharing_enabled":true,"jetpack_shortlink":"https:\/\/wp.me\/P7G0TH-2","_links":{"self":[{"href":"https:\/\/www.municipios.gov.py\/moisesbertoni\/wp-json\/wp\/v2\/pages\/2","targetHints":{"allow":["GET"]}}],"collection":[{"href":"https:\/\/www.municipios.gov.py\/moisesbertoni\/wp-json\/wp\/v2\/pages"}],"about":[{"href":"https:\/\/www.municipios.gov.py\/moisesbertoni\/wp-json\/wp\/v2\/types\/page"}],"author":[{"embeddable":true,"href":"https:\/\/www.municipios.gov.py\/moisesbertoni\/wp-json\/wp\/v2\/users\/4"}],"replies":[{"embeddable":true,"href":"https:\/\/www.municipios.gov.py\/moisesbertoni\/wp-json\/wp\/v2\/comments?post=2"}],"version-history":[{"count":4,"href":"https:\/\/www.municipios.gov.py\/moisesbertoni\/wp-json\/wp\/v2\/pages\/2\/revisions"}],"predecessor-version":[{"id":52,"href":"https:\/\/www.municipios.gov.py\/moisesbertoni\/wp-json\/wp\/v2\/pages\/2\/revisions\/52"}],"wp:attachment":[{"href":"https:\/\/www.municipios.gov.py\/moisesbertoni\/wp-json\/wp\/v2\/media?parent=2"}],"curies":[{"name":"wp","href":"https:\/\/api.w.org\/{rel}","templated":true}]}}