{"id":19,"date":"2016-05-20T16:26:43","date_gmt":"2016-05-20T16:26:43","guid":{"rendered":"https:\/\/www.municipios.gov.py\/liberacion\/?page_id=19"},"modified":"2016-05-20T22:51:01","modified_gmt":"2016-05-20T22:51:01","slug":"junta-municipal","status":"publish","type":"page","link":"https:\/\/www.municipios.gov.py\/liberacion\/junta-municipal\/","title":{"rendered":"Junta Municipal"},"content":{"rendered":"<table class=\"tabla_miembros\" style=\"height: 903px\" width=\"821\">\n<tbody>\n<tr>\n<td>FELIPE NERI OLMEDO MIRANDA (PRESIDENTE)<\/td>\n<td>TITULAR<\/td>\n<\/tr>\n<tr>\n<td>REINALDO BASILIO MENDOZA OVELAR<\/td>\n<td>TITULAR<\/td>\n<\/tr>\n<tr>\n<td>ARNALDO MARTINEZ SOSA<\/td>\n<td>TITULAR<\/td>\n<\/tr>\n<tr>\n<td>VIRGINIA BRITEZ VDA. DE ESP\u00cdNOLA<\/td>\n<td>TITULAR<\/td>\n<\/tr>\n<tr>\n<td>NOEMI CONCEPCI\u00d3N AGUAYO DE PE\u00d1A<\/td>\n<td>TITULAR<\/td>\n<\/tr>\n<tr>\n<td>JUAN SILVINO BENITES PRIETO<\/td>\n<td>TITULAR<\/td>\n<\/tr>\n<tr>\n<td>ATANACIO OJEDA GAONA<\/td>\n<td>TITULAR<\/td>\n<\/tr>\n<tr>\n<td>EPIFANIO MERELES GONZ\u00c1LEZ<\/td>\n<td>TITULAR<\/td>\n<\/tr>\n<tr>\n<td>GREOGRIO CA\u00d1ETE CH\u00c1VEZ<\/td>\n<td>TITULAR<\/td>\n<\/tr>\n<tr>\n<td>EDUARDO MARIO VILLALBA MARECOS<\/td>\n<td>SUPLENTE<\/td>\n<\/tr>\n<tr>\n<td>ANGEL FABIAN VILLAMAYOR BENITEZ<\/td>\n<td>SUPLENTE<\/td>\n<\/tr>\n<tr>\n<td>EDUVIGIS AGUSTIN BERNAL PAREDES<\/td>\n<td>SUPLENTE<\/td>\n<\/tr>\n<tr>\n<td>SAMUEL SAMANIEGO BOGADO<\/td>\n<td>SUPLENTE<\/td>\n<\/tr>\n<tr>\n<td>ADRIANA LEZCANO RECALDE<\/td>\n<td>SUPLENTE<\/td>\n<\/tr>\n<tr>\n<td>CARLOS CARIN SILVA LESME<\/td>\n<td>SUPLENTE<\/td>\n<\/tr>\n<tr>\n<td>NERI OLMEDO ROLON<\/td>\n<td>SUPLENTE<\/td>\n<\/tr>\n<tr>\n<td>EDGAR DANIEL GONZ\u00c1LEZ RODR\u00cdGUEZ<\/td>\n<td>SUPLENTE<\/td>\n<\/tr>\n<tr>\n<td>MARCIANO ROMERO CUENCA<\/td>\n<td>SUPLENTE<\/td>\n<\/tr>\n<\/tbody>\n<\/table>\n<p>&nbsp;<\/p>\n","protected":false},"excerpt":{"rendered":"<p>FELIPE NERI OLMEDO MIRANDA (PRESIDENTE) TITULAR REINALDO BASILIO MENDOZA OVELAR TITULAR ARNALDO MARTINEZ SOSA TITULAR VIRGINIA BRITEZ VDA. DE ESP\u00cdNOLA TITULAR NOEMI CONCEPCI\u00d3N AGUAYO DE PE\u00d1A TITULAR JUAN SILVINO BENITES PRIETO TITULAR ATANACIO OJEDA GAONA TITULAR EPIFANIO MERELES GONZ\u00c1LEZ TITULAR GREOGRIO CA\u00d1ETE CH\u00c1VEZ TITULAR EDUARDO MARIO VILLALBA MARECOS SUPLENTE ANGEL FABIAN VILLAMAYOR BENITEZ SUPLENTE EDUVIGIS &#8230; <a title=\"Junta Municipal\" class=\"read-more\" href=\"https:\/\/www.municipios.gov.py\/liberacion\/junta-municipal\/\" aria-label=\"Leer m\u00e1s sobre Junta Municipal\">Leer Mas&#8230;<\/a><\/p>\n","protected":false},"author":4,"featured_media":0,"parent":0,"menu_order":0,"comment_status":"closed","ping_status":"closed","template":"","meta":{"generate_page_header":"","jetpack_post_was_ever_published":false,"footnotes":""},"class_list":["post-19","page","type-page","status-publish"],"jetpack_sharing_enabled":true,"jetpack_shortlink":"https:\/\/wp.me\/P7yNaE-j","_links":{"self":[{"href":"https:\/\/www.municipios.gov.py\/liberacion\/wp-json\/wp\/v2\/pages\/19","targetHints":{"allow":["GET"]}}],"collection":[{"href":"https:\/\/www.municipios.gov.py\/liberacion\/wp-json\/wp\/v2\/pages"}],"about":[{"href":"https:\/\/www.municipios.gov.py\/liberacion\/wp-json\/wp\/v2\/types\/page"}],"author":[{"embeddable":true,"href":"https:\/\/www.municipios.gov.py\/liberacion\/wp-json\/wp\/v2\/users\/4"}],"replies":[{"embeddable":true,"href":"https:\/\/www.municipios.gov.py\/liberacion\/wp-json\/wp\/v2\/comments?post=19"}],"version-history":[{"count":4,"href":"https:\/\/www.municipios.gov.py\/liberacion\/wp-json\/wp\/v2\/pages\/19\/revisions"}],"predecessor-version":[{"id":58,"href":"https:\/\/www.municipios.gov.py\/liberacion\/wp-json\/wp\/v2\/pages\/19\/revisions\/58"}],"wp:attachment":[{"href":"https:\/\/www.municipios.gov.py\/liberacion\/wp-json\/wp\/v2\/media?parent=19"}],"curies":[{"name":"wp","href":"https:\/\/api.w.org\/{rel}","templated":true}]}}

<table class="tabla_miembros" style="height: 903px" width="821">
<tbody>
<tr>
<td>FELIPE NERI OLMEDO MIRANDA (PRESIDENTE)</td>
<td>TITULAR</td>
</tr>
<tr>
<td>REINALDO BASILIO MENDOZA OVELAR</td>
<td>TITULAR</td>
</tr>
<tr>
<td>ARNALDO MARTINEZ SOSA</td>
<td>TITULAR</td>
</tr>
<tr>
<td>VIRGINIA BRITEZ VDA. DE ESPÍNOLA</td>
<td>TITULAR</td>
</tr>
<tr>
<td>NOEMI CONCEPCIÓN AGUAYO DE PEÑA</td>
<td>TITULAR</td>
</tr>
<tr>
<td>JUAN SILVINO BENITES PRIETO</td>
<td>TITULAR</td>
</tr>
<tr>
<td>ATANACIO OJEDA GAONA</td>
<td>TITULAR</td>
</tr>
<tr>
<td>EPIFANIO MERELES GONZÁLEZ</td>
<td>TITULAR</td>
</tr>
<tr>
<td>GREOGRIO CAÑETE CHÁVEZ</td>
<td>TITULAR</td>
</tr>
<tr>
<td>EDUARDO MARIO VILLALBA MARECOS</td>
<td>SUPLENTE</td>
</tr>
<tr>
<td>ANGEL FABIAN VILLAMAYOR BENITEZ</td>
<td>SUPLENTE</td>
</tr>
<tr>
<td>EDUVIGIS AGUSTIN BERNAL PAREDES</td>
<td>SUPLENTE</td>
</tr>
<tr>
<td>SAMUEL SAMANIEGO BOGADO</td>
<td>SUPLENTE</td>
</tr>
<tr>
<td>ADRIANA LEZCANO RECALDE</td>
<td>SUPLENTE</td>
</tr>
<tr>
<td>CARLOS CARIN SILVA LESME</td>
<td>SUPLENTE</td>
</tr>
<tr>
<td>NERI OLMEDO ROLON</td>
<td>SUPLENTE</td>
</tr>
<tr>
<td>EDGAR DANIEL GONZÁLEZ RODRÍGUEZ</td>
<td>SUPLENTE</td>
</tr>
<tr>
<td>MARCIANO ROMERO CUENCA</td>
<td>SUPLENTE</td>
</tr>
</tbody>
</table>
<p>&nbsp;</p>

<p>FELIPE NERI OLMEDO MIRANDA (PRESIDENTE) TITULAR REINALDO BASILIO MENDOZA OVELAR TITULAR ARNALDO MARTINEZ SOSA TITULAR VIRGINIA BRITEZ VDA. DE ESPÍNOLA TITULAR NOEMI CONCEPCIÓN AGUAYO DE PEÑA TITULAR JUAN SILVINO BENITES PRIETO TITULAR ATANACIO OJEDA GAONA TITULAR EPIFANIO MERELES GONZÁLEZ TITULAR GREOGRIO CAÑETE CHÁVEZ TITULAR EDUARDO MARIO VILLALBA MARECOS SUPLENTE ANGEL FABIAN VILLAMAYOR BENITEZ SUPLENTE EDUVIGIS &#8230; <a title="Junta Municipal" class="read-more" href="https://www.municipios.gov.py/liberacion/junta-municipal/" aria-label="Leer más sobre Junta Municipal">Leer Mas&#8230;</a></p>
