{"id":7,"date":"2016-02-11T12:36:26","date_gmt":"2016-02-11T12:36:26","guid":{"rendered":"https:\/\/www.municipios.gov.py\/itagua\/?page_id=7"},"modified":"2025-09-15T17:36:22","modified_gmt":"2025-09-15T20:36:22","slug":"datos-del-intendente","status":"publish","type":"page","link":"https:\/\/www.municipios.gov.py\/itaugua\/datos-del-intendente\/","title":{"rendered":"Datos del Intendente"},"content":{"rendered":"<p style=\"text-align: center;\"><img loading=\"lazy\" decoding=\"async\" class=\"alignnone size-medium wp-image-1008\" src=\"https:\/\/www.municipios.gov.py\/itaugua\/wp-content\/uploads\/sites\/63\/2025\/09\/HORACIO-DANIEL-300x207.jpg\" alt=\"\" width=\"300\" height=\"207\" srcset=\"https:\/\/www.municipios.gov.py\/itaugua\/wp-content\/uploads\/sites\/63\/2025\/09\/HORACIO-DANIEL-300x207.jpg 300w, https:\/\/www.municipios.gov.py\/itaugua\/wp-content\/uploads\/sites\/63\/2025\/09\/HORACIO-DANIEL.jpg 696w\" sizes=\"auto, (max-width: 300px) 100vw, 300px\" \/><\/p>\n<p style=\"text-align: center;\"><b>Nombre y Apellido: Horacio Daniel Fern\u00e1ndez Mor\u00ednigo<\/b><\/p>\n<p style=\"text-align: center;\"><b>Correo Electronico: <\/b>&#8211;<\/p>\n<p style=\"text-align: center;\"><b>Trayectoria\/Curriculum Vitae:\u00a0<\/b>Estudios Realizados:<\/p>\n<p style=\"text-align: center;\"><strong>Secundaria<\/strong><\/p>\n<p style=\"text-align: center;\"><strong>Instituci\u00f3n<\/strong>: Colegio Nacional E.M.D.<br \/>\n<strong>T\u00edtulo<\/strong>: Bachiller en Ciencias y Letras \u2013 Human\u00edstico<\/p>\n<p style=\"text-align: center;\"><strong>Universidad<\/strong><\/p>\n<p style=\"text-align: center;\"><strong>Instituci\u00f3n<\/strong>: Universidad Nacional de Asunci\u00f3n (U.N.A)<br \/>\n<strong>T\u00edtulo<\/strong>: Lic. En Ciencias Econ\u00f3micas<\/p>\n<p style=\"text-align: center;\"><strong>Trayectoria Pol\u00edtica:<\/strong><\/p>\n<p style=\"text-align: center;\"><strong>Cargo<\/strong>: Miembro de la Comisi\u00f3n Juvenil del P.L.R.A<\/p>\n<p style=\"text-align: center;\"><strong>Cargo<\/strong>: Miembro Convencional del P.L.R.A.<\/p>\n<p style=\"text-align: center;\"><strong>Cargo<\/strong>: Presidente del Comit\u00e9 P.L.R.A<\/p>\n<p style=\"text-align: center;\"><strong>Cargo<\/strong>: Concejal Municipal<\/p>\n<p style=\"text-align: center;\">Periodo 2021\/2026<\/p>\n<p style=\"text-align: center;\">Ocupando la Presidencia en los 1 periodo<\/p>\n","protected":false},"excerpt":{"rendered":"<p>Nombre y Apellido: Horacio Daniel Fern\u00e1ndez Mor\u00ednigo Correo Electronico: &#8211; Trayectoria\/Curriculum Vitae:\u00a0Estudios Realizados: Secundaria Instituci\u00f3n: Colegio Nacional E.M.D. T\u00edtulo: Bachiller en Ciencias y Letras \u2013 Human\u00edstico Universidad Instituci\u00f3n: Universidad Nacional de Asunci\u00f3n (U.N.A) T\u00edtulo: Lic. En Ciencias Econ\u00f3micas Trayectoria Pol\u00edtica: Cargo: Miembro de la Comisi\u00f3n Juvenil del P.L.R.A Cargo: Miembro Convencional del P.L.R.A. Cargo: Presidente &#8230; <a title=\"Datos del Intendente\" class=\"read-more\" href=\"https:\/\/www.municipios.gov.py\/itaugua\/datos-del-intendente\/\" aria-label=\"Leer m\u00e1s sobre Datos del Intendente\">Leer Mas&#8230;<\/a><\/p>\n","protected":false},"author":4,"featured_media":0,"parent":0,"menu_order":0,"comment_status":"closed","ping_status":"closed","template":"","meta":{"generate_page_header":"","jetpack_post_was_ever_published":false,"footnotes":""},"class_list":["post-7","page","type-page","status-publish"],"jetpack_sharing_enabled":true,"jetpack_shortlink":"https:\/\/wp.me\/P7k4fH-7","_links":{"self":[{"href":"https:\/\/www.municipios.gov.py\/itaugua\/wp-json\/wp\/v2\/pages\/7","targetHints":{"allow":["GET"]}}],"collection":[{"href":"https:\/\/www.municipios.gov.py\/itaugua\/wp-json\/wp\/v2\/pages"}],"about":[{"href":"https:\/\/www.municipios.gov.py\/itaugua\/wp-json\/wp\/v2\/types\/page"}],"author":[{"embeddable":true,"href":"https:\/\/www.municipios.gov.py\/itaugua\/wp-json\/wp\/v2\/users\/4"}],"replies":[{"embeddable":true,"href":"https:\/\/www.municipios.gov.py\/itaugua\/wp-json\/wp\/v2\/comments?post=7"}],"version-history":[{"count":12,"href":"https:\/\/www.municipios.gov.py\/itaugua\/wp-json\/wp\/v2\/pages\/7\/revisions"}],"predecessor-version":[{"id":1010,"href":"https:\/\/www.municipios.gov.py\/itaugua\/wp-json\/wp\/v2\/pages\/7\/revisions\/1010"}],"wp:attachment":[{"href":"https:\/\/www.municipios.gov.py\/itaugua\/wp-json\/wp\/v2\/media?parent=7"}],"curies":[{"name":"wp","href":"https:\/\/api.w.org\/{rel}","templated":true}]}}