{"id":133,"date":"2016-07-04T15:18:25","date_gmt":"2016-07-04T15:18:25","guid":{"rendered":"https:\/\/www.municipios.gov.py\/itanara\/?page_id=133"},"modified":"2024-10-29T11:55:04","modified_gmt":"2024-10-29T14:55:04","slug":"fonacide","status":"publish","type":"page","link":"https:\/\/www.municipios.gov.py\/itanara\/fonacide\/","title":{"rendered":"Fonacide"},"content":{"rendered":"<h2 style=\"text-align: center;\">FONACIDE<\/h2>\n<p style=\"text-align: center;\"><strong>CUMPLIMIENTO DE LA LEY 5581\/2016<\/strong><\/p>\n<p style=\"text-align: center;\"><strong>INFORME DE GESTI\u00d3N SEGUNDO CUATRIMESTRE A\u00d1O 2024<\/strong><\/p>\n<p><a href=\"https:\/\/www.municipios.gov.py\/itanara\/wp-content\/uploads\/sites\/195\/2024\/10\/EJECUCION-PRESUPUESTARIA-DE-RECURSOS-FONACIDE.pdf\">EJECUCION PRESUPUESTARIA DE RECURSOS FONACIDE<\/a><\/p>\n<p><a href=\"https:\/\/www.municipios.gov.py\/itanara\/wp-content\/uploads\/sites\/195\/2024\/10\/EJECUCION-PRESUPUESTARIA-POR-OBJETO-DE-GASTO-FONACIDE.pdf\">EJECUCION PRESUPUESTARIA POR OBJETO DE GASTO FONACIDE<\/a><\/p>\n<p><a href=\"https:\/\/www.municipios.gov.py\/itanara\/wp-content\/uploads\/sites\/195\/2024\/10\/INFORME-DE-GESTION-AL-2DO-CUAT-2024-ITANARA.pdf\">INFORME DE GESTION AL 2DO CUAT 2024 &#8211; ITANARA<\/a><\/p>\n<p>&nbsp;<\/p>\n<h2 style=\"text-align: center;\">FONACIDE<\/h2>\n<p style=\"text-align: center;\"><strong>CUMPLIMIENTO DE LA LEY 5581\/2016<\/strong><\/p>\n<p style=\"text-align: center;\"><strong>INFORME DE GESTI\u00d3N PRIMER CUATRIMESTRE A\u00d1O 2024<\/strong><\/p>\n<p><a href=\"https:\/\/www.municipios.gov.py\/itanara\/wp-content\/uploads\/sites\/195\/2024\/07\/Ejecucion-Presupuestaria-de-Gastos-Fonacide.pdf\">Ejecucion Presupuestaria de Gastos Fonacide<\/a><\/p>\n<p><a href=\"https:\/\/www.municipios.gov.py\/itanara\/wp-content\/uploads\/sites\/195\/2024\/07\/Ejecucion-Presupuestaria-de-Recursos-Fonacide.pdf\">Ejecucion Presupuestaria de Recursos Fonacide<\/a><\/p>\n<p><a href=\"https:\/\/www.municipios.gov.py\/itanara\/wp-content\/uploads\/sites\/195\/2024\/07\/INFORME-DE-GESTION.pdf\">INFORME DE GESTION<\/a><\/p>\n<p style=\"text-align: center;\"><strong>CUMPLIMIENTO DE LA LEY 5581\/2016<\/strong><\/p>\n<p style=\"text-align: center;\"><strong>INFORME DE GESTI\u00d3N TERCER CUATRIMESTRE A\u00d1O 2023<\/strong><\/p>\n<p><a href=\"https:\/\/www.municipios.gov.py\/itanara\/wp-content\/uploads\/sites\/195\/2024\/02\/Anexo-B.01.08-3er-Cuat.-2023-Itanara.pdf\">Anexo B.01.08 &#8211; 3er Cuat. 2023 &#8211; Itanara<\/a><\/p>\n<p><a href=\"https:\/\/www.municipios.gov.py\/itanara\/wp-content\/uploads\/sites\/195\/2024\/02\/Ejecucion-Presupuestaria-de-Gastos-Fonacide.pdf\">Ejecucion Presupuestaria de Gastos Fonacide<\/a><\/p>\n<p><a href=\"https:\/\/www.municipios.gov.py\/itanara\/wp-content\/uploads\/sites\/195\/2024\/02\/Ejecucion-Presupuestaria-de-Recursos-Fonacide.pdf\">Ejecucion Presupuestaria de Recursos Fonacide<\/a><\/p>\n<h2 style=\"text-align: center;\">FONACIDE<\/h2>\n<p style=\"text-align: center;\"><strong>CUMPLIMIENTO DE LA LEY 5581\/2016<\/strong><\/p>\n<p style=\"text-align: center;\"><strong>INFORME DE GESTI\u00d3N SEGUNDO CUATRIMESTRE A\u00d1O 2023<\/strong><\/p>\n<p><a href=\"https:\/\/www.municipios.gov.py\/itanara\/wp-content\/uploads\/sites\/195\/2023\/10\/EJECUCION-PRESUPUESTARIA-DE-RECURSOS-FONACIDE.pdf\">EJECUCION PRESUPUESTARIA DE RECURSOS FONACIDE<\/a><\/p>\n<p><a href=\"https:\/\/www.municipios.gov.py\/itanara\/wp-content\/uploads\/sites\/195\/2023\/10\/EJECUCION-PRESUPUESTARIA-POR-OBJETO-DE-GASTO-FONACIDE.pdf\">EJECUCION PRESUPUESTARIA POR OBJETO DE GASTO FONACIDE<\/a><\/p>\n<p><a href=\"https:\/\/www.municipios.gov.py\/itanara\/wp-content\/uploads\/sites\/195\/2023\/10\/INFORME-GESTION-MUNICIPAL-POR-RESULTADOS.pdf\">INFORME GESTI\u00d3N MUNICIPAL POR RESULTADOS<\/a><\/p>\n<p style=\"text-align: center;\"><strong>En cumplimiento al Art. 1\u00ba de la Ley 5581\/2016: \u00abQue modifica los Art\u00edculos 5\u00b0 y 8\u00b0 de la Ley N\u00b0 4758\/12 \u00abQue crea el Fondo Nacional de Inversi\u00f3n P\u00fablica y Desarrollo (FONACIDE) y el Fondo para la excelencia de la Educaci\u00f3n y la Investigaci\u00f3n\u00bb<\/strong><\/p>\n<p>&nbsp;<\/p>\n<p style=\"text-align: center;\"><strong>CUMPLIMIENTO DE LA LEY 5581\/2016<\/strong><\/p>\n<p style=\"text-align: center;\"><strong>INFORME DE GESTI\u00d3N PRIMER CUATRIMESTRE A\u00d1O 2023<\/strong><\/p>\n<p style=\"text-align: center;\"><strong>En cumplimiento al Art. 1\u00ba de la Ley 5581\/2016: \u00abQue modifica los Art\u00edculos 5\u00b0 y 8\u00b0 de la Ley N\u00b0 4758\/12 \u00abQue crea el Fondo Nacional de Inversi\u00f3n P\u00fablica y Desarrollo (FONACIDE) y el Fondo para la excelencia de la Educaci\u00f3n y la Investigaci\u00f3n\u00bb<\/strong><\/p>\n<p><a href=\"https:\/\/www.municipios.gov.py\/itanara\/wp-content\/uploads\/sites\/195\/2023\/08\/EJECUCION-PRESUPUESTARIA-DE-RECURSOS-FONACIDE.pdf\">EJECUCION PRESUPUESTARIA DE RECURSOS FONACIDE<\/a><\/p>\n<p><a href=\"https:\/\/www.municipios.gov.py\/itanara\/wp-content\/uploads\/sites\/195\/2023\/08\/EJECUCION-PRESUPUESTARIA-POR-OBJETO-DE-GASTO-FONACIDE.pdf\">EJECUCION PRESUPUESTARIA POR OBJETO DE GASTO FONACIDE<\/a><\/p>\n<p><a href=\"https:\/\/www.municipios.gov.py\/itanara\/wp-content\/uploads\/sites\/195\/2023\/08\/INFORME-DE-GESTION-MUNICIPAL-POR-RESULTADOS.pdf\">INFORME DE GESTI\u00d3N MUNICIPAL POR RESULTADOS<\/a><\/p>\n<p style=\"text-align: center;\"><strong>INFORME DE GESTI\u00d3N TERCER CUATRIMESTRE A\u00d1O 2022<\/strong><\/p>\n<p style=\"text-align: center;\"><strong>En cumplimiento al Art. 1\u00ba de la Ley 5581\/2016: \u00abQue modifica los Art\u00edculos 5\u00b0 y 8\u00b0 de la Ley N\u00b0 4758\/12 \u00abQue crea el Fondo Nacional de Inversi\u00f3n P\u00fablica y Desarrollo (FONACIDE) y el Fondo para la excelencia de la Educaci\u00f3n y la Investigaci\u00f3n\u00bb<\/strong><\/p>\n<p><a href=\"https:\/\/www.municipios.gov.py\/itanara\/wp-content\/uploads\/sites\/195\/2023\/03\/1.-ANEXO-B-01-08-TERCER-CUAT.-2022-MUNIC.-ITANARA.pdf\">1. ANEXO B-01-08 &#8211; TERCER CUAT. 2022 &#8211; MUNIC. ITANARA<\/a><\/p>\n<p><a href=\"https:\/\/www.municipios.gov.py\/itanara\/wp-content\/uploads\/sites\/195\/2023\/03\/2.-EJECUCION-DE-INGRESOS-FONACIDE.pdf\">2. EJECUCION DE INGRESOS FONACIDE<\/a><\/p>\n<p><a href=\"https:\/\/www.municipios.gov.py\/itanara\/wp-content\/uploads\/sites\/195\/2023\/03\/3.-EJECUCION-DE-GASTOS-FONACIDE.pdf\">3. EJECUCION DE GASTOS FONACIDE<\/a><\/p>\n<p style=\"text-align: center;\"><strong>INFORME DE GESTI\u00d3N SEGUNDO CUATRIMESTRE A\u00d1O 2022<\/strong><\/p>\n<p style=\"text-align: center;\"><strong>En cumplimiento al Art. 1\u00ba de la Ley 5581\/2016: \u00abQue modifica los Art\u00edculos 5\u00b0 y 8\u00b0 de la Ley N\u00b0 4758\/12 \u00abQue crea el Fondo Nacional de Inversi\u00f3n P\u00fablica y Desarrollo (FONACIDE) y el Fondo para la excelencia de la Educaci\u00f3n y la Investigaci\u00f3n\u00bb<\/strong><\/p>\n<p><a href=\"https:\/\/www.municipios.gov.py\/itanara\/wp-content\/uploads\/sites\/195\/2022\/11\/1Anexo-B-01-08-Informe-al-2do-cuat.-2022-Municipalidad-de-Itanara.pdf\">Anexo B-01-08 Informe al 2do cuat. 2022<\/a><\/p>\n<p><a href=\"https:\/\/www.municipios.gov.py\/itanara\/wp-content\/uploads\/sites\/195\/2022\/11\/6-EJECUCION-DE-INGRESOS-FONACIDE.pdf\">EJECUCION DE INGRESOS FONACIDE<\/a><\/p>\n<p><a href=\"https:\/\/www.municipios.gov.py\/itanara\/wp-content\/uploads\/sites\/195\/2022\/11\/9-EJECUCION-DE-GASTOS-FONACIDE.pdf\">EJECUCION DE GASTOS FONACIDE<\/a><\/p>\n<p style=\"text-align: center;\"><strong>INFORME DE GESTI\u00d3N PRIMER CUATRIMESTRE A\u00d1O 2022<\/strong><\/p>\n<p style=\"text-align: center;\"><strong>En cumplimiento al Art. 1\u00ba de la Ley 5581\/2016: \u00abQue modifica los Art\u00edculos 5\u00b0 y 8\u00b0 de la Ley N\u00b0 4758\/12 \u00abQue crea el Fondo Nacional de Inversi\u00f3n P\u00fablica y Desarrollo (FONACIDE) y el Fondo para la excelencia de la Educaci\u00f3n y la Investigaci\u00f3n\u00bb<\/strong><\/p>\n<p>&nbsp;<\/p>\n<p><a href=\"https:\/\/www.municipios.gov.py\/itanara\/wp-content\/uploads\/sites\/195\/2022\/06\/1-Anexo-B-01-08-al-1er.-Cuat.-2022-Itanara.pdf\">1 Anexo B-01-08 al 1er. Cuat. 2022 &#8211; Itanara<\/a><\/p>\n<p><a href=\"https:\/\/www.municipios.gov.py\/itanara\/wp-content\/uploads\/sites\/195\/2022\/06\/6-EJECUCION-DE-INGRESOS-FONACIDE.pdf\">6 EJECUCION DE INGRESOS FONACIDE<\/a><\/p>\n<p><a href=\"https:\/\/www.municipios.gov.py\/itanara\/wp-content\/uploads\/sites\/195\/2022\/06\/9-EJECUCION-DE-GASTOS-FONACIDE.pdf\">9 EJECUCION DE GASTOS FONACIDE<\/a><\/p>\n<p style=\"text-align: center;\"><strong>CUMPLIMIENTO DE LA LEY 5581\/2016<\/strong><\/p>\n<p style=\"text-align: center;\"><strong>INFORME DE GESTI\u00d3N TERCER CUATRIMESTRE A\u00d1O 2021<\/strong><\/p>\n<p style=\"text-align: center;\"><strong>En cumplimiento al Art. 1\u00ba de la Ley 5581\/2016: \u00abQue modifica los Art\u00edculos 5\u00b0 y 8\u00b0 de la Ley N\u00b0 4758\/12 \u00abQue crea el Fondo Nacional de Inversi\u00f3n P\u00fablica y Desarrollo (FONACIDE) y el Fondo para la excelencia de la Educaci\u00f3n y la Investigaci\u00f3n\u00bb<\/strong><\/p>\n<p><a href=\"https:\/\/www.municipios.gov.py\/itanara\/wp-content\/uploads\/sites\/195\/2022\/03\/1-Informe-Anexo-B-01-08-al-III-Cuat.-2021-Itanara.pdf\">1 Informe Anexo B-01-08 al III Cuat. 2021 &#8211; Itanara<\/a><\/p>\n<p><a href=\"https:\/\/www.municipios.gov.py\/itanara\/wp-content\/uploads\/sites\/195\/2022\/03\/2-Ejecucion-Presupuestaria-de-Recursos-Fonacide.pdf\">2 Ejecucion Presupuestaria de Recursos Fonacide<\/a><\/p>\n<p><a href=\"https:\/\/www.municipios.gov.py\/itanara\/wp-content\/uploads\/sites\/195\/2022\/03\/3-Ejecucion-Presupuestaria-de-Gastos-Fonacide.pdf\">3 Ejecucion Presupuestaria de Gastos Fonacide<\/a><\/p>\n<p>&nbsp;<\/p>\n<p><strong>Esta pagina es utilizada por la Nueva Administracion Municipal, considerar el historio de la Ley 5581\/2016 en la pagina anterior \/\/municipalidaditanara.gov.py<\/strong><\/p>\n","protected":false},"excerpt":{"rendered":"<p>FONACIDE CUMPLIMIENTO DE LA LEY 5581\/2016 INFORME DE GESTI\u00d3N SEGUNDO CUATRIMESTRE A\u00d1O 2024 EJECUCION PRESUPUESTARIA DE RECURSOS FONACIDE EJECUCION PRESUPUESTARIA POR OBJETO DE GASTO FONACIDE INFORME DE GESTION AL 2DO CUAT 2024 &#8211; ITANARA &nbsp; FONACIDE CUMPLIMIENTO DE LA LEY 5581\/2016 INFORME DE GESTI\u00d3N PRIMER CUATRIMESTRE A\u00d1O 2024 Ejecucion Presupuestaria de Gastos Fonacide Ejecucion &#8230; <a title=\"Fonacide\" class=\"read-more\" href=\"https:\/\/www.municipios.gov.py\/itanara\/fonacide\/\" aria-label=\"Leer m\u00e1s sobre Fonacide\">Leer M\u00e1s&#8230;<\/a><\/p>\n","protected":false},"author":4,"featured_media":0,"parent":0,"menu_order":0,"comment_status":"closed","ping_status":"closed","template":"","meta":{"jetpack_post_was_ever_published":false,"footnotes":""},"class_list":["post-133","page","type-page","status-publish"],"jetpack_sharing_enabled":true,"jetpack_shortlink":"https:\/\/wp.me\/P7H3N6-29","_links":{"self":[{"href":"https:\/\/www.municipios.gov.py\/itanara\/wp-json\/wp\/v2\/pages\/133","targetHints":{"allow":["GET"]}}],"collection":[{"href":"https:\/\/www.municipios.gov.py\/itanara\/wp-json\/wp\/v2\/pages"}],"about":[{"href":"https:\/\/www.municipios.gov.py\/itanara\/wp-json\/wp\/v2\/types\/page"}],"author":[{"embeddable":true,"href":"https:\/\/www.municipios.gov.py\/itanara\/wp-json\/wp\/v2\/users\/4"}],"replies":[{"embeddable":true,"href":"https:\/\/www.municipios.gov.py\/itanara\/wp-json\/wp\/v2\/comments?post=133"}],"version-history":[{"count":18,"href":"https:\/\/www.municipios.gov.py\/itanara\/wp-json\/wp\/v2\/pages\/133\/revisions"}],"predecessor-version":[{"id":713,"href":"https:\/\/www.municipios.gov.py\/itanara\/wp-json\/wp\/v2\/pages\/133\/revisions\/713"}],"wp:attachment":[{"href":"https:\/\/www.municipios.gov.py\/itanara\/wp-json\/wp\/v2\/media?parent=133"}],"curies":[{"name":"wp","href":"https:\/\/api.w.org\/{rel}","templated":true}]}}