{"id":17,"date":"2016-06-30T18:12:02","date_gmt":"2016-06-30T18:12:02","guid":{"rendered":"https:\/\/www.municipios.gov.py\/guayaibi\/?page_id=17"},"modified":"2017-11-30T08:35:39","modified_gmt":"2017-11-30T11:35:39","slug":"datos-del-intendente","status":"publish","type":"page","link":"https:\/\/www.municipios.gov.py\/guayaibi\/datos-del-intendente\/","title":{"rendered":"Datos del Intendente"},"content":{"rendered":"<h3><img loading=\"lazy\" decoding=\"async\" class=\"wp-image-894 alignleft\" src=\"https:\/\/www.municipios.gov.py\/guayaibi\/wp-content\/uploads\/sites\/153\/2016\/06\/20799018_221767698348593_8548323673676883638_n-169x300.jpg\" alt=\"\" width=\"342\" height=\"607\" srcset=\"https:\/\/www.municipios.gov.py\/guayaibi\/wp-content\/uploads\/sites\/153\/2016\/06\/20799018_221767698348593_8548323673676883638_n-169x300.jpg 169w, https:\/\/www.municipios.gov.py\/guayaibi\/wp-content\/uploads\/sites\/153\/2016\/06\/20799018_221767698348593_8548323673676883638_n.jpg 206w\" sizes=\"auto, (max-width: 342px) 100vw, 342px\" \/><\/h3>\n<h2><strong><span style=\"color: #ff9900;\"><em>Dr. Osvaldo Garc\u00eda Ar\u00e9valos.<\/em><\/span><\/strong><\/h2>\n<h3><strong><span style=\"color: #008080;\"><img loading=\"lazy\" decoding=\"async\" class=\"alignnone wp-image-893\" src=\"https:\/\/www.municipios.gov.py\/guayaibi\/wp-content\/uploads\/sites\/153\/2016\/06\/index.jpg\" alt=\"\" width=\"33\" height=\"33\" srcset=\"https:\/\/www.municipios.gov.py\/guayaibi\/wp-content\/uploads\/sites\/153\/2016\/06\/index.jpg 225w, https:\/\/www.municipios.gov.py\/guayaibi\/wp-content\/uploads\/sites\/153\/2016\/06\/index-150x150.jpg 150w\" sizes=\"auto, (max-width: 33px) 100vw, 33px\" \/><\/span><\/strong><span id=\"fb-timeline-cover-name\" class=\"_2t_q\" data-testid=\"profile_name_in_profile_page\"><a class=\"_2nlw _2nlv\" href=\"https:\/\/www.facebook.com\/osvaldo.garcia.37819\">Osvaldo Garcia<\/a><\/span><\/h3>\n<p>&nbsp;<\/p>\n<h3><a href=\"https:\/\/www.municipios.gov.py\/guayaibi\/wp-content\/uploads\/sites\/153\/2016\/06\/2015-a-i-133-Guajayvi.pdf\"><strong>A.I. Proclamaci\u00f3n del Intendente.<\/strong> <\/a><\/h3>\n","protected":false},"excerpt":{"rendered":"<p>Dr. Osvaldo Garc\u00eda Ar\u00e9valos. Osvaldo Garcia &nbsp; A.I. Proclamaci\u00f3n del Intendente.<\/p>\n","protected":false},"author":4,"featured_media":0,"parent":0,"menu_order":0,"comment_status":"closed","ping_status":"closed","template":"","meta":{"generate_page_header":"","jetpack_post_was_ever_published":false,"footnotes":""},"class_list":["post-17","page","type-page","status-publish"],"jetpack_sharing_enabled":true,"jetpack_shortlink":"https:\/\/wp.me\/P8AJQM-h","_links":{"self":[{"href":"https:\/\/www.municipios.gov.py\/guayaibi\/wp-json\/wp\/v2\/pages\/17","targetHints":{"allow":["GET"]}}],"collection":[{"href":"https:\/\/www.municipios.gov.py\/guayaibi\/wp-json\/wp\/v2\/pages"}],"about":[{"href":"https:\/\/www.municipios.gov.py\/guayaibi\/wp-json\/wp\/v2\/types\/page"}],"author":[{"embeddable":true,"href":"https:\/\/www.municipios.gov.py\/guayaibi\/wp-json\/wp\/v2\/users\/4"}],"replies":[{"embeddable":true,"href":"https:\/\/www.municipios.gov.py\/guayaibi\/wp-json\/wp\/v2\/comments?post=17"}],"version-history":[{"count":7,"href":"https:\/\/www.municipios.gov.py\/guayaibi\/wp-json\/wp\/v2\/pages\/17\/revisions"}],"predecessor-version":[{"id":950,"href":"https:\/\/www.municipios.gov.py\/guayaibi\/wp-json\/wp\/v2\/pages\/17\/revisions\/950"}],"wp:attachment":[{"href":"https:\/\/www.municipios.gov.py\/guayaibi\/wp-json\/wp\/v2\/media?parent=17"}],"curies":[{"name":"wp","href":"https:\/\/api.w.org\/{rel}","templated":true}]}}

<h3><img loading="lazy" decoding="async" class="wp-image-894 alignleft" src="https://www.municipios.gov.py/guayaibi/wp-content/uploads/sites/153/2016/06/20799018_221767698348593_8548323673676883638_n-169x300.jpg" alt="" width="342" height="607" srcset="https://www.municipios.gov.py/guayaibi/wp-content/uploads/sites/153/2016/06/20799018_221767698348593_8548323673676883638_n-169x300.jpg 169w, https://www.municipios.gov.py/guayaibi/wp-content/uploads/sites/153/2016/06/20799018_221767698348593_8548323673676883638_n.jpg 206w" sizes="auto, (max-width: 342px) 100vw, 342px" /></h3>
<h2><strong><span style="color: #ff9900;"><em>Dr. Osvaldo García Arévalos.</em></span></strong></h2>
<h3><strong><span style="color: #008080;"><img loading="lazy" decoding="async" class="alignnone wp-image-893" src="https://www.municipios.gov.py/guayaibi/wp-content/uploads/sites/153/2016/06/index.jpg" alt="" width="33" height="33" srcset="https://www.municipios.gov.py/guayaibi/wp-content/uploads/sites/153/2016/06/index.jpg 225w, https://www.municipios.gov.py/guayaibi/wp-content/uploads/sites/153/2016/06/index-150x150.jpg 150w" sizes="auto, (max-width: 33px) 100vw, 33px" /></span></strong><span id="fb-timeline-cover-name" class="_2t_q" data-testid="profile_name_in_profile_page"><a class="_2nlw _2nlv" href="https://www.facebook.com/osvaldo.garcia.37819">Osvaldo Garcia</a></span></h3>
<p>&nbsp;</p>
<h3><a href="https://www.municipios.gov.py/guayaibi/wp-content/uploads/sites/153/2016/06/2015-a-i-133-Guajayvi.pdf"><strong>A.I. Proclamación del Intendente.</strong> </a></h3>

<p>Dr. Osvaldo García Arévalos. Osvaldo Garcia &nbsp; A.I. Proclamación del Intendente.</p>
