{"id":85,"date":"2016-07-04T14:30:10","date_gmt":"2016-07-04T14:30:10","guid":{"rendered":"https:\/\/www.municipios.gov.py\/coroneloviedo\/?page_id=85"},"modified":"2025-09-16T10:23:41","modified_gmt":"2025-09-16T13:23:41","slug":"mecanismos-de-participacion-ciudadana","status":"publish","type":"page","link":"https:\/\/www.municipios.gov.py\/coroneloviedo\/mecanismos-de-participacion-ciudadana\/","title":{"rendered":"Mecanismos de participaci\u00f3n ciudadana"},"content":{"rendered":"<p style=\"text-align: center;\"><b>MECANISMOS\u00a0DE PARTICIPACI\u00d3N CIUDADANA<\/b><\/p>\n<p><strong>A)\u00a0 D\u00cdA DE GOBIERNO:<\/strong> Consiste en un encuentro entre autoridades y comunidades para establecer pol\u00edticas institucionales compartidas y participativas, para construir un proceso de desarrollo<strong> SOCIO AMBIENTAL TECNO PRODUCTIVO ECON\u00d3MICO PROSPECTIVO <\/strong>y de <strong>BIENESTAR CIUDADANO.<\/strong><\/p>\n<p>Los encuentros se realizar\u00e1n en Zonas Urbanas, Periurbanas y Rurales, para establecer una interacci\u00f3n permanente entre las autoridades del gobierno municipal y los actores principales del que hacer Cotidiano, Rutinario y Funcional de las fuerzas sociales, a partir de la realidad sectorial y regional.<\/p>\n<p>&nbsp;<\/p>\n<p><strong>B) PLAN DE ORDENAMIENTO URBANO TERRITORIAL: El (POUT) <\/strong>para el Distrito de Coronel Oviedo, gestionado y ejecutado por la Secretar\u00eda T\u00e9cnica de Planificaci\u00f3n del Desarrollo Econ\u00f3mico y Social (STP) en conjunto con la Municipalidad de Coronel Oviedo. Proyecto espacial que reglamenta el uso y la ocupaci\u00f3n del suelo, que luego busca entrar en vigencia por medio de una ordenanza municipal y una zonificaci\u00f3n que ilustra los usos adecuados para el territorio.<\/p>\n<p><strong>Ordenanza Municipal N\u00b0 025\/2022:<\/strong> Aprueba el Plan de Ordenamiento Urbano y Territorial del Municipio de Coronel Oviedo.<\/p>\n<p><a href=\"https:\/\/www.municipios.gov.py\/coroneloviedo\/wp-content\/uploads\/sites\/194\/2025\/09\/Documento-Final-Ordenanza-POUT_CORONEL-OVIEDO.pdf\">Documento Final Ordenanza POUT_CORONEL OVIEDO<\/a><\/p>\n<p><strong>C) CAPACITACIONES: <\/strong><\/p>\n<ul>\n<li><strong>Proyecto de Capacitaci\u00f3n Profesional en Instalaci\u00f3n, Desinstalaci\u00f3n y Mantenimiento para Acondicionadores de Aires en alianza con empresas privadas<\/strong>: se realiza con el fin de capacitar y entrenar a personas en el rubro de instalaci\u00f3n, desinstalaci\u00f3n y mantenimiento en aires acondicionados de la marca Speed.<\/li>\n<li><strong>Desarrollar Capacidades Instaladas en el Uso de M\u00e1quinas Industriales en el Rubro Textil, con Empresas Privadas<\/strong>.<\/li>\n<li>Desarrollar el uso y manejo correcto de m\u00e1quinas industriales.<\/li>\n<li>Utilizar t\u00e9cnicas adecuadas para el manejo de m\u00e1quinas Recta.<\/li>\n<li>Comprender la importancia de una producci\u00f3n por resultado en m\u00e1quinas industriales.<\/li>\n<\/ul>\n","protected":false},"excerpt":{"rendered":"<p>MECANISMOS\u00a0DE PARTICIPACI\u00d3N CIUDADANA A)\u00a0 D\u00cdA DE GOBIERNO: Consiste en un encuentro entre autoridades y comunidades para establecer pol\u00edticas institucionales compartidas y participativas, para construir un proceso de desarrollo SOCIO AMBIENTAL TECNO PRODUCTIVO ECON\u00d3MICO PROSPECTIVO y de BIENESTAR CIUDADANO. Los encuentros se realizar\u00e1n en Zonas Urbanas, Periurbanas y Rurales, para establecer una interacci\u00f3n permanente entre &#8230; <a title=\"Mecanismos de participaci\u00f3n ciudadana\" class=\"read-more\" href=\"https:\/\/www.municipios.gov.py\/coroneloviedo\/mecanismos-de-participacion-ciudadana\/\" aria-label=\"Leer m\u00e1s sobre Mecanismos de participaci\u00f3n ciudadana\">Leer M\u00e1s&#8230;<\/a><\/p>\n","protected":false},"author":4,"featured_media":0,"parent":0,"menu_order":0,"comment_status":"closed","ping_status":"closed","template":"","meta":{"jetpack_post_was_ever_published":false,"footnotes":""},"class_list":["post-85","page","type-page","status-publish"],"jetpack_sharing_enabled":true,"jetpack_shortlink":"https:\/\/wp.me\/P7H3N6-1n","_links":{"self":[{"href":"https:\/\/www.municipios.gov.py\/coroneloviedo\/wp-json\/wp\/v2\/pages\/85","targetHints":{"allow":["GET"]}}],"collection":[{"href":"https:\/\/www.municipios.gov.py\/coroneloviedo\/wp-json\/wp\/v2\/pages"}],"about":[{"href":"https:\/\/www.municipios.gov.py\/coroneloviedo\/wp-json\/wp\/v2\/types\/page"}],"author":[{"embeddable":true,"href":"https:\/\/www.municipios.gov.py\/coroneloviedo\/wp-json\/wp\/v2\/users\/4"}],"replies":[{"embeddable":true,"href":"https:\/\/www.municipios.gov.py\/coroneloviedo\/wp-json\/wp\/v2\/comments?post=85"}],"version-history":[{"count":5,"href":"https:\/\/www.municipios.gov.py\/coroneloviedo\/wp-json\/wp\/v2\/pages\/85\/revisions"}],"predecessor-version":[{"id":5114,"href":"https:\/\/www.municipios.gov.py\/coroneloviedo\/wp-json\/wp\/v2\/pages\/85\/revisions\/5114"}],"wp:attachment":[{"href":"https:\/\/www.municipios.gov.py\/coroneloviedo\/wp-json\/wp\/v2\/media?parent=85"}],"curies":[{"name":"wp","href":"https:\/\/api.w.org\/{rel}","templated":true}]}}