{"id":19,"date":"2016-06-30T18:12:37","date_gmt":"2016-06-30T18:12:37","guid":{"rendered":"https:\/\/www.municipios.gov.py\/concepcion\/?page_id=19"},"modified":"2018-08-07T12:51:54","modified_gmt":"2018-08-07T16:51:54","slug":"junta-municipal","status":"publish","type":"page","link":"https:\/\/www.municipios.gov.py\/concepcion\/junta-municipal\/","title":{"rendered":"Junta Municipal"},"content":{"rendered":"<p>0.<\/p>\n<p style=\"text-align: center;\"><strong><em>PRESIDENTE:<\/em><\/strong> Abog. Sisinia Silva Ag\u00fcero\u00a0<img loading=\"lazy\" decoding=\"async\" class=\"size-medium wp-image-489 aligncenter\" src=\"https:\/\/www.municipios.gov.py\/concepcion\/wp-content\/uploads\/sites\/116\/2018\/08\/SISINIA-300x235.jpg\" alt=\"PDTA. DE LA JUNTA MUNICIPAL\" width=\"300\" height=\"235\" srcset=\"https:\/\/www.municipios.gov.py\/concepcion\/wp-content\/uploads\/sites\/116\/2018\/08\/SISINIA-300x235.jpg 300w, https:\/\/www.municipios.gov.py\/concepcion\/wp-content\/uploads\/sites\/116\/2018\/08\/SISINIA-768x601.jpg 768w, https:\/\/www.municipios.gov.py\/concepcion\/wp-content\/uploads\/sites\/116\/2018\/08\/SISINIA.jpg 991w\" sizes=\"auto, (max-width: 300px) 100vw, 300px\" \/><\/p>\n<p>&nbsp;<\/p>\n<p style=\"text-align: center;\"><em><strong>VICE-PRESIDENTE:<\/strong><\/em> Javier Vergara Recalde<\/p>\n<p><img loading=\"lazy\" decoding=\"async\" class=\"aligncenter size-medium wp-image-494\" src=\"https:\/\/www.municipios.gov.py\/concepcion\/wp-content\/uploads\/sites\/116\/2018\/08\/VERGARA-280x300.jpg\" alt=\"VICE-PRESIDENTE\" width=\"280\" height=\"300\" srcset=\"https:\/\/www.municipios.gov.py\/concepcion\/wp-content\/uploads\/sites\/116\/2018\/08\/VERGARA-280x300.jpg 280w, https:\/\/www.municipios.gov.py\/concepcion\/wp-content\/uploads\/sites\/116\/2018\/08\/VERGARA-768x824.jpg 768w, https:\/\/www.municipios.gov.py\/concepcion\/wp-content\/uploads\/sites\/116\/2018\/08\/VERGARA.jpg 795w\" sizes=\"auto, (max-width: 280px) 100vw, 280px\" \/><\/p>\n<p style=\"text-align: center;\"><strong><em>MIEMBROS<\/em><\/strong><\/p>\n<p style=\"text-align: center;\">Abog. Miguel \u00c1ngel Dom\u00ednguez Bogado<\/p>\n<p><img loading=\"lazy\" decoding=\"async\" class=\"aligncenter size-medium wp-image-495\" src=\"https:\/\/www.municipios.gov.py\/concepcion\/wp-content\/uploads\/sites\/116\/2018\/08\/MIGUEL-DOMINGUEZ-300x256.jpg\" alt=\"\" width=\"300\" height=\"256\" srcset=\"https:\/\/www.municipios.gov.py\/concepcion\/wp-content\/uploads\/sites\/116\/2018\/08\/MIGUEL-DOMINGUEZ-300x256.jpg 300w, https:\/\/www.municipios.gov.py\/concepcion\/wp-content\/uploads\/sites\/116\/2018\/08\/MIGUEL-DOMINGUEZ-768x655.jpg 768w, https:\/\/www.municipios.gov.py\/concepcion\/wp-content\/uploads\/sites\/116\/2018\/08\/MIGUEL-DOMINGUEZ.jpg 987w\" sizes=\"auto, (max-width: 300px) 100vw, 300px\" \/><\/p>\n<p>&nbsp;<\/p>\n<p style=\"text-align: center;\">Abog. Gustavo David Bonzi Villalba<\/p>\n<p><img loading=\"lazy\" decoding=\"async\" class=\"aligncenter size-medium wp-image-496\" src=\"https:\/\/www.municipios.gov.py\/concepcion\/wp-content\/uploads\/sites\/116\/2018\/08\/BONZI-300x277.jpg\" alt=\"\" width=\"300\" height=\"277\" srcset=\"https:\/\/www.municipios.gov.py\/concepcion\/wp-content\/uploads\/sites\/116\/2018\/08\/BONZI-300x277.jpg 300w, https:\/\/www.municipios.gov.py\/concepcion\/wp-content\/uploads\/sites\/116\/2018\/08\/BONZI-768x709.jpg 768w, https:\/\/www.municipios.gov.py\/concepcion\/wp-content\/uploads\/sites\/116\/2018\/08\/BONZI.jpg 924w\" sizes=\"auto, (max-width: 300px) 100vw, 300px\" \/><\/p>\n<p>&nbsp;<\/p>\n<p style=\"text-align: center;\">Ing. Agr. Asunci\u00f3n Carballo Vera<\/p>\n<p><img loading=\"lazy\" decoding=\"async\" class=\"aligncenter size-medium wp-image-497\" src=\"https:\/\/www.municipios.gov.py\/concepcion\/wp-content\/uploads\/sites\/116\/2018\/08\/CARVALLO-300x256.jpg\" alt=\"\" width=\"300\" height=\"256\" srcset=\"https:\/\/www.municipios.gov.py\/concepcion\/wp-content\/uploads\/sites\/116\/2018\/08\/CARVALLO-300x256.jpg 300w, https:\/\/www.municipios.gov.py\/concepcion\/wp-content\/uploads\/sites\/116\/2018\/08\/CARVALLO-768x654.jpg 768w, https:\/\/www.municipios.gov.py\/concepcion\/wp-content\/uploads\/sites\/116\/2018\/08\/CARVALLO.jpg 1001w\" sizes=\"auto, (max-width: 300px) 100vw, 300px\" \/><\/p>\n<p>&nbsp;<\/p>\n<p style=\"text-align: center;\">Dr. H\u00e9ctor Rafael Gonz\u00e1lez Alfonzo<\/p>\n<p><img loading=\"lazy\" decoding=\"async\" class=\"aligncenter size-medium wp-image-498\" src=\"https:\/\/www.municipios.gov.py\/concepcion\/wp-content\/uploads\/sites\/116\/2018\/08\/DR.-GONZALEZ-300x282.jpg\" alt=\"\" width=\"300\" height=\"282\" srcset=\"https:\/\/www.municipios.gov.py\/concepcion\/wp-content\/uploads\/sites\/116\/2018\/08\/DR.-GONZALEZ-300x282.jpg 300w, https:\/\/www.municipios.gov.py\/concepcion\/wp-content\/uploads\/sites\/116\/2018\/08\/DR.-GONZALEZ-768x723.jpg 768w, https:\/\/www.municipios.gov.py\/concepcion\/wp-content\/uploads\/sites\/116\/2018\/08\/DR.-GONZALEZ.jpg 906w\" sizes=\"auto, (max-width: 300px) 100vw, 300px\" \/><\/p>\n<p>&nbsp;<\/p>\n<p style=\"text-align: center;\">Ing. Agr. Epifanio \u00c1valos<\/p>\n<p><img loading=\"lazy\" decoding=\"async\" class=\"aligncenter size-medium wp-image-499\" src=\"https:\/\/www.municipios.gov.py\/concepcion\/wp-content\/uploads\/sites\/116\/2018\/08\/EPIFANIO-300x287.jpg\" alt=\"\" width=\"300\" height=\"287\" srcset=\"https:\/\/www.municipios.gov.py\/concepcion\/wp-content\/uploads\/sites\/116\/2018\/08\/EPIFANIO-300x287.jpg 300w, https:\/\/www.municipios.gov.py\/concepcion\/wp-content\/uploads\/sites\/116\/2018\/08\/EPIFANIO-768x735.jpg 768w, https:\/\/www.municipios.gov.py\/concepcion\/wp-content\/uploads\/sites\/116\/2018\/08\/EPIFANIO.jpg 891w\" sizes=\"auto, (max-width: 300px) 100vw, 300px\" \/><\/p>\n<p>&nbsp;<\/p>\n<p style=\"text-align: center;\">Prof. Hilda Del Rosario Quevedo de Ib\u00e1\u00f1ez<\/p>\n<p><img loading=\"lazy\" decoding=\"async\" class=\"aligncenter size-medium wp-image-500\" src=\"https:\/\/www.municipios.gov.py\/concepcion\/wp-content\/uploads\/sites\/116\/2018\/08\/HILDA-QUEVEDO-300x278.jpg\" alt=\"\" width=\"300\" height=\"278\" srcset=\"https:\/\/www.municipios.gov.py\/concepcion\/wp-content\/uploads\/sites\/116\/2018\/08\/HILDA-QUEVEDO-300x278.jpg 300w, https:\/\/www.municipios.gov.py\/concepcion\/wp-content\/uploads\/sites\/116\/2018\/08\/HILDA-QUEVEDO-768x712.jpg 768w, https:\/\/www.municipios.gov.py\/concepcion\/wp-content\/uploads\/sites\/116\/2018\/08\/HILDA-QUEVEDO.jpg 920w\" sizes=\"auto, (max-width: 300px) 100vw, 300px\" \/><\/p>\n<p>&nbsp;<\/p>\n<p style=\"text-align: center;\">Bl\u00e1s Enrique Paniagua Acevedo<\/p>\n<p><img loading=\"lazy\" decoding=\"async\" class=\"aligncenter size-medium wp-image-501\" src=\"https:\/\/www.municipios.gov.py\/concepcion\/wp-content\/uploads\/sites\/116\/2018\/08\/HENRY-300x268.jpg\" alt=\"\" width=\"300\" height=\"268\" srcset=\"https:\/\/www.municipios.gov.py\/concepcion\/wp-content\/uploads\/sites\/116\/2018\/08\/HENRY-300x268.jpg 300w, https:\/\/www.municipios.gov.py\/concepcion\/wp-content\/uploads\/sites\/116\/2018\/08\/HENRY-768x685.jpg 768w, https:\/\/www.municipios.gov.py\/concepcion\/wp-content\/uploads\/sites\/116\/2018\/08\/HENRY.jpg 956w\" sizes=\"auto, (max-width: 300px) 100vw, 300px\" \/><\/p>\n<p>&nbsp;<\/p>\n<p style=\"text-align: center;\">Lic. Ytalo Rafael Centuri\u00f2n<\/p>\n<p><img loading=\"lazy\" decoding=\"async\" class=\"aligncenter size-medium wp-image-502\" src=\"https:\/\/www.municipios.gov.py\/concepcion\/wp-content\/uploads\/sites\/116\/2018\/08\/YTALO-300x285.jpg\" alt=\"\" width=\"300\" height=\"285\" srcset=\"https:\/\/www.municipios.gov.py\/concepcion\/wp-content\/uploads\/sites\/116\/2018\/08\/YTALO-300x285.jpg 300w, https:\/\/www.municipios.gov.py\/concepcion\/wp-content\/uploads\/sites\/116\/2018\/08\/YTALO-768x729.jpg 768w, https:\/\/www.municipios.gov.py\/concepcion\/wp-content\/uploads\/sites\/116\/2018\/08\/YTALO.jpg 899w\" sizes=\"auto, (max-width: 300px) 100vw, 300px\" \/><\/p>\n<p>&nbsp;<\/p>\n<p style=\"text-align: center;\">Abog. Cesar Ulizer Samudio Ag\u00fcero<\/p>\n<p><img loading=\"lazy\" decoding=\"async\" class=\"aligncenter size-medium wp-image-503\" src=\"https:\/\/www.municipios.gov.py\/concepcion\/wp-content\/uploads\/sites\/116\/2018\/08\/CESAR-300x256.jpg\" alt=\"\" width=\"300\" height=\"256\" srcset=\"https:\/\/www.municipios.gov.py\/concepcion\/wp-content\/uploads\/sites\/116\/2018\/08\/CESAR-300x256.jpg 300w, https:\/\/www.municipios.gov.py\/concepcion\/wp-content\/uploads\/sites\/116\/2018\/08\/CESAR-768x655.jpg 768w, https:\/\/www.municipios.gov.py\/concepcion\/wp-content\/uploads\/sites\/116\/2018\/08\/CESAR.jpg 820w\" sizes=\"auto, (max-width: 300px) 100vw, 300px\" \/><\/p>\n<p>&nbsp;<\/p>\n<p style=\"text-align: center;\">Ing. Com. Rodolfo Nicol\u00e1s Villalba Ayala<\/p>\n<p><img loading=\"lazy\" decoding=\"async\" class=\"aligncenter size-medium wp-image-504\" src=\"https:\/\/www.municipios.gov.py\/concepcion\/wp-content\/uploads\/sites\/116\/2018\/08\/ROLFI-300x200.jpg\" alt=\"\" width=\"300\" height=\"200\" srcset=\"https:\/\/www.municipios.gov.py\/concepcion\/wp-content\/uploads\/sites\/116\/2018\/08\/ROLFI-300x200.jpg 300w, https:\/\/www.municipios.gov.py\/concepcion\/wp-content\/uploads\/sites\/116\/2018\/08\/ROLFI-768x512.jpg 768w, https:\/\/www.municipios.gov.py\/concepcion\/wp-content\/uploads\/sites\/116\/2018\/08\/ROLFI-1024x682.jpg 1024w, https:\/\/www.municipios.gov.py\/concepcion\/wp-content\/uploads\/sites\/116\/2018\/08\/ROLFI.jpg 1280w\" sizes=\"auto, (max-width: 300px) 100vw, 300px\" \/><\/p>\n","protected":false},"excerpt":{"rendered":"<p>0. PRESIDENTE: Abog. Sisinia Silva Ag\u00fcero\u00a0 &nbsp; VICE-PRESIDENTE: Javier Vergara Recalde MIEMBROS Abog. Miguel \u00c1ngel Dom\u00ednguez Bogado &nbsp; Abog. Gustavo David Bonzi Villalba &nbsp; Ing. Agr. Asunci\u00f3n Carballo Vera &nbsp; Dr. H\u00e9ctor Rafael Gonz\u00e1lez Alfonzo &nbsp; Ing. Agr. Epifanio \u00c1valos &nbsp; Prof. Hilda Del Rosario Quevedo de Ib\u00e1\u00f1ez &nbsp; Bl\u00e1s Enrique Paniagua Acevedo &nbsp; Lic. &#8230; <a title=\"Junta Municipal\" class=\"read-more\" href=\"https:\/\/www.municipios.gov.py\/concepcion\/junta-municipal\/\" aria-label=\"Leer m\u00e1s sobre Junta Municipal\">Leer Mas&#8230;<\/a><\/p>\n","protected":false},"author":4,"featured_media":0,"parent":0,"menu_order":0,"comment_status":"closed","ping_status":"closed","template":"","meta":{"generate_page_header":"","jetpack_post_was_ever_published":false,"footnotes":""},"class_list":["post-19","page","type-page","status-publish"],"jetpack_sharing_enabled":true,"jetpack_shortlink":"https:\/\/wp.me\/P8AJLv-j","_links":{"self":[{"href":"https:\/\/www.municipios.gov.py\/concepcion\/wp-json\/wp\/v2\/pages\/19","targetHints":{"allow":["GET"]}}],"collection":[{"href":"https:\/\/www.municipios.gov.py\/concepcion\/wp-json\/wp\/v2\/pages"}],"about":[{"href":"https:\/\/www.municipios.gov.py\/concepcion\/wp-json\/wp\/v2\/types\/page"}],"author":[{"embeddable":true,"href":"https:\/\/www.municipios.gov.py\/concepcion\/wp-json\/wp\/v2\/users\/4"}],"replies":[{"embeddable":true,"href":"https:\/\/www.municipios.gov.py\/concepcion\/wp-json\/wp\/v2\/comments?post=19"}],"version-history":[{"count":7,"href":"https:\/\/www.municipios.gov.py\/concepcion\/wp-json\/wp\/v2\/pages\/19\/revisions"}],"predecessor-version":[{"id":511,"href":"https:\/\/www.municipios.gov.py\/concepcion\/wp-json\/wp\/v2\/pages\/19\/revisions\/511"}],"wp:attachment":[{"href":"https:\/\/www.municipios.gov.py\/concepcion\/wp-json\/wp\/v2\/media?parent=19"}],"curies":[{"name":"wp","href":"https:\/\/api.w.org\/{rel}","templated":true}]}}