{"id":121,"date":"2016-07-04T15:11:59","date_gmt":"2016-07-04T15:11:59","guid":{"rendered":"https:\/\/www.municipios.gov.py\/chore\/?page_id=121"},"modified":"2023-03-14T13:09:56","modified_gmt":"2023-03-14T16:09:56","slug":"presupuesto-de-ingresos-y-gastos-en-forma-mensual","status":"publish","type":"page","link":"https:\/\/www.municipios.gov.py\/chore\/presupuesto-de-ingresos-y-gastos-en-forma-mensual\/","title":{"rendered":"Presupuesto de ingresos y gastos"},"content":{"rendered":"<p style=\"text-align: left;\">PRESUPUESTO GENERAL DE INGRESOS Y GASTOS A\u00d1O 2023<\/p>\n<p style=\"text-align: left;\"><a href=\"https:\/\/www.municipios.gov.py\/chore\/wp-content\/uploads\/sites\/114\/2022\/03\/PRESUPUESTO-FIRMADO.pdf\">PRESUPUESTO GENERAL DE INGRESOS Y GASTOS A\u00d1O 2022<\/a><\/p>\n<p style=\"text-align: left;\"><a href=\"https:\/\/www.municipios.gov.py\/chore\/wp-content\/uploads\/sites\/114\/2021\/02\/PRESUPUESTO-GENERAL-DE-INGRESOS-Y-GASTOS-A\u00d1O-2021.pdf\">PRESUPUESTO GENERAL DE INGRESOS Y GASTOS A\u00d1O 2021<\/a><\/p>\n<p style=\"text-align: left;\"><a href=\"https:\/\/www.municipios.gov.py\/chore\/wp-content\/uploads\/sites\/114\/2020\/11\/PRESUPUESTO-GENERAL-DE-INGRESOS-Y-GASTOS-A\u00d1O-2020-CHORE.pdf\">PRESUPUESTO GENERAL DE INGRESOS Y GASTOS A\u00d1O 2020<\/a><\/p>\n<p style=\"text-align: left;\"><a href=\"https:\/\/www.municipios.gov.py\/chore\/wp-content\/uploads\/sites\/114\/2019\/06\/PRESUPUESTO-GENERAL-DE-INGRESOS-Y-GASTOS-A\u00d1O-2019.pdf\">PRESUPUESTO GENERAL DE INGRESOS Y GASTOS A\u00d1O 2019<\/a><\/p>\n<p style=\"text-align: left;\"><a href=\"https:\/\/www.municipios.gov.py\/chore\/wp-content\/uploads\/sites\/114\/2018\/03\/PRESUPUESTO-DE-INGRESOS-Y-GASTOS-A\u00d1O-2018.pdf\">PRESUPUESTO DE INGRESOS Y GASTOS A\u00d1O 2018<\/a><\/p>\n","protected":false},"excerpt":{"rendered":"<p>PRESUPUESTO GENERAL DE INGRESOS Y GASTOS A\u00d1O 2023 PRESUPUESTO GENERAL DE INGRESOS Y GASTOS A\u00d1O 2022 PRESUPUESTO GENERAL DE INGRESOS Y GASTOS A\u00d1O 2021 PRESUPUESTO GENERAL DE INGRESOS Y GASTOS A\u00d1O 2020 PRESUPUESTO GENERAL DE INGRESOS Y GASTOS A\u00d1O 2019 PRESUPUESTO DE INGRESOS Y GASTOS A\u00d1O 2018<\/p>\n","protected":false},"author":4,"featured_media":0,"parent":0,"menu_order":0,"comment_status":"closed","ping_status":"closed","template":"","meta":{"generate_page_header":"","footnotes":""},"class_list":["post-121","page","type-page","status-publish"],"jetpack_sharing_enabled":true,"_links":{"self":[{"href":"https:\/\/www.municipios.gov.py\/chore\/wp-json\/wp\/v2\/pages\/121","targetHints":{"allow":["GET"]}}],"collection":[{"href":"https:\/\/www.municipios.gov.py\/chore\/wp-json\/wp\/v2\/pages"}],"about":[{"href":"https:\/\/www.municipios.gov.py\/chore\/wp-json\/wp\/v2\/types\/page"}],"author":[{"embeddable":true,"href":"https:\/\/www.municipios.gov.py\/chore\/wp-json\/wp\/v2\/users\/4"}],"replies":[{"embeddable":true,"href":"https:\/\/www.municipios.gov.py\/chore\/wp-json\/wp\/v2\/comments?post=121"}],"version-history":[{"count":12,"href":"https:\/\/www.municipios.gov.py\/chore\/wp-json\/wp\/v2\/pages\/121\/revisions"}],"predecessor-version":[{"id":802,"href":"https:\/\/www.municipios.gov.py\/chore\/wp-json\/wp\/v2\/pages\/121\/revisions\/802"}],"wp:attachment":[{"href":"https:\/\/www.municipios.gov.py\/chore\/wp-json\/wp\/v2\/media?parent=121"}],"curies":[{"name":"wp","href":"https:\/\/api.w.org\/{rel}","templated":true}]}}