{"id":117,"date":"2016-07-04T15:10:14","date_gmt":"2016-07-04T15:10:14","guid":{"rendered":"https:\/\/www.municipios.gov.py\/chore\/?page_id=117"},"modified":"2024-02-20T11:44:29","modified_gmt":"2024-02-20T14:44:29","slug":"nomina-funcionarios-comisionados-de-otras-instituciones","status":"publish","type":"page","link":"https:\/\/www.municipios.gov.py\/chore\/nomina-funcionarios-comisionados-de-otras-instituciones\/","title":{"rendered":"N\u00f3mina funcionarios comisionados de otras instituciones"},"content":{"rendered":"<p style=\"text-align: left;\">LISTADO DE FUNCIONARIOS COMISIONADOS A\u00d1O 2024 &#8211; SIN MOVIMIENTO<\/p>\n<p style=\"text-align: left;\">LISTADO DE FUNCIONARIOS COMISIONADOS A\u00d1O 2023 &#8211; SIN MOVIMIENTO<\/p>\n<p style=\"text-align: left;\"><a href=\"https:\/\/www.municipios.gov.py\/chore\/wp-content\/uploads\/sites\/114\/2022\/03\/LISTADO-DE-FUNCIONARIOS-COMISIONADOS-ANO-2022.xls\">LISTADO DE FUNCIONARIOS COMISIONADOS A\u00d1O 2022<\/a><\/p>\n<p style=\"text-align: left;\"><a href=\"https:\/\/www.municipios.gov.py\/chore\/wp-content\/uploads\/sites\/114\/2022\/03\/LISTADO-DE-FUNCIONARIOS-COMISIONADOS-ANO-2021.xls\">LISTADO DE FUNCIONARIOS COMISIONADOS A\u00d1O 2021<\/a><\/p>\n<p style=\"text-align: left;\"><a href=\"https:\/\/www.municipios.gov.py\/chore\/wp-content\/uploads\/sites\/114\/2020\/03\/LISTADO-DE-FUNCIONARIOS-COMISIONADOS-A\u00d1O-2020.xls\">PLANILLA DE FUNCIONARIOS COMISIONADOS A\u00d1O 2020<\/a><\/p>\n<p style=\"text-align: left;\"><a href=\"https:\/\/www.municipios.gov.py\/chore\/wp-content\/uploads\/sites\/114\/2020\/03\/LISTADO-DE-FUNCIONARIOS-COMISIONADOS-A\u00d1O-2019.xls\">PLANILLA DE FUNCIONARIOS COMISIONADOS A\u00d1O 2019<\/a><\/p>\n<p style=\"text-align: left;\"><a href=\"https:\/\/www.municipios.gov.py\/chore\/wp-content\/uploads\/sites\/114\/2018\/03\/PLANILLA-DE-FUNCIONARIOS-COMISIONADOS.xls\">PLANILLA DE FUNCIONARIOS COMISIONADOS A\u00d1O 2018<\/a><\/p>\n","protected":false},"excerpt":{"rendered":"<p>LISTADO DE FUNCIONARIOS COMISIONADOS A\u00d1O 2024 &#8211; SIN MOVIMIENTO LISTADO DE FUNCIONARIOS COMISIONADOS A\u00d1O 2023 &#8211; SIN MOVIMIENTO LISTADO DE FUNCIONARIOS COMISIONADOS A\u00d1O 2022 LISTADO DE FUNCIONARIOS COMISIONADOS A\u00d1O 2021 PLANILLA DE FUNCIONARIOS COMISIONADOS A\u00d1O 2020 PLANILLA DE FUNCIONARIOS COMISIONADOS A\u00d1O 2019 PLANILLA DE FUNCIONARIOS COMISIONADOS A\u00d1O 2018<\/p>\n","protected":false},"author":4,"featured_media":0,"parent":0,"menu_order":0,"comment_status":"closed","ping_status":"closed","template":"","meta":{"generate_page_header":"","footnotes":""},"class_list":["post-117","page","type-page","status-publish"],"jetpack_sharing_enabled":true,"_links":{"self":[{"href":"https:\/\/www.municipios.gov.py\/chore\/wp-json\/wp\/v2\/pages\/117","targetHints":{"allow":["GET"]}}],"collection":[{"href":"https:\/\/www.municipios.gov.py\/chore\/wp-json\/wp\/v2\/pages"}],"about":[{"href":"https:\/\/www.municipios.gov.py\/chore\/wp-json\/wp\/v2\/types\/page"}],"author":[{"embeddable":true,"href":"https:\/\/www.municipios.gov.py\/chore\/wp-json\/wp\/v2\/users\/4"}],"replies":[{"embeddable":true,"href":"https:\/\/www.municipios.gov.py\/chore\/wp-json\/wp\/v2\/comments?post=117"}],"version-history":[{"count":14,"href":"https:\/\/www.municipios.gov.py\/chore\/wp-json\/wp\/v2\/pages\/117\/revisions"}],"predecessor-version":[{"id":839,"href":"https:\/\/www.municipios.gov.py\/chore\/wp-json\/wp\/v2\/pages\/117\/revisions\/839"}],"wp:attachment":[{"href":"https:\/\/www.municipios.gov.py\/chore\/wp-json\/wp\/v2\/media?parent=117"}],"curies":[{"name":"wp","href":"https:\/\/api.w.org\/{rel}","templated":true}]}}