{"id":2,"date":"2016-06-30T17:59:43","date_gmt":"2016-06-30T17:59:43","guid":{"rendered":"https:\/\/www.municipios.gov.py\/botrell\/?page_id=2"},"modified":"2016-09-15T17:57:21","modified_gmt":"2016-09-15T17:57:21","slug":"pagina-ejemplo","status":"publish","type":"page","link":"https:\/\/www.municipios.gov.py\/botrell\/","title":{"rendered":"Informaci\u00f3n"},"content":{"rendered":"<table style=\"width: 823px;\">\n<tbody>\n<tr style=\"height: 247px;\">\n<td style=\"height: 247px; width: 151px; vertical-align: top;\">\n<div id=\"cont_77f3877329acded71e8955142f7a5f79\"><script type=\"text\/javascript\" async src=\"https:\/\/www.tiempo.com\/wid_loader\/77f3877329acded71e8955142f7a5f79\"><\/script><\/div>\n<\/td>\n<td style=\"height: 247px; width: 636px;\">\n<p><b>Doctor Botrell<\/b>, es uno de los distritos del <a title=\"Departamento de Guair\u00e1\" href=\"https:\/\/es.wikipedia.org\/wiki\/Departamento_de_Guair%C3%A1\">Departamento de Guair\u00e1<\/a>, se encuentra aproximadamente a 187 <a class=\"mw-redirect\" title=\"Km\" href=\"https:\/\/es.wikipedia.org\/wiki\/Km\">km<\/a> de <a title=\"Asunci\u00f3n\" href=\"https:\/\/es.wikipedia.org\/wiki\/Asunci%C3%B3n\">Asunci\u00f3n<\/a>.<\/p>\n<p>Fue creado en el a\u00f1o 1943, y fue elevado a la categor\u00eda de distrito en el a\u00f1o 1983.<\/p>\n<p>Se accede a este distrito, por un ramal de la ruta n.\u00ba 8 Dr. Bl\u00e1s Garay, y por otro ramal de la <a title=\"Ruta 7 (Paraguay)\" href=\"https:\/\/es.wikipedia.org\/wiki\/Ruta_7_(Paraguay)\">ruta N\u00ba 7 \u00abDr. Jos\u00e9 Gaspar Rodr\u00edguez de Francia\u00bb<\/a>, se encuentra situado en el extremo Noroeste del Departamento.<\/p>\n<p>En esta zona la actividad de sus habitantes est\u00e1 centrada en la producci\u00f3n agr\u00edcola y ganadera.<\/p>\n<h2><span id=\"Poblaci.C3.B3n\" class=\"mw-headline\">Poblaci\u00f3n<\/span><\/h2>\n<p style=\"text-align: justify;\">De acuerdo a los datos prove\u00eddos por la Direcci\u00f3n General de Encuestas Estad\u00edsticas y Censos, se exponen las siguientes cifras:<\/p>\n<p style=\"text-align: justify;\">En el a\u00f1o 2008, su poblaci\u00f3n total asciende a 1.536 habitantes.<\/p>\n<p style=\"text-align: justify;\">El porcentaje de la poblaci\u00f3n por grandes grupos se cuenta lo siguiente:<\/p>\n<ul style=\"text-align: justify;\">\n<li>Poblaci\u00f3n de 0 a 14 a\u00f1os 35,5%<\/li>\n<li>Poblaci\u00f3n de 15 a 64 a\u00f1os 56,8%<\/li>\n<li>Poblaci\u00f3n de 65 a\u00f1os y m\u00e1s 7,7%<\/li>\n<\/ul>\n<p style=\"text-align: justify;\">Su poblaci\u00f3n urbana, es de 467 habitantes compuesta de la siguiente manera: La poblaci\u00f3n de 0 a 14 a\u00f1os corresponde al 37,3%, mientras que la poblaci\u00f3n de 15 a 64 a\u00f1os es del 55,5% y la poblaci\u00f3n de 65 a\u00f1os y m\u00e1s es del 7,3%.<\/p>\n<p style=\"text-align: justify;\">Su poblaci\u00f3n es mayoritariamente rural, es 1.169 habitantes, distribuida de la siguiente forma:<\/p>\n<ul style=\"text-align: justify;\">\n<li>Poblaci\u00f3n de 0 a 14 a\u00f1os 35,1%<\/li>\n<li>Poblaci\u00f3n de 15 a 64 a\u00f1os 57,1%<\/li>\n<li>Poblaci\u00f3n de 65 a\u00f1os y m\u00e1s 7,8%<\/li>\n<\/ul>\n<p style=\"text-align: justify;\">Realizando una relaci\u00f3n con la poblaci\u00f3n total del distrito se pueden observar que el 84,16\u00a0% de la poblaci\u00f3n se encuentra asentado en la zona rural.<\/p>\n<\/td>\n<\/tr>\n<\/tbody>\n<\/table>\n<p><\/p>\n","protected":false},"excerpt":{"rendered":"<p>Doctor Botrell, es uno de los distritos del Departamento de Guair\u00e1, se encuentra aproximadamente a 187 km de Asunci\u00f3n. Fue creado en el a\u00f1o 1943, y fue elevado a la categor\u00eda de distrito en el a\u00f1o 1983. Se accede a este distrito, por un ramal de la ruta n.\u00ba 8 Dr. Bl\u00e1s Garay, y por &#8230; <a title=\"Informaci\u00f3n\" class=\"read-more\" href=\"https:\/\/www.municipios.gov.py\/botrell\/\" aria-label=\"Leer m\u00e1s sobre Informaci\u00f3n\">Leer Mas&#8230;<\/a><\/p>\n","protected":false},"author":4,"featured_media":0,"parent":0,"menu_order":0,"comment_status":"closed","ping_status":"closed","template":"","meta":{"generate_page_header":"","jetpack_post_was_ever_published":false,"footnotes":""},"class_list":["post-2","page","type-page","status-publish"],"jetpack_sharing_enabled":true,"jetpack_shortlink":"https:\/\/wp.me\/P8AJQl-2","_links":{"self":[{"href":"https:\/\/www.municipios.gov.py\/botrell\/wp-json\/wp\/v2\/pages\/2","targetHints":{"allow":["GET"]}}],"collection":[{"href":"https:\/\/www.municipios.gov.py\/botrell\/wp-json\/wp\/v2\/pages"}],"about":[{"href":"https:\/\/www.municipios.gov.py\/botrell\/wp-json\/wp\/v2\/types\/page"}],"author":[{"embeddable":true,"href":"https:\/\/www.municipios.gov.py\/botrell\/wp-json\/wp\/v2\/users\/4"}],"replies":[{"embeddable":true,"href":"https:\/\/www.municipios.gov.py\/botrell\/wp-json\/wp\/v2\/comments?post=2"}],"version-history":[{"count":45,"href":"https:\/\/www.municipios.gov.py\/botrell\/wp-json\/wp\/v2\/pages\/2\/revisions"}],"predecessor-version":[{"id":281,"href":"https:\/\/www.municipios.gov.py\/botrell\/wp-json\/wp\/v2\/pages\/2\/revisions\/281"}],"wp:attachment":[{"href":"https:\/\/www.municipios.gov.py\/botrell\/wp-json\/wp\/v2\/media?parent=2"}],"curies":[{"name":"wp","href":"https:\/\/api.w.org\/{rel}","templated":true}]}}